{"id":9447,"date":"2016-08-07T10:05:19","date_gmt":"2016-08-07T08:05:19","guid":{"rendered":"http:\/\/www.friseur-hopmann.de\/?post_type=product&#038;p=9447"},"modified":"2021-01-10T15:32:31","modified_gmt":"2021-01-10T13:32:31","slug":"eimi-natural-volume-styling-mousse-leichter-halt-75ml","status":"publish","type":"product","link":"https:\/\/www.friseur-hopmann.de\/?product=eimi-natural-volume-styling-mousse-leichter-halt-75ml","title":{"rendered":"EIMI NATURAL VOLUME &#8222;STYLING MOUSSE&#8220; (leichter Halt) 75ml"},"content":{"rendered":"<h3>Produktbeschreibung Wella EIMI Natural Volume<\/h3>\n<p>Kreieren Sie sp\u00fcrbares Volumen f\u00fcr flexiblen Halt. Der Volumenschaum Wella EIMI Natural Volume hilft, das Haar beim F\u00f6hnen vor dem Austrocknen zu sch\u00fctzen. Mit Haltegrad 2 von 4.<\/p>\n<h3>Inhaltsstoffe des Wella EIMI Natural Volume<\/h3>\n<p>Aqua, Alcohol Denat., Propane, Butane, Isobutane, Polyquaternium-11, Phenoxyethanol, Panthenol, Laureth-4, Parfum, Methylparaben, Cetrimonium Chloride, Isopropyl Alcohol, Caprylyl Glycol, Linalool, Hexyl Cinnamal, Geraniol, Citric Acid, Limonene, Citronellol, Alpha-Isomethyl Ionone<\/p>\n<h3>Zielgruppe des Wella EIMI Natural Volume<\/h3>\n<p>Geeignet f\u00fcr alle Haarqualit\u00e4ten.<br \/>\nWunsch: nat\u00fcrliche Festigkeit.<\/p>\n<h3>Anwendung des Wella EIMI Natural Volume<\/h3>\n<p>Tennisballgro\u00dfe Menge in das gewaschene, handtuchtrockene Haar verteilen. EIMI Natural Volume gleichm\u00e4\u00dfig vom Ansatz bis in die Spitzen im feuchten Haar verteilen. Anschlie\u00dfend f\u00f6hnen, gibt feinem oder kraftlosem Haar nat\u00fcrlichen Halt.<\/p>\n<p><strong>Inhalt:<\/strong> 75 ml<\/p>\n","protected":false},"excerpt":{"rendered":"<p>Volumen-Schaumfestiger f\u00fcr nat\u00fcrlichen Halt<\/p>\n<p>Der Volumenschaum Wella EIMI Natural Volume hilft, das Haar beim F\u00f6hnen vor dem Austrocknen zu sch\u00fctzen.<\/p>\n<p>Mit Haltegrad 2 von 4.<\/p>\n","protected":false},"featured_media":9448,"comment_status":"open","ping_status":"closed","template":"","meta":{"_exactmetrics_skip_tracking":false,"_exactmetrics_sitenote_active":false,"_exactmetrics_sitenote_note":"","_exactmetrics_sitenote_category":0,"_monsterinsights_skip_tracking":false,"_monsterinsights_sitenote_active":false,"_monsterinsights_sitenote_note":"","_monsterinsights_sitenote_category":0},"pwb-brand":[],"product_brand":[614],"product_cat":[586,652],"product_tag":[],"class_list":{"0":"post-9447","1":"product","2":"type-product","3":"status-publish","4":"has-post-thumbnail","6":"product_brand-wella-2","7":"product_cat-wella-professionals-eimi","8":"product_cat-eimi-volume","9":"pa_inhalt-636","11":"first","12":"instock","13":"taxable","14":"shipping-taxable","15":"purchasable","16":"product-type-simple"},"yoast_head":"<!-- This site is optimized with the Yoast SEO plugin v24.6 - https:\/\/yoast.com\/wordpress\/plugins\/seo\/ -->\n<title>EIMI NATURAL VOLUME &quot;STYLING MOUSSE&quot; (leichter Halt) 75ml<\/title>\n<meta name=\"robots\" content=\"index, follow, max-snippet:-1, max-image-preview:large, max-video-preview:-1\" \/>\n<link rel=\"canonical\" href=\"https:\/\/www.friseur-hopmann.de\/?product=eimi-natural-volume-styling-mousse-leichter-halt-75ml\" \/>\n<meta property=\"og:locale\" content=\"de_DE\" \/>\n<meta property=\"og:type\" content=\"article\" \/>\n<meta property=\"og:title\" content=\"EIMI NATURAL VOLUME &quot;STYLING MOUSSE&quot; (leichter Halt) 75ml\" \/>\n<meta property=\"og:description\" content=\"Volumen-Schaumfestiger f\u00fcr nat\u00fcrlichen Halt  Der Volumenschaum Wella EIMI Natural Volume hilft, das Haar beim F\u00f6hnen vor dem Austrocknen zu sch\u00fctzen.  Mit Haltegrad 2 von 4.\" \/>\n<meta property=\"og:url\" content=\"https:\/\/www.friseur-hopmann.de\/?product=eimi-natural-volume-styling-mousse-leichter-halt-75ml\" \/>\n<meta property=\"og:site_name\" content=\"Friseur Hopmann Hairstyling\" \/>\n<meta property=\"article:modified_time\" content=\"2021-01-10T13:32:31+00:00\" \/>\n<meta property=\"og:image\" content=\"https:\/\/www.friseur-hopmann.de\/wp-content\/uploads\/2016\/08\/p-9447-eiminaturalvol.75ml.jpg\" \/>\n\t<meta property=\"og:image:width\" content=\"1000\" \/>\n\t<meta property=\"og:image:height\" content=\"1000\" \/>\n\t<meta property=\"og:image:type\" content=\"image\/jpeg\" \/>\n<meta name=\"twitter:card\" content=\"summary_large_image\" \/>\n<meta name=\"twitter:label1\" content=\"Gesch\u00e4tzte Lesezeit\" \/>\n\t<meta name=\"twitter:data1\" content=\"1\u00a0Minute\" \/>\n<script type=\"application\/ld+json\" class=\"yoast-schema-graph\">{\"@context\":\"https:\/\/schema.org\",\"@graph\":[{\"@type\":\"WebPage\",\"@id\":\"https:\/\/www.friseur-hopmann.de\/?product=eimi-natural-volume-styling-mousse-leichter-halt-75ml\",\"url\":\"https:\/\/www.friseur-hopmann.de\/?product=eimi-natural-volume-styling-mousse-leichter-halt-75ml\",\"name\":\"EIMI NATURAL VOLUME \\\"STYLING MOUSSE\\\" (leichter Halt) 75ml\",\"isPartOf\":{\"@id\":\"https:\/\/www.friseur-hopmann.de\/#website\"},\"primaryImageOfPage\":{\"@id\":\"https:\/\/www.friseur-hopmann.de\/?product=eimi-natural-volume-styling-mousse-leichter-halt-75ml#primaryimage\"},\"image\":{\"@id\":\"https:\/\/www.friseur-hopmann.de\/?product=eimi-natural-volume-styling-mousse-leichter-halt-75ml#primaryimage\"},\"thumbnailUrl\":\"https:\/\/www.friseur-hopmann.de\/wp-content\/uploads\/2016\/08\/p-9447-eiminaturalvol.75ml.jpg\",\"datePublished\":\"2016-08-07T08:05:19+00:00\",\"dateModified\":\"2021-01-10T13:32:31+00:00\",\"breadcrumb\":{\"@id\":\"https:\/\/www.friseur-hopmann.de\/?product=eimi-natural-volume-styling-mousse-leichter-halt-75ml#breadcrumb\"},\"inLanguage\":\"de\",\"potentialAction\":[{\"@type\":\"ReadAction\",\"target\":[\"https:\/\/www.friseur-hopmann.de\/?product=eimi-natural-volume-styling-mousse-leichter-halt-75ml\"]}]},{\"@type\":\"ImageObject\",\"inLanguage\":\"de\",\"@id\":\"https:\/\/www.friseur-hopmann.de\/?product=eimi-natural-volume-styling-mousse-leichter-halt-75ml#primaryimage\",\"url\":\"https:\/\/www.friseur-hopmann.de\/wp-content\/uploads\/2016\/08\/p-9447-eiminaturalvol.75ml.jpg\",\"contentUrl\":\"https:\/\/www.friseur-hopmann.de\/wp-content\/uploads\/2016\/08\/p-9447-eiminaturalvol.75ml.jpg\",\"width\":1000,\"height\":1000,\"caption\":\"EIMI NATURAL VOLUME \\\"STYLING MOUSSE\\\" (leichter Halt) 75ml\"},{\"@type\":\"BreadcrumbList\",\"@id\":\"https:\/\/www.friseur-hopmann.de\/?product=eimi-natural-volume-styling-mousse-leichter-halt-75ml#breadcrumb\",\"itemListElement\":[{\"@type\":\"ListItem\",\"position\":1,\"name\":\"Startseite\",\"item\":\"https:\/\/www.friseur-hopmann.de\/\"},{\"@type\":\"ListItem\",\"position\":2,\"name\":\"Produkte\",\"item\":\"https:\/\/www.friseur-hopmann.de\/?post_type=product\"},{\"@type\":\"ListItem\",\"position\":3,\"name\":\"EIMI NATURAL VOLUME &#8222;STYLING MOUSSE&#8220; (leichter Halt) 75ml\"}]},{\"@type\":\"WebSite\",\"@id\":\"https:\/\/www.friseur-hopmann.de\/#website\",\"url\":\"https:\/\/www.friseur-hopmann.de\/\",\"name\":\"Friseur Hopmann Hairstyling\",\"description\":\"Ihr Friseur in Nordhorn\",\"potentialAction\":[{\"@type\":\"SearchAction\",\"target\":{\"@type\":\"EntryPoint\",\"urlTemplate\":\"https:\/\/www.friseur-hopmann.de\/?s={search_term_string}\"},\"query-input\":{\"@type\":\"PropertyValueSpecification\",\"valueRequired\":true,\"valueName\":\"search_term_string\"}}],\"inLanguage\":\"de\"}]}<\/script>\n<!-- \/ Yoast SEO plugin. -->","yoast_head_json":{"title":"EIMI NATURAL VOLUME \"STYLING MOUSSE\" (leichter Halt) 75ml","robots":{"index":"index","follow":"follow","max-snippet":"max-snippet:-1","max-image-preview":"max-image-preview:large","max-video-preview":"max-video-preview:-1"},"canonical":"https:\/\/www.friseur-hopmann.de\/?product=eimi-natural-volume-styling-mousse-leichter-halt-75ml","og_locale":"de_DE","og_type":"article","og_title":"EIMI NATURAL VOLUME \"STYLING MOUSSE\" (leichter Halt) 75ml","og_description":"Volumen-Schaumfestiger f\u00fcr nat\u00fcrlichen Halt  Der Volumenschaum Wella EIMI Natural Volume hilft, das Haar beim F\u00f6hnen vor dem Austrocknen zu sch\u00fctzen.  Mit Haltegrad 2 von 4.","og_url":"https:\/\/www.friseur-hopmann.de\/?product=eimi-natural-volume-styling-mousse-leichter-halt-75ml","og_site_name":"Friseur Hopmann Hairstyling","article_modified_time":"2021-01-10T13:32:31+00:00","og_image":[{"width":1000,"height":1000,"url":"https:\/\/www.friseur-hopmann.de\/wp-content\/uploads\/2016\/08\/p-9447-eiminaturalvol.75ml.jpg","type":"image\/jpeg"}],"twitter_card":"summary_large_image","twitter_misc":{"Gesch\u00e4tzte Lesezeit":"1\u00a0Minute"},"schema":{"@context":"https:\/\/schema.org","@graph":[{"@type":"WebPage","@id":"https:\/\/www.friseur-hopmann.de\/?product=eimi-natural-volume-styling-mousse-leichter-halt-75ml","url":"https:\/\/www.friseur-hopmann.de\/?product=eimi-natural-volume-styling-mousse-leichter-halt-75ml","name":"EIMI NATURAL VOLUME \"STYLING MOUSSE\" (leichter Halt) 75ml","isPartOf":{"@id":"https:\/\/www.friseur-hopmann.de\/#website"},"primaryImageOfPage":{"@id":"https:\/\/www.friseur-hopmann.de\/?product=eimi-natural-volume-styling-mousse-leichter-halt-75ml#primaryimage"},"image":{"@id":"https:\/\/www.friseur-hopmann.de\/?product=eimi-natural-volume-styling-mousse-leichter-halt-75ml#primaryimage"},"thumbnailUrl":"https:\/\/www.friseur-hopmann.de\/wp-content\/uploads\/2016\/08\/p-9447-eiminaturalvol.75ml.jpg","datePublished":"2016-08-07T08:05:19+00:00","dateModified":"2021-01-10T13:32:31+00:00","breadcrumb":{"@id":"https:\/\/www.friseur-hopmann.de\/?product=eimi-natural-volume-styling-mousse-leichter-halt-75ml#breadcrumb"},"inLanguage":"de","potentialAction":[{"@type":"ReadAction","target":["https:\/\/www.friseur-hopmann.de\/?product=eimi-natural-volume-styling-mousse-leichter-halt-75ml"]}]},{"@type":"ImageObject","inLanguage":"de","@id":"https:\/\/www.friseur-hopmann.de\/?product=eimi-natural-volume-styling-mousse-leichter-halt-75ml#primaryimage","url":"https:\/\/www.friseur-hopmann.de\/wp-content\/uploads\/2016\/08\/p-9447-eiminaturalvol.75ml.jpg","contentUrl":"https:\/\/www.friseur-hopmann.de\/wp-content\/uploads\/2016\/08\/p-9447-eiminaturalvol.75ml.jpg","width":1000,"height":1000,"caption":"EIMI NATURAL VOLUME \"STYLING MOUSSE\" (leichter Halt) 75ml"},{"@type":"BreadcrumbList","@id":"https:\/\/www.friseur-hopmann.de\/?product=eimi-natural-volume-styling-mousse-leichter-halt-75ml#breadcrumb","itemListElement":[{"@type":"ListItem","position":1,"name":"Startseite","item":"https:\/\/www.friseur-hopmann.de\/"},{"@type":"ListItem","position":2,"name":"Produkte","item":"https:\/\/www.friseur-hopmann.de\/?post_type=product"},{"@type":"ListItem","position":3,"name":"EIMI NATURAL VOLUME &#8222;STYLING MOUSSE&#8220; (leichter Halt) 75ml"}]},{"@type":"WebSite","@id":"https:\/\/www.friseur-hopmann.de\/#website","url":"https:\/\/www.friseur-hopmann.de\/","name":"Friseur Hopmann Hairstyling","description":"Ihr Friseur in Nordhorn","potentialAction":[{"@type":"SearchAction","target":{"@type":"EntryPoint","urlTemplate":"https:\/\/www.friseur-hopmann.de\/?s={search_term_string}"},"query-input":{"@type":"PropertyValueSpecification","valueRequired":true,"valueName":"search_term_string"}}],"inLanguage":"de"}]}},"brands":[],"_links":{"self":[{"href":"https:\/\/www.friseur-hopmann.de\/index.php?rest_route=\/wp\/v2\/product\/9447","targetHints":{"allow":["GET"]}}],"collection":[{"href":"https:\/\/www.friseur-hopmann.de\/index.php?rest_route=\/wp\/v2\/product"}],"about":[{"href":"https:\/\/www.friseur-hopmann.de\/index.php?rest_route=\/wp\/v2\/types\/product"}],"replies":[{"embeddable":true,"href":"https:\/\/www.friseur-hopmann.de\/index.php?rest_route=%2Fwp%2Fv2%2Fcomments&post=9447"}],"wp:featuredmedia":[{"embeddable":true,"href":"https:\/\/www.friseur-hopmann.de\/index.php?rest_route=\/wp\/v2\/media\/9448"}],"wp:attachment":[{"href":"https:\/\/www.friseur-hopmann.de\/index.php?rest_route=%2Fwp%2Fv2%2Fmedia&parent=9447"}],"wp:term":[{"taxonomy":"pwb-brand","embeddable":true,"href":"https:\/\/www.friseur-hopmann.de\/index.php?rest_route=%2Fwp%2Fv2%2Fpwb-brand&post=9447"},{"taxonomy":"product_brand","embeddable":true,"href":"https:\/\/www.friseur-hopmann.de\/index.php?rest_route=%2Fwp%2Fv2%2Fproduct_brand&post=9447"},{"taxonomy":"product_cat","embeddable":true,"href":"https:\/\/www.friseur-hopmann.de\/index.php?rest_route=%2Fwp%2Fv2%2Fproduct_cat&post=9447"},{"taxonomy":"product_tag","embeddable":true,"href":"https:\/\/www.friseur-hopmann.de\/index.php?rest_route=%2Fwp%2Fv2%2Fproduct_tag&post=9447"}],"curies":[{"name":"wp","href":"https:\/\/api.w.org\/{rel}","templated":true}]}}