{"id":9318,"date":"2013-05-31T10:05:18","date_gmt":"2013-05-31T08:05:18","guid":{"rendered":"http:\/\/www.friseur-hopmann.de\/?post_type=product&#038;p=9318"},"modified":"2025-01-05T21:52:07","modified_gmt":"2025-01-05T19:52:07","slug":"couture-styling-laque-couture-haarspray-300-ml","status":"publish","type":"product","link":"https:\/\/www.friseur-hopmann.de\/?product=couture-styling-laque-couture-haarspray-300-ml","title":{"rendered":"COUTURE STYLING Laque Couture (Haarspray) 300 ml"},"content":{"rendered":"<h3>Produktbeschreibung<\/h3>\n<p>Couture Styling Laque Couture<\/p>\n<p>Mit dem Haar verschmelzendes Finish-Spray<\/p>\n<p>Laque Couture diffundiert einen feinen Nebel, der sich um das Haar legt, ohne es zu versteifen.<\/p>\n<p>F\u00fcr langanhaltende Fixierung.<\/p>\n<p>24-h-Schutz vor Luftfeuchtigkeit und Frizz.<\/p>\n<p>F\u00fcr lebendiges, dynamisches und strahlendes Haar.<\/p>\n<h3>Anwendung:<\/h3>\n<p>Spr\u00fchen Sie ihr gesamtes Haar aus einer Entfernung von 20 cm ein. Verwenden Sie das Produkt im trockenen oder im feuchten Haar, um den gew\u00fcnschten Look zu konstruieren und zu festigen.<\/p>\n<h3>Inhaltsstoffe:<\/h3>\n<p>Eine alkoholbasierter Wirkstoffkomplex zur Perfektionierung: ein fixierendes Polymer und ein oberfl\u00e4chensch\u00fctzender Wirkstoff wirken ohne sichtbare R\u00fcckst\u00e4nde.<\/p>\n<h3>Haartyp\/Zielgruppe:<\/h3>\n<p>alle Haarqualit\u00e4ten<\/p>\n<p><strong> Inhalt:<\/strong> 300 ml<\/p>\n<h3>Erg\u00e4nzungsprodukte:<\/h3>\n<p>auf Haar und Haut abgestimmte Kerastase Haarpflege<\/p>\n","protected":false},"excerpt":{"rendered":"<p>Couture Styling Laque Couture<\/p>\n<p>Mit dem Haar verschmelzendes Finish-Spray<\/p>\n<p>Haarspray &#8211; 24-h-Schutz vor Luftfeuchtigkeit und Frizz.<\/p>\n","protected":false},"featured_media":9319,"comment_status":"open","ping_status":"closed","template":"","meta":{"_exactmetrics_skip_tracking":false,"_exactmetrics_sitenote_active":false,"_exactmetrics_sitenote_note":"","_exactmetrics_sitenote_category":0,"_monsterinsights_skip_tracking":false,"_monsterinsights_sitenote_active":false,"_monsterinsights_sitenote_note":"","_monsterinsights_sitenote_category":0},"pwb-brand":[],"product_brand":[615],"product_cat":[525,491,544,545],"product_tag":[769,770,739],"class_list":{"0":"post-9318","1":"product","2":"type-product","3":"status-publish","4":"has-post-thumbnail","6":"product_brand-kerastase-2","7":"product_cat-couture-styling","8":"product_cat-kerastase","9":"product_cat-kerastase-haarpflege","10":"product_cat-kerastase-haarspray","11":"product_tag-fixierendes-haarspray","12":"product_tag-haarpflegespray","13":"product_tag-haarspray","14":"pa_inhalt-621","16":"first","17":"instock","18":"taxable","19":"shipping-taxable","20":"purchasable","21":"product-type-simple"},"yoast_head":"<!-- This site is optimized with the Yoast SEO plugin v24.6 - https:\/\/yoast.com\/wordpress\/plugins\/seo\/ -->\n<title>COUTURE STYLING Laque Couture (Haarspray) 300 ml<\/title>\n<meta name=\"robots\" content=\"index, follow, max-snippet:-1, max-image-preview:large, max-video-preview:-1\" \/>\n<link rel=\"canonical\" href=\"https:\/\/www.friseur-hopmann.de\/?product=couture-styling-laque-couture-haarspray-300-ml\" \/>\n<meta property=\"og:locale\" content=\"de_DE\" \/>\n<meta property=\"og:type\" content=\"article\" \/>\n<meta property=\"og:title\" content=\"COUTURE STYLING Laque Couture (Haarspray) 300 ml\" \/>\n<meta property=\"og:description\" content=\"Couture Styling Laque Couture  Mit dem Haar verschmelzendes Finish-Spray  Haarspray - 24-h-Schutz vor Luftfeuchtigkeit und Frizz.\" \/>\n<meta property=\"og:url\" content=\"https:\/\/www.friseur-hopmann.de\/?product=couture-styling-laque-couture-haarspray-300-ml\" \/>\n<meta property=\"og:site_name\" content=\"Friseur Hopmann Hairstyling\" \/>\n<meta property=\"article:modified_time\" content=\"2025-01-05T19:52:07+00:00\" \/>\n<meta property=\"og:image\" content=\"http:\/\/www.friseur-hopmann.de\/wp-content\/uploads\/2017\/05\/p-9318-3474630542709_laquecouture.png\" \/>\n\t<meta property=\"og:image:width\" content=\"1000\" \/>\n\t<meta property=\"og:image:height\" content=\"1000\" \/>\n\t<meta property=\"og:image:type\" content=\"image\/jpeg\" \/>\n<meta name=\"twitter:card\" content=\"summary_large_image\" \/>\n<meta name=\"twitter:label1\" content=\"Gesch\u00e4tzte Lesezeit\" \/>\n\t<meta name=\"twitter:data1\" content=\"1\u00a0Minute\" \/>\n<script type=\"application\/ld+json\" class=\"yoast-schema-graph\">{\"@context\":\"https:\/\/schema.org\",\"@graph\":[{\"@type\":\"WebPage\",\"@id\":\"https:\/\/www.friseur-hopmann.de\/?product=couture-styling-laque-couture-haarspray-300-ml\",\"url\":\"https:\/\/www.friseur-hopmann.de\/?product=couture-styling-laque-couture-haarspray-300-ml\",\"name\":\"COUTURE STYLING Laque Couture (Haarspray) 300 ml\",\"isPartOf\":{\"@id\":\"https:\/\/www.friseur-hopmann.de\/#website\"},\"primaryImageOfPage\":{\"@id\":\"https:\/\/www.friseur-hopmann.de\/?product=couture-styling-laque-couture-haarspray-300-ml#primaryimage\"},\"image\":{\"@id\":\"https:\/\/www.friseur-hopmann.de\/?product=couture-styling-laque-couture-haarspray-300-ml#primaryimage\"},\"thumbnailUrl\":\"https:\/\/www.friseur-hopmann.de\/wp-content\/uploads\/2017\/05\/p-9318-3474630542709_laquecouture.png\",\"datePublished\":\"2013-05-31T08:05:18+00:00\",\"dateModified\":\"2025-01-05T19:52:07+00:00\",\"breadcrumb\":{\"@id\":\"https:\/\/www.friseur-hopmann.de\/?product=couture-styling-laque-couture-haarspray-300-ml#breadcrumb\"},\"inLanguage\":\"de\",\"potentialAction\":[{\"@type\":\"ReadAction\",\"target\":[\"https:\/\/www.friseur-hopmann.de\/?product=couture-styling-laque-couture-haarspray-300-ml\"]}]},{\"@type\":\"ImageObject\",\"inLanguage\":\"de\",\"@id\":\"https:\/\/www.friseur-hopmann.de\/?product=couture-styling-laque-couture-haarspray-300-ml#primaryimage\",\"url\":\"https:\/\/www.friseur-hopmann.de\/wp-content\/uploads\/2017\/05\/p-9318-3474630542709_laquecouture.png\",\"contentUrl\":\"https:\/\/www.friseur-hopmann.de\/wp-content\/uploads\/2017\/05\/p-9318-3474630542709_laquecouture.png\",\"width\":1000,\"height\":1000,\"caption\":\"COUTURE STYLING Laque Couture (Haarspray) 300 ml\"},{\"@type\":\"BreadcrumbList\",\"@id\":\"https:\/\/www.friseur-hopmann.de\/?product=couture-styling-laque-couture-haarspray-300-ml#breadcrumb\",\"itemListElement\":[{\"@type\":\"ListItem\",\"position\":1,\"name\":\"Startseite\",\"item\":\"https:\/\/www.friseur-hopmann.de\/\"},{\"@type\":\"ListItem\",\"position\":2,\"name\":\"Produkte\",\"item\":\"https:\/\/www.friseur-hopmann.de\/?post_type=product\"},{\"@type\":\"ListItem\",\"position\":3,\"name\":\"COUTURE STYLING Laque Couture (Haarspray) 300 ml\"}]},{\"@type\":\"WebSite\",\"@id\":\"https:\/\/www.friseur-hopmann.de\/#website\",\"url\":\"https:\/\/www.friseur-hopmann.de\/\",\"name\":\"Friseur Hopmann Hairstyling\",\"description\":\"Ihr Friseur in Nordhorn\",\"potentialAction\":[{\"@type\":\"SearchAction\",\"target\":{\"@type\":\"EntryPoint\",\"urlTemplate\":\"https:\/\/www.friseur-hopmann.de\/?s={search_term_string}\"},\"query-input\":{\"@type\":\"PropertyValueSpecification\",\"valueRequired\":true,\"valueName\":\"search_term_string\"}}],\"inLanguage\":\"de\"}]}<\/script>\n<!-- \/ Yoast SEO plugin. -->","yoast_head_json":{"title":"COUTURE STYLING Laque Couture (Haarspray) 300 ml","robots":{"index":"index","follow":"follow","max-snippet":"max-snippet:-1","max-image-preview":"max-image-preview:large","max-video-preview":"max-video-preview:-1"},"canonical":"https:\/\/www.friseur-hopmann.de\/?product=couture-styling-laque-couture-haarspray-300-ml","og_locale":"de_DE","og_type":"article","og_title":"COUTURE STYLING Laque Couture (Haarspray) 300 ml","og_description":"Couture Styling Laque Couture  Mit dem Haar verschmelzendes Finish-Spray  Haarspray - 24-h-Schutz vor Luftfeuchtigkeit und Frizz.","og_url":"https:\/\/www.friseur-hopmann.de\/?product=couture-styling-laque-couture-haarspray-300-ml","og_site_name":"Friseur Hopmann Hairstyling","article_modified_time":"2025-01-05T19:52:07+00:00","og_image":[{"width":1000,"height":1000,"url":"http:\/\/www.friseur-hopmann.de\/wp-content\/uploads\/2017\/05\/p-9318-3474630542709_laquecouture.png","type":"image\/jpeg"}],"twitter_card":"summary_large_image","twitter_misc":{"Gesch\u00e4tzte Lesezeit":"1\u00a0Minute"},"schema":{"@context":"https:\/\/schema.org","@graph":[{"@type":"WebPage","@id":"https:\/\/www.friseur-hopmann.de\/?product=couture-styling-laque-couture-haarspray-300-ml","url":"https:\/\/www.friseur-hopmann.de\/?product=couture-styling-laque-couture-haarspray-300-ml","name":"COUTURE STYLING Laque Couture (Haarspray) 300 ml","isPartOf":{"@id":"https:\/\/www.friseur-hopmann.de\/#website"},"primaryImageOfPage":{"@id":"https:\/\/www.friseur-hopmann.de\/?product=couture-styling-laque-couture-haarspray-300-ml#primaryimage"},"image":{"@id":"https:\/\/www.friseur-hopmann.de\/?product=couture-styling-laque-couture-haarspray-300-ml#primaryimage"},"thumbnailUrl":"https:\/\/www.friseur-hopmann.de\/wp-content\/uploads\/2017\/05\/p-9318-3474630542709_laquecouture.png","datePublished":"2013-05-31T08:05:18+00:00","dateModified":"2025-01-05T19:52:07+00:00","breadcrumb":{"@id":"https:\/\/www.friseur-hopmann.de\/?product=couture-styling-laque-couture-haarspray-300-ml#breadcrumb"},"inLanguage":"de","potentialAction":[{"@type":"ReadAction","target":["https:\/\/www.friseur-hopmann.de\/?product=couture-styling-laque-couture-haarspray-300-ml"]}]},{"@type":"ImageObject","inLanguage":"de","@id":"https:\/\/www.friseur-hopmann.de\/?product=couture-styling-laque-couture-haarspray-300-ml#primaryimage","url":"https:\/\/www.friseur-hopmann.de\/wp-content\/uploads\/2017\/05\/p-9318-3474630542709_laquecouture.png","contentUrl":"https:\/\/www.friseur-hopmann.de\/wp-content\/uploads\/2017\/05\/p-9318-3474630542709_laquecouture.png","width":1000,"height":1000,"caption":"COUTURE STYLING Laque Couture (Haarspray) 300 ml"},{"@type":"BreadcrumbList","@id":"https:\/\/www.friseur-hopmann.de\/?product=couture-styling-laque-couture-haarspray-300-ml#breadcrumb","itemListElement":[{"@type":"ListItem","position":1,"name":"Startseite","item":"https:\/\/www.friseur-hopmann.de\/"},{"@type":"ListItem","position":2,"name":"Produkte","item":"https:\/\/www.friseur-hopmann.de\/?post_type=product"},{"@type":"ListItem","position":3,"name":"COUTURE STYLING Laque Couture (Haarspray) 300 ml"}]},{"@type":"WebSite","@id":"https:\/\/www.friseur-hopmann.de\/#website","url":"https:\/\/www.friseur-hopmann.de\/","name":"Friseur Hopmann Hairstyling","description":"Ihr Friseur in Nordhorn","potentialAction":[{"@type":"SearchAction","target":{"@type":"EntryPoint","urlTemplate":"https:\/\/www.friseur-hopmann.de\/?s={search_term_string}"},"query-input":{"@type":"PropertyValueSpecification","valueRequired":true,"valueName":"search_term_string"}}],"inLanguage":"de"}]}},"brands":[],"_links":{"self":[{"href":"https:\/\/www.friseur-hopmann.de\/index.php?rest_route=\/wp\/v2\/product\/9318","targetHints":{"allow":["GET"]}}],"collection":[{"href":"https:\/\/www.friseur-hopmann.de\/index.php?rest_route=\/wp\/v2\/product"}],"about":[{"href":"https:\/\/www.friseur-hopmann.de\/index.php?rest_route=\/wp\/v2\/types\/product"}],"replies":[{"embeddable":true,"href":"https:\/\/www.friseur-hopmann.de\/index.php?rest_route=%2Fwp%2Fv2%2Fcomments&post=9318"}],"wp:featuredmedia":[{"embeddable":true,"href":"https:\/\/www.friseur-hopmann.de\/index.php?rest_route=\/wp\/v2\/media\/9319"}],"wp:attachment":[{"href":"https:\/\/www.friseur-hopmann.de\/index.php?rest_route=%2Fwp%2Fv2%2Fmedia&parent=9318"}],"wp:term":[{"taxonomy":"pwb-brand","embeddable":true,"href":"https:\/\/www.friseur-hopmann.de\/index.php?rest_route=%2Fwp%2Fv2%2Fpwb-brand&post=9318"},{"taxonomy":"product_brand","embeddable":true,"href":"https:\/\/www.friseur-hopmann.de\/index.php?rest_route=%2Fwp%2Fv2%2Fproduct_brand&post=9318"},{"taxonomy":"product_cat","embeddable":true,"href":"https:\/\/www.friseur-hopmann.de\/index.php?rest_route=%2Fwp%2Fv2%2Fproduct_cat&post=9318"},{"taxonomy":"product_tag","embeddable":true,"href":"https:\/\/www.friseur-hopmann.de\/index.php?rest_route=%2Fwp%2Fv2%2Fproduct_tag&post=9318"}],"curies":[{"name":"wp","href":"https:\/\/api.w.org\/{rel}","templated":true}]}}