{"id":8975,"date":"2010-11-20T10:05:09","date_gmt":"2010-11-20T08:05:09","guid":{"rendered":"http:\/\/www.friseur-hopmann.de\/?post_type=product&#038;p=8975"},"modified":"2026-04-20T08:25:58","modified_gmt":"2026-04-20T06:25:58","slug":"bain-vital-dermo-calm-sondergrobe-500-ml","status":"publish","type":"product","link":"https:\/\/www.friseur-hopmann.de\/?product=bain-vital-dermo-calm-sondergrobe-500-ml","title":{"rendered":"BAIN VITAL DERMO CALM Sondergr\u00f6\u00dfe 500 ml"},"content":{"rendered":"<h3>Produktbeschreibung:<\/h3>\n<p>Bain Dermo Vital<br \/>\nBeruhigendes Haarbad mit Hydra-Destress-Komplex speziell f\u00fcr sensible Kopfhaut und normales bis leicht fettiges Haar.<br \/>\nMild gereinigte und gepflegte Kopfhaut. Schenkt Ihrem Haar Vitalit\u00e4t und Leichtigkeit.<\/p>\n<h3>Zielgruppe:<\/h3>\n<p>&#8211; F\u00fcr sensible Kopfhaut und normales bis leicht fettiges Haar.<br \/>\n&#8211; F\u00fcr die t\u00e4gliche Anwendung geeignet<\/p>\n<h3>Anwendung:<\/h3>\n<p>&#8211; Das angefeuchtete Haar baden, dabei die Kopfhaut mit der flachen Hand massieren<br \/>\n&#8211; Kurz einwirken lassen<br \/>\n&#8211; Aufemulgieren<br \/>\n&#8211; Gut aussp\u00fclen<br \/>\n&#8211; F\u00fcr die t\u00e4gliche Anwendung geeignet<\/p>\n<h3>Technologie:<\/h3>\n<p>&#8211; Hydra-Destress-Komplex<br \/>\n&#8211; Shampoo mit AHA-Fruchts\u00e4uren angereichert mit Vitamin B3<br \/>\n&#8211; Angereichert mit Vitamin B3<\/p>\n<p><strong>Inhalt:<\/strong> 500 ml<\/p>\n","protected":false},"excerpt":{"rendered":"<p>Bain Dermo Vital<br \/>\nBeruhigendes Haarbad<\/p>\n<p>speziell f\u00fcr sensible Kopfhaut und normales bis leicht fettiges Haar.<br \/>\nSchenkt Ihrem Haar Vitalit\u00e4t und Leichtigkeit.<\/p>\n<p>&nbsp;<\/p>\n","protected":false},"featured_media":25536,"comment_status":"open","ping_status":"closed","template":"","meta":{"_exactmetrics_skip_tracking":false,"_exactmetrics_sitenote_active":false,"_exactmetrics_sitenote_note":"","_exactmetrics_sitenote_category":0,"_monsterinsights_skip_tracking":false,"_monsterinsights_sitenote_active":false,"_monsterinsights_sitenote_note":"","_monsterinsights_sitenote_category":0},"pwb-brand":[],"product_brand":[615],"product_cat":[491,544,548,492,490,927,973],"product_tag":[],"class_list":{"0":"post-8975","1":"product","2":"type-product","3":"status-publish","4":"has-post-thumbnail","6":"product_brand-kerastase-2","7":"product_cat-kerastase","8":"product_cat-kerastase-haarpflege","9":"product_cat-kerastase-shampoo","10":"product_cat-sp-cifique","11":"product_cat-specifique-dermo-calm","12":"product_cat-500ml","13":"product_cat-sondergroesse-500ml","14":"pa_inhalt-623","16":"first","17":"outofstock","18":"taxable","19":"shipping-taxable","20":"purchasable","21":"product-type-simple"},"yoast_head":"<!-- This site is optimized with the Yoast SEO plugin v24.6 - https:\/\/yoast.com\/wordpress\/plugins\/seo\/ -->\n<title>BAIN VITAL DERMO CALM Sondergr\u00f6\u00dfe 500 ml<\/title>\n<meta name=\"robots\" content=\"index, follow, max-snippet:-1, max-image-preview:large, max-video-preview:-1\" \/>\n<link rel=\"canonical\" href=\"https:\/\/www.friseur-hopmann.de\/?product=bain-vital-dermo-calm-sondergrobe-500-ml\" \/>\n<meta property=\"og:locale\" content=\"de_DE\" \/>\n<meta property=\"og:type\" content=\"article\" \/>\n<meta property=\"og:title\" content=\"BAIN VITAL DERMO CALM Sondergr\u00f6\u00dfe 500 ml\" \/>\n<meta property=\"og:description\" content=\"Bain Dermo Vital Beruhigendes Haarbad  speziell f\u00fcr sensible Kopfhaut und normales bis leicht fettiges Haar. Schenkt Ihrem Haar Vitalit\u00e4t und Leichtigkeit.  &nbsp;\" \/>\n<meta property=\"og:url\" content=\"https:\/\/www.friseur-hopmann.de\/?product=bain-vital-dermo-calm-sondergrobe-500-ml\" \/>\n<meta property=\"og:site_name\" content=\"Friseur Hopmann Hairstyling\" \/>\n<meta property=\"article:modified_time\" content=\"2026-04-20T06:25:58+00:00\" \/>\n<meta property=\"og:image\" content=\"http:\/\/www.friseur-hopmann.de\/wp-content\/uploads\/2010\/11\/DSC4001_1.jpg\" \/>\n\t<meta property=\"og:image:width\" content=\"673\" \/>\n\t<meta property=\"og:image:height\" content=\"1024\" \/>\n\t<meta property=\"og:image:type\" content=\"image\/jpeg\" \/>\n<meta name=\"twitter:card\" content=\"summary_large_image\" \/>\n<meta name=\"twitter:label1\" content=\"Gesch\u00e4tzte Lesezeit\" \/>\n\t<meta name=\"twitter:data1\" content=\"1\u00a0Minute\" \/>\n<script type=\"application\/ld+json\" class=\"yoast-schema-graph\">{\"@context\":\"https:\/\/schema.org\",\"@graph\":[{\"@type\":\"WebPage\",\"@id\":\"https:\/\/www.friseur-hopmann.de\/?product=bain-vital-dermo-calm-sondergrobe-500-ml\",\"url\":\"https:\/\/www.friseur-hopmann.de\/?product=bain-vital-dermo-calm-sondergrobe-500-ml\",\"name\":\"BAIN VITAL DERMO CALM Sondergr\u00f6\u00dfe 500 ml\",\"isPartOf\":{\"@id\":\"https:\/\/www.friseur-hopmann.de\/#website\"},\"primaryImageOfPage\":{\"@id\":\"https:\/\/www.friseur-hopmann.de\/?product=bain-vital-dermo-calm-sondergrobe-500-ml#primaryimage\"},\"image\":{\"@id\":\"https:\/\/www.friseur-hopmann.de\/?product=bain-vital-dermo-calm-sondergrobe-500-ml#primaryimage\"},\"thumbnailUrl\":\"https:\/\/www.friseur-hopmann.de\/wp-content\/uploads\/2010\/11\/DSC4001_1.jpg\",\"datePublished\":\"2010-11-20T08:05:09+00:00\",\"dateModified\":\"2026-04-20T06:25:58+00:00\",\"breadcrumb\":{\"@id\":\"https:\/\/www.friseur-hopmann.de\/?product=bain-vital-dermo-calm-sondergrobe-500-ml#breadcrumb\"},\"inLanguage\":\"de\",\"potentialAction\":[{\"@type\":\"ReadAction\",\"target\":[\"https:\/\/www.friseur-hopmann.de\/?product=bain-vital-dermo-calm-sondergrobe-500-ml\"]}]},{\"@type\":\"ImageObject\",\"inLanguage\":\"de\",\"@id\":\"https:\/\/www.friseur-hopmann.de\/?product=bain-vital-dermo-calm-sondergrobe-500-ml#primaryimage\",\"url\":\"https:\/\/www.friseur-hopmann.de\/wp-content\/uploads\/2010\/11\/DSC4001_1.jpg\",\"contentUrl\":\"https:\/\/www.friseur-hopmann.de\/wp-content\/uploads\/2010\/11\/DSC4001_1.jpg\",\"width\":673,\"height\":1024},{\"@type\":\"BreadcrumbList\",\"@id\":\"https:\/\/www.friseur-hopmann.de\/?product=bain-vital-dermo-calm-sondergrobe-500-ml#breadcrumb\",\"itemListElement\":[{\"@type\":\"ListItem\",\"position\":1,\"name\":\"Startseite\",\"item\":\"https:\/\/www.friseur-hopmann.de\/\"},{\"@type\":\"ListItem\",\"position\":2,\"name\":\"Produkte\",\"item\":\"https:\/\/www.friseur-hopmann.de\/?post_type=product\"},{\"@type\":\"ListItem\",\"position\":3,\"name\":\"BAIN VITAL DERMO CALM Sondergr\u00f6\u00dfe 500 ml\"}]},{\"@type\":\"WebSite\",\"@id\":\"https:\/\/www.friseur-hopmann.de\/#website\",\"url\":\"https:\/\/www.friseur-hopmann.de\/\",\"name\":\"Friseur Hopmann Hairstyling\",\"description\":\"Ihr Friseur in Nordhorn\",\"potentialAction\":[{\"@type\":\"SearchAction\",\"target\":{\"@type\":\"EntryPoint\",\"urlTemplate\":\"https:\/\/www.friseur-hopmann.de\/?s={search_term_string}\"},\"query-input\":{\"@type\":\"PropertyValueSpecification\",\"valueRequired\":true,\"valueName\":\"search_term_string\"}}],\"inLanguage\":\"de\"}]}<\/script>\n<!-- \/ Yoast SEO plugin. -->","yoast_head_json":{"title":"BAIN VITAL DERMO CALM Sondergr\u00f6\u00dfe 500 ml","robots":{"index":"index","follow":"follow","max-snippet":"max-snippet:-1","max-image-preview":"max-image-preview:large","max-video-preview":"max-video-preview:-1"},"canonical":"https:\/\/www.friseur-hopmann.de\/?product=bain-vital-dermo-calm-sondergrobe-500-ml","og_locale":"de_DE","og_type":"article","og_title":"BAIN VITAL DERMO CALM Sondergr\u00f6\u00dfe 500 ml","og_description":"Bain Dermo Vital Beruhigendes Haarbad  speziell f\u00fcr sensible Kopfhaut und normales bis leicht fettiges Haar. Schenkt Ihrem Haar Vitalit\u00e4t und Leichtigkeit.  &nbsp;","og_url":"https:\/\/www.friseur-hopmann.de\/?product=bain-vital-dermo-calm-sondergrobe-500-ml","og_site_name":"Friseur Hopmann Hairstyling","article_modified_time":"2026-04-20T06:25:58+00:00","og_image":[{"width":673,"height":1024,"url":"http:\/\/www.friseur-hopmann.de\/wp-content\/uploads\/2010\/11\/DSC4001_1.jpg","type":"image\/jpeg"}],"twitter_card":"summary_large_image","twitter_misc":{"Gesch\u00e4tzte Lesezeit":"1\u00a0Minute"},"schema":{"@context":"https:\/\/schema.org","@graph":[{"@type":"WebPage","@id":"https:\/\/www.friseur-hopmann.de\/?product=bain-vital-dermo-calm-sondergrobe-500-ml","url":"https:\/\/www.friseur-hopmann.de\/?product=bain-vital-dermo-calm-sondergrobe-500-ml","name":"BAIN VITAL DERMO CALM Sondergr\u00f6\u00dfe 500 ml","isPartOf":{"@id":"https:\/\/www.friseur-hopmann.de\/#website"},"primaryImageOfPage":{"@id":"https:\/\/www.friseur-hopmann.de\/?product=bain-vital-dermo-calm-sondergrobe-500-ml#primaryimage"},"image":{"@id":"https:\/\/www.friseur-hopmann.de\/?product=bain-vital-dermo-calm-sondergrobe-500-ml#primaryimage"},"thumbnailUrl":"https:\/\/www.friseur-hopmann.de\/wp-content\/uploads\/2010\/11\/DSC4001_1.jpg","datePublished":"2010-11-20T08:05:09+00:00","dateModified":"2026-04-20T06:25:58+00:00","breadcrumb":{"@id":"https:\/\/www.friseur-hopmann.de\/?product=bain-vital-dermo-calm-sondergrobe-500-ml#breadcrumb"},"inLanguage":"de","potentialAction":[{"@type":"ReadAction","target":["https:\/\/www.friseur-hopmann.de\/?product=bain-vital-dermo-calm-sondergrobe-500-ml"]}]},{"@type":"ImageObject","inLanguage":"de","@id":"https:\/\/www.friseur-hopmann.de\/?product=bain-vital-dermo-calm-sondergrobe-500-ml#primaryimage","url":"https:\/\/www.friseur-hopmann.de\/wp-content\/uploads\/2010\/11\/DSC4001_1.jpg","contentUrl":"https:\/\/www.friseur-hopmann.de\/wp-content\/uploads\/2010\/11\/DSC4001_1.jpg","width":673,"height":1024},{"@type":"BreadcrumbList","@id":"https:\/\/www.friseur-hopmann.de\/?product=bain-vital-dermo-calm-sondergrobe-500-ml#breadcrumb","itemListElement":[{"@type":"ListItem","position":1,"name":"Startseite","item":"https:\/\/www.friseur-hopmann.de\/"},{"@type":"ListItem","position":2,"name":"Produkte","item":"https:\/\/www.friseur-hopmann.de\/?post_type=product"},{"@type":"ListItem","position":3,"name":"BAIN VITAL DERMO CALM Sondergr\u00f6\u00dfe 500 ml"}]},{"@type":"WebSite","@id":"https:\/\/www.friseur-hopmann.de\/#website","url":"https:\/\/www.friseur-hopmann.de\/","name":"Friseur Hopmann Hairstyling","description":"Ihr Friseur in Nordhorn","potentialAction":[{"@type":"SearchAction","target":{"@type":"EntryPoint","urlTemplate":"https:\/\/www.friseur-hopmann.de\/?s={search_term_string}"},"query-input":{"@type":"PropertyValueSpecification","valueRequired":true,"valueName":"search_term_string"}}],"inLanguage":"de"}]}},"brands":[],"_links":{"self":[{"href":"https:\/\/www.friseur-hopmann.de\/index.php?rest_route=\/wp\/v2\/product\/8975","targetHints":{"allow":["GET"]}}],"collection":[{"href":"https:\/\/www.friseur-hopmann.de\/index.php?rest_route=\/wp\/v2\/product"}],"about":[{"href":"https:\/\/www.friseur-hopmann.de\/index.php?rest_route=\/wp\/v2\/types\/product"}],"replies":[{"embeddable":true,"href":"https:\/\/www.friseur-hopmann.de\/index.php?rest_route=%2Fwp%2Fv2%2Fcomments&post=8975"}],"wp:featuredmedia":[{"embeddable":true,"href":"https:\/\/www.friseur-hopmann.de\/index.php?rest_route=\/wp\/v2\/media\/25536"}],"wp:attachment":[{"href":"https:\/\/www.friseur-hopmann.de\/index.php?rest_route=%2Fwp%2Fv2%2Fmedia&parent=8975"}],"wp:term":[{"taxonomy":"pwb-brand","embeddable":true,"href":"https:\/\/www.friseur-hopmann.de\/index.php?rest_route=%2Fwp%2Fv2%2Fpwb-brand&post=8975"},{"taxonomy":"product_brand","embeddable":true,"href":"https:\/\/www.friseur-hopmann.de\/index.php?rest_route=%2Fwp%2Fv2%2Fproduct_brand&post=8975"},{"taxonomy":"product_cat","embeddable":true,"href":"https:\/\/www.friseur-hopmann.de\/index.php?rest_route=%2Fwp%2Fv2%2Fproduct_cat&post=8975"},{"taxonomy":"product_tag","embeddable":true,"href":"https:\/\/www.friseur-hopmann.de\/index.php?rest_route=%2Fwp%2Fv2%2Fproduct_tag&post=8975"}],"curies":[{"name":"wp","href":"https:\/\/api.w.org\/{rel}","templated":true}]}}

BAIN VITAL DERMO CALM Sondergröße 500 ml

<h3>Produktbeschreibung:</h3>
<p>Bain Dermo Vital<br />
Beruhigendes Haarbad mit Hydra-Destress-Komplex speziell für sensible Kopfhaut und normales bis leicht fettiges Haar.<br />
Mild gereinigte und gepflegte Kopfhaut. Schenkt Ihrem Haar Vitalität und Leichtigkeit.</p>
<h3>Zielgruppe:</h3>
<p>&#8211; Für sensible Kopfhaut und normales bis leicht fettiges Haar.<br />
&#8211; Für die tägliche Anwendung geeignet</p>
<h3>Anwendung:</h3>
<p>&#8211; Das angefeuchtete Haar baden, dabei die Kopfhaut mit der flachen Hand massieren<br />
&#8211; Kurz einwirken lassen<br />
&#8211; Aufemulgieren<br />
&#8211; Gut ausspülen<br />
&#8211; Für die tägliche Anwendung geeignet</p>
<h3>Technologie:</h3>
<p>&#8211; Hydra-Destress-Komplex<br />
&#8211; Shampoo mit AHA-Fruchtsäuren angereichert mit Vitamin B3<br />
&#8211; Angereichert mit Vitamin B3</p>
<p><strong>Inhalt:</strong> 500 ml</p>

<p>Bain Dermo Vital<br />
Beruhigendes Haarbad</p>
<p>speziell für sensible Kopfhaut und normales bis leicht fettiges Haar.<br />
Schenkt Ihrem Haar Vitalität und Leichtigkeit.</p>
<p>&nbsp;</p>

<!-- This site is optimized with the Yoast SEO plugin v24.6 - https://yoast.com/wordpress/plugins/seo/ -->
<title>BAIN VITAL DERMO CALM Sondergröße 500 ml</title>
<meta name="robots" content="index, follow, max-snippet:-1, max-image-preview:large, max-video-preview:-1" />
<link rel="canonical" href="https://www.friseur-hopmann.de/?product=bain-vital-dermo-calm-sondergrobe-500-ml" />
<meta property="og:locale" content="de_DE" />
<meta property="og:type" content="article" />
<meta property="og:title" content="BAIN VITAL DERMO CALM Sondergröße 500 ml" />
<meta property="og:description" content="Bain Dermo Vital Beruhigendes Haarbad  speziell für sensible Kopfhaut und normales bis leicht fettiges Haar. Schenkt Ihrem Haar Vitalität und Leichtigkeit.  &nbsp;" />
<meta property="og:url" content="https://www.friseur-hopmann.de/?product=bain-vital-dermo-calm-sondergrobe-500-ml" />
<meta property="og:site_name" content="Friseur Hopmann Hairstyling" />
<meta property="article:modified_time" content="2026-04-20T06:25:58+00:00" />
<meta property="og:image" content="http://www.friseur-hopmann.de/wp-content/uploads/2010/11/DSC4001_1.jpg" />
	<meta property="og:image:width" content="673" />
	<meta property="og:image:height" content="1024" />
	<meta property="og:image:type" content="image/jpeg" />
<meta name="twitter:card" content="summary_large_image" />
<meta name="twitter:label1" content="Geschätzte Lesezeit" />
	<meta name="twitter:data1" content="1 Minute" />
<script type="application/ld+json" class="yoast-schema-graph">{"@context":"https://schema.org","@graph":[{"@type":"WebPage","@id":"https://www.friseur-hopmann.de/?product=bain-vital-dermo-calm-sondergrobe-500-ml","url":"https://www.friseur-hopmann.de/?product=bain-vital-dermo-calm-sondergrobe-500-ml","name":"BAIN VITAL DERMO CALM Sondergröße 500 ml","isPartOf":{"@id":"https://www.friseur-hopmann.de/#website"},"primaryImageOfPage":{"@id":"https://www.friseur-hopmann.de/?product=bain-vital-dermo-calm-sondergrobe-500-ml#primaryimage"},"image":{"@id":"https://www.friseur-hopmann.de/?product=bain-vital-dermo-calm-sondergrobe-500-ml#primaryimage"},"thumbnailUrl":"https://www.friseur-hopmann.de/wp-content/uploads/2010/11/DSC4001_1.jpg","datePublished":"2010-11-20T08:05:09+00:00","dateModified":"2026-04-20T06:25:58+00:00","breadcrumb":{"@id":"https://www.friseur-hopmann.de/?product=bain-vital-dermo-calm-sondergrobe-500-ml#breadcrumb"},"inLanguage":"de","potentialAction":[{"@type":"ReadAction","target":["https://www.friseur-hopmann.de/?product=bain-vital-dermo-calm-sondergrobe-500-ml"]}]},{"@type":"ImageObject","inLanguage":"de","@id":"https://www.friseur-hopmann.de/?product=bain-vital-dermo-calm-sondergrobe-500-ml#primaryimage","url":"https://www.friseur-hopmann.de/wp-content/uploads/2010/11/DSC4001_1.jpg","contentUrl":"https://www.friseur-hopmann.de/wp-content/uploads/2010/11/DSC4001_1.jpg","width":673,"height":1024},{"@type":"BreadcrumbList","@id":"https://www.friseur-hopmann.de/?product=bain-vital-dermo-calm-sondergrobe-500-ml#breadcrumb","itemListElement":[{"@type":"ListItem","position":1,"name":"Startseite","item":"https://www.friseur-hopmann.de/"},{"@type":"ListItem","position":2,"name":"Produkte","item":"https://www.friseur-hopmann.de/?post_type=product"},{"@type":"ListItem","position":3,"name":"BAIN VITAL DERMO CALM Sondergröße 500 ml"}]},{"@type":"WebSite","@id":"https://www.friseur-hopmann.de/#website","url":"https://www.friseur-hopmann.de/","name":"Friseur Hopmann Hairstyling","description":"Ihr Friseur in Nordhorn","potentialAction":[{"@type":"SearchAction","target":{"@type":"EntryPoint","urlTemplate":"https://www.friseur-hopmann.de/?s={search_term_string}"},"query-input":{"@type":"PropertyValueSpecification","valueRequired":true,"valueName":"search_term_string"}}],"inLanguage":"de"}]}</script>
<!-- / Yoast SEO plugin. -->

Bain Dermo Vital Beruhigendes Haarbad  speziell für sensible Kopfhaut und normales bis leicht fettiges Haar. Schenkt Ihrem Haar Vitalität und Leichtigkeit.  &nbsp;
