{"id":8652,"date":"2005-02-12T10:05:03","date_gmt":"2005-02-12T08:05:03","guid":{"rendered":"http:\/\/www.friseur-hopmann.de\/?post_type=product&#038;p=8652"},"modified":"2026-01-18T15:35:12","modified_gmt":"2026-01-18T13:35:12","slug":"resistance-bain-volumifioue-shampoo-250-ml","status":"publish","type":"product","link":"https:\/\/www.friseur-hopmann.de\/?product=resistance-bain-volumifioue-shampoo-250-ml","title":{"rendered":"K\u00c9RASTASE RESISTANCE  BAIN VOLUMIFIOUE  (Shampoo) 250 ml"},"content":{"rendered":"<h3>Produktbeschreibung:<\/h3>\n<p>Bain Volumifique<\/p>\n<p>Volumengebendes und st\u00e4rkendes Pflege-Haarbad f\u00fcr feines Haar.<\/p>\n<p>Die Haarfaser wird dynamisiert und gekr\u00e4ftigt. Das Haar gewinnt an Volumen und Vitalit\u00e4t.<\/p>\n<h3>Zielgruppe:<\/h3>\n<p>Bei feinen und spannungslosen Haaren.<\/p>\n<h3>Anwendung:<\/h3>\n<p>&#8211; Bain Volumifique je nach Haarl\u00e4nge dosieren.<br \/>\n&#8211; Mit etwas Wasser die gesamte Kopfhaut und Haarl\u00e4nge massieren<br \/>\n&#8211; Gr\u00fcndlich aussp\u00fclen<\/p>\n<h3>Technologie:<\/h3>\n<p>AMPLIFLEX-SYS TEM NEU<\/p>\n<p>Kationische Polymere: Unterst\u00fctzen die nat\u00fcrliche Glanzgebung in den Haarl\u00e4ngen und -spitzen.<\/p>\n<p>Cellulose Puder: Es sorgt f\u00fcr verbesserte Reinigung und damit f\u00fcr mehr Leichtigkeit.<\/p>\n<p>+ Intra-Cylane: Baut die Struktur des Haares auf. Das Haar erh\u00e4lt mehr Substanz und Volumen.<\/p>\n<p><strong>Inhalt:<\/strong> 250 ml<\/p>\n","protected":false},"excerpt":{"rendered":"<p>Bain Volumifique<\/p>\n<p>Volumengebendes und st\u00e4rkendes Pflege-Haarbad f\u00fcr feines Haar.<\/p>\n<p>Die Haarfaser wird dynamisiert und gekr\u00e4ftigt. Das Haar gewinnt an Volumen und Vitalit\u00e4t.<\/p>\n<p>&nbsp;<\/p>\n","protected":false},"featured_media":8653,"comment_status":"open","ping_status":"closed","template":"","meta":{"_exactmetrics_skip_tracking":false,"_exactmetrics_sitenote_active":false,"_exactmetrics_sitenote_note":"","_exactmetrics_sitenote_category":0,"_monsterinsights_skip_tracking":false,"_monsterinsights_sitenote_active":false,"_monsterinsights_sitenote_note":"","_monsterinsights_sitenote_category":0},"pwb-brand":[],"product_brand":[615],"product_cat":[491,544,548,516,599],"product_tag":[816,815,676],"class_list":{"0":"post-8652","1":"product","2":"type-product","3":"status-publish","4":"has-post-thumbnail","6":"product_brand-kerastase-2","7":"product_cat-kerastase","8":"product_cat-kerastase-haarpflege","9":"product_cat-kerastase-shampoo","10":"product_cat-r-sistance","11":"product_cat-r-sistance-volumifique","12":"product_tag-feines-haar","13":"product_tag-haarfuelle","14":"product_tag-volumenshampoo","15":"pa_inhalt-622","17":"first","18":"instock","19":"taxable","20":"shipping-taxable","21":"purchasable","22":"product-type-simple"},"yoast_head":"<!-- This site is optimized with the Yoast SEO plugin v24.6 - https:\/\/yoast.com\/wordpress\/plugins\/seo\/ -->\n<title>RESISTANCE BAIN VOLUMIFIOUE (Shampoo) 250 ml<\/title>\n<meta name=\"robots\" content=\"index, follow, max-snippet:-1, max-image-preview:large, max-video-preview:-1\" \/>\n<link rel=\"canonical\" href=\"https:\/\/www.friseur-hopmann.de\/?product=resistance-bain-volumifioue-shampoo-250-ml\" \/>\n<meta property=\"og:locale\" content=\"de_DE\" \/>\n<meta property=\"og:type\" content=\"article\" \/>\n<meta property=\"og:title\" content=\"RESISTANCE BAIN VOLUMIFIOUE (Shampoo) 250 ml\" \/>\n<meta property=\"og:description\" content=\"Bain Volumifique  Volumengebendes und st\u00e4rkendes Pflege-Haarbad f\u00fcr feines Haar.  Die Haarfaser wird dynamisiert und gekr\u00e4ftigt. Das Haar gewinnt an Volumen und Vitalit\u00e4t.  &nbsp;\" \/>\n<meta property=\"og:url\" content=\"https:\/\/www.friseur-hopmann.de\/?product=resistance-bain-volumifioue-shampoo-250-ml\" \/>\n<meta property=\"og:site_name\" content=\"Friseur Hopmann Hairstyling\" \/>\n<meta property=\"article:modified_time\" content=\"2026-01-18T13:35:12+00:00\" \/>\n<meta property=\"og:image\" content=\"http:\/\/www.friseur-hopmann.de\/wp-content\/uploads\/2017\/05\/p-8652-3474636397891_bainvolumifique.png\" \/>\n\t<meta property=\"og:image:width\" content=\"1000\" \/>\n\t<meta property=\"og:image:height\" content=\"1000\" \/>\n\t<meta property=\"og:image:type\" content=\"image\/jpeg\" \/>\n<meta name=\"twitter:card\" content=\"summary_large_image\" \/>\n<meta name=\"twitter:label1\" content=\"Gesch\u00e4tzte Lesezeit\" \/>\n\t<meta name=\"twitter:data1\" content=\"1\u00a0Minute\" \/>\n<script type=\"application\/ld+json\" class=\"yoast-schema-graph\">{\"@context\":\"https:\/\/schema.org\",\"@graph\":[{\"@type\":\"WebPage\",\"@id\":\"https:\/\/www.friseur-hopmann.de\/?product=resistance-bain-volumifioue-shampoo-250-ml\",\"url\":\"https:\/\/www.friseur-hopmann.de\/?product=resistance-bain-volumifioue-shampoo-250-ml\",\"name\":\"RESISTANCE BAIN VOLUMIFIOUE (Shampoo) 250 ml\",\"isPartOf\":{\"@id\":\"https:\/\/www.friseur-hopmann.de\/#website\"},\"primaryImageOfPage\":{\"@id\":\"https:\/\/www.friseur-hopmann.de\/?product=resistance-bain-volumifioue-shampoo-250-ml#primaryimage\"},\"image\":{\"@id\":\"https:\/\/www.friseur-hopmann.de\/?product=resistance-bain-volumifioue-shampoo-250-ml#primaryimage\"},\"thumbnailUrl\":\"https:\/\/www.friseur-hopmann.de\/wp-content\/uploads\/2017\/05\/p-8652-3474636397891_bainvolumifique.png\",\"datePublished\":\"2005-02-12T08:05:03+00:00\",\"dateModified\":\"2026-01-18T13:35:12+00:00\",\"breadcrumb\":{\"@id\":\"https:\/\/www.friseur-hopmann.de\/?product=resistance-bain-volumifioue-shampoo-250-ml#breadcrumb\"},\"inLanguage\":\"de\",\"potentialAction\":[{\"@type\":\"ReadAction\",\"target\":[\"https:\/\/www.friseur-hopmann.de\/?product=resistance-bain-volumifioue-shampoo-250-ml\"]}]},{\"@type\":\"ImageObject\",\"inLanguage\":\"de\",\"@id\":\"https:\/\/www.friseur-hopmann.de\/?product=resistance-bain-volumifioue-shampoo-250-ml#primaryimage\",\"url\":\"https:\/\/www.friseur-hopmann.de\/wp-content\/uploads\/2017\/05\/p-8652-3474636397891_bainvolumifique.png\",\"contentUrl\":\"https:\/\/www.friseur-hopmann.de\/wp-content\/uploads\/2017\/05\/p-8652-3474636397891_bainvolumifique.png\",\"width\":1000,\"height\":1000,\"caption\":\"RESISTANCE BAIN VOLUMIFIOUE (Shampoo) 250 ml\"},{\"@type\":\"BreadcrumbList\",\"@id\":\"https:\/\/www.friseur-hopmann.de\/?product=resistance-bain-volumifioue-shampoo-250-ml#breadcrumb\",\"itemListElement\":[{\"@type\":\"ListItem\",\"position\":1,\"name\":\"Startseite\",\"item\":\"https:\/\/www.friseur-hopmann.de\/\"},{\"@type\":\"ListItem\",\"position\":2,\"name\":\"Produkte\",\"item\":\"https:\/\/www.friseur-hopmann.de\/?post_type=product\"},{\"@type\":\"ListItem\",\"position\":3,\"name\":\"K\u00c9RASTASE RESISTANCE BAIN VOLUMIFIOUE (Shampoo) 250 ml\"}]},{\"@type\":\"WebSite\",\"@id\":\"https:\/\/www.friseur-hopmann.de\/#website\",\"url\":\"https:\/\/www.friseur-hopmann.de\/\",\"name\":\"Friseur Hopmann Hairstyling\",\"description\":\"Ihr Friseur in Nordhorn\",\"potentialAction\":[{\"@type\":\"SearchAction\",\"target\":{\"@type\":\"EntryPoint\",\"urlTemplate\":\"https:\/\/www.friseur-hopmann.de\/?s={search_term_string}\"},\"query-input\":{\"@type\":\"PropertyValueSpecification\",\"valueRequired\":true,\"valueName\":\"search_term_string\"}}],\"inLanguage\":\"de\"}]}<\/script>\n<!-- \/ Yoast SEO plugin. -->","yoast_head_json":{"title":"RESISTANCE BAIN VOLUMIFIOUE (Shampoo) 250 ml","robots":{"index":"index","follow":"follow","max-snippet":"max-snippet:-1","max-image-preview":"max-image-preview:large","max-video-preview":"max-video-preview:-1"},"canonical":"https:\/\/www.friseur-hopmann.de\/?product=resistance-bain-volumifioue-shampoo-250-ml","og_locale":"de_DE","og_type":"article","og_title":"RESISTANCE BAIN VOLUMIFIOUE (Shampoo) 250 ml","og_description":"Bain Volumifique  Volumengebendes und st\u00e4rkendes Pflege-Haarbad f\u00fcr feines Haar.  Die Haarfaser wird dynamisiert und gekr\u00e4ftigt. Das Haar gewinnt an Volumen und Vitalit\u00e4t.  &nbsp;","og_url":"https:\/\/www.friseur-hopmann.de\/?product=resistance-bain-volumifioue-shampoo-250-ml","og_site_name":"Friseur Hopmann Hairstyling","article_modified_time":"2026-01-18T13:35:12+00:00","og_image":[{"width":1000,"height":1000,"url":"http:\/\/www.friseur-hopmann.de\/wp-content\/uploads\/2017\/05\/p-8652-3474636397891_bainvolumifique.png","type":"image\/jpeg"}],"twitter_card":"summary_large_image","twitter_misc":{"Gesch\u00e4tzte Lesezeit":"1\u00a0Minute"},"schema":{"@context":"https:\/\/schema.org","@graph":[{"@type":"WebPage","@id":"https:\/\/www.friseur-hopmann.de\/?product=resistance-bain-volumifioue-shampoo-250-ml","url":"https:\/\/www.friseur-hopmann.de\/?product=resistance-bain-volumifioue-shampoo-250-ml","name":"RESISTANCE BAIN VOLUMIFIOUE (Shampoo) 250 ml","isPartOf":{"@id":"https:\/\/www.friseur-hopmann.de\/#website"},"primaryImageOfPage":{"@id":"https:\/\/www.friseur-hopmann.de\/?product=resistance-bain-volumifioue-shampoo-250-ml#primaryimage"},"image":{"@id":"https:\/\/www.friseur-hopmann.de\/?product=resistance-bain-volumifioue-shampoo-250-ml#primaryimage"},"thumbnailUrl":"https:\/\/www.friseur-hopmann.de\/wp-content\/uploads\/2017\/05\/p-8652-3474636397891_bainvolumifique.png","datePublished":"2005-02-12T08:05:03+00:00","dateModified":"2026-01-18T13:35:12+00:00","breadcrumb":{"@id":"https:\/\/www.friseur-hopmann.de\/?product=resistance-bain-volumifioue-shampoo-250-ml#breadcrumb"},"inLanguage":"de","potentialAction":[{"@type":"ReadAction","target":["https:\/\/www.friseur-hopmann.de\/?product=resistance-bain-volumifioue-shampoo-250-ml"]}]},{"@type":"ImageObject","inLanguage":"de","@id":"https:\/\/www.friseur-hopmann.de\/?product=resistance-bain-volumifioue-shampoo-250-ml#primaryimage","url":"https:\/\/www.friseur-hopmann.de\/wp-content\/uploads\/2017\/05\/p-8652-3474636397891_bainvolumifique.png","contentUrl":"https:\/\/www.friseur-hopmann.de\/wp-content\/uploads\/2017\/05\/p-8652-3474636397891_bainvolumifique.png","width":1000,"height":1000,"caption":"RESISTANCE BAIN VOLUMIFIOUE (Shampoo) 250 ml"},{"@type":"BreadcrumbList","@id":"https:\/\/www.friseur-hopmann.de\/?product=resistance-bain-volumifioue-shampoo-250-ml#breadcrumb","itemListElement":[{"@type":"ListItem","position":1,"name":"Startseite","item":"https:\/\/www.friseur-hopmann.de\/"},{"@type":"ListItem","position":2,"name":"Produkte","item":"https:\/\/www.friseur-hopmann.de\/?post_type=product"},{"@type":"ListItem","position":3,"name":"K\u00c9RASTASE RESISTANCE BAIN VOLUMIFIOUE (Shampoo) 250 ml"}]},{"@type":"WebSite","@id":"https:\/\/www.friseur-hopmann.de\/#website","url":"https:\/\/www.friseur-hopmann.de\/","name":"Friseur Hopmann Hairstyling","description":"Ihr Friseur in Nordhorn","potentialAction":[{"@type":"SearchAction","target":{"@type":"EntryPoint","urlTemplate":"https:\/\/www.friseur-hopmann.de\/?s={search_term_string}"},"query-input":{"@type":"PropertyValueSpecification","valueRequired":true,"valueName":"search_term_string"}}],"inLanguage":"de"}]}},"brands":[],"_links":{"self":[{"href":"https:\/\/www.friseur-hopmann.de\/index.php?rest_route=\/wp\/v2\/product\/8652","targetHints":{"allow":["GET"]}}],"collection":[{"href":"https:\/\/www.friseur-hopmann.de\/index.php?rest_route=\/wp\/v2\/product"}],"about":[{"href":"https:\/\/www.friseur-hopmann.de\/index.php?rest_route=\/wp\/v2\/types\/product"}],"replies":[{"embeddable":true,"href":"https:\/\/www.friseur-hopmann.de\/index.php?rest_route=%2Fwp%2Fv2%2Fcomments&post=8652"}],"wp:featuredmedia":[{"embeddable":true,"href":"https:\/\/www.friseur-hopmann.de\/index.php?rest_route=\/wp\/v2\/media\/8653"}],"wp:attachment":[{"href":"https:\/\/www.friseur-hopmann.de\/index.php?rest_route=%2Fwp%2Fv2%2Fmedia&parent=8652"}],"wp:term":[{"taxonomy":"pwb-brand","embeddable":true,"href":"https:\/\/www.friseur-hopmann.de\/index.php?rest_route=%2Fwp%2Fv2%2Fpwb-brand&post=8652"},{"taxonomy":"product_brand","embeddable":true,"href":"https:\/\/www.friseur-hopmann.de\/index.php?rest_route=%2Fwp%2Fv2%2Fproduct_brand&post=8652"},{"taxonomy":"product_cat","embeddable":true,"href":"https:\/\/www.friseur-hopmann.de\/index.php?rest_route=%2Fwp%2Fv2%2Fproduct_cat&post=8652"},{"taxonomy":"product_tag","embeddable":true,"href":"https:\/\/www.friseur-hopmann.de\/index.php?rest_route=%2Fwp%2Fv2%2Fproduct_tag&post=8652"}],"curies":[{"name":"wp","href":"https:\/\/api.w.org\/{rel}","templated":true}]}}