{"id":8535,"date":"2007-10-20T10:05:03","date_gmt":"2007-10-20T08:05:03","guid":{"rendered":"http:\/\/www.friseur-hopmann.de\/?post_type=product&#038;p=8535"},"modified":"2024-03-29T19:16:50","modified_gmt":"2024-03-29T17:16:50","slug":"kreppeisen-trio-crimper","status":"publish","type":"product","link":"https:\/\/www.friseur-hopmann.de\/?product=kreppeisen-trio-crimper","title":{"rendered":"Tondeo Cerion Crimp (Kreppeisen)"},"content":{"rendered":"<div class=\"content--description\">\n<div class=\"product--description--wrapper\">\n<div class=\"product--description\">\n<div class=\"tondeo--headline--wrapper\">\n<div class=\"tondeo--prequel is--center\"><\/div>\n<p class=\"h2 tondeo--headline is--center\">\n<\/div>\n<div class=\"product--description--inner\">\n<h1>Haar Crimper TONDEO CERION CRIMP<\/h1>\n<p>Der <b>Haar Crimper TONDEO CERION CRIMP<\/b> bringt Halt und schenkt Volumen. Mit den Zick-Zack-Platten geht das Effekt-Crimpen und die ausdrucksvolle Akzentuierung von Haarpartien leicht von der Hand. Den Haar Crimper k\u00f6nnen Sie f\u00fcr mehr Volumen anwenden, indem Sie die Ans\u00e4tze hinter der Kontur und unterhalb des Scheitels ungef\u00e4hr 2-3 fingerbreit kreppen. \u00dcberzeugen Sie sich selbst von der Qualit\u00e4t.<\/p>\n<h3>Technische Daten<\/h3>\n<p>Durch die <b>schnelle Aufheizzeit<\/b> ist der CERION CRIMP schon nach wenigen Sekunden einsatzbereit. Gleichzeitig ist f\u00fcr Sicherheit gesorgt, da sich der Crimper nach 60 Minuten automatisch abstellt. Die Temperatur l\u00e4sst sich von 150 \u00b0C bis 230 \u00b0C individuell einstellen. Die Keramikheizplatten (24 x 100 mm) sorgen f\u00fcr eine optimale W\u00e4rmeverteilung und erm\u00f6glichen ein schonendes Styling der Haare, indem sie federgelagert sind und vor zu gro\u00dfem Druck sch\u00fctzen.<\/p>\n<h3>Material und Ergonomie<\/h3>\n<p>Die Heizplatten des CERION CRIMP haben eine hochwertige Beschichtung aus Keramik, welche daf\u00fcr sorgt, dass der Haar Crimper sanft durch die Haare gleitet. Das schwarze Design des <b>Profi Crimpers<\/b> wirkt zeitlos und hochwertig. Das Kabel ist 3 Meter lang und mit einer praktischen Drehkopplung ausgestattet. So sind Sie nicht in Ihrer Flexibilit\u00e4t eingeschr\u00e4nkt und k\u00f6nnen frei arbeiten. Die schmale Form bietet au\u00dferdem viele Einsatzm\u00f6glichkeiten und es l\u00e4sst sich angenehm damit arbeiten.<\/p>\n<p><b>\u00a0<\/b><\/p>\n<ul>\n<li>Haar Crimper f\u00fcr Volumen am Ansatz und Effekt-Crimpen<\/li>\n<li>hochwertige Keramikbeschichtung<\/li>\n<li>haarschonend<\/li>\n<li>Stufenlose Temperatureinstellung<\/li>\n<\/ul>\n<\/div>\n<\/div>\n<\/div>\n<\/div>\n","protected":false},"excerpt":{"rendered":"<p>Der Tondeo Cerion Crimp ist ein effektives Styling-Produkt, das mit seinen Zick-Zack-Platten und der individuellen Temperatureinstellung von 150 \u00b0C bis 230 \u00b0C eine ausdrucksvolle Akzentuierung von Haarpartien erm\u00f6glicht.<\/p>\n<ul>\n<li>Haar Crimper f\u00fcr Volumen am Ansatz und Effekt-Crimpen<\/li>\n<li>hochwertige Keramikbeschichtung<\/li>\n<li>haarschonend<\/li>\n<li>Stufenlose Temperatureinstellung<\/li>\n<\/ul>\n","protected":false},"featured_media":24012,"comment_status":"open","ping_status":"closed","template":"","meta":{"_exactmetrics_skip_tracking":false,"_exactmetrics_sitenote_active":false,"_exactmetrics_sitenote_note":"","_exactmetrics_sitenote_category":0,"_monsterinsights_skip_tracking":false,"_monsterinsights_sitenote_active":false,"_monsterinsights_sitenote_note":"","_monsterinsights_sitenote_category":0},"pwb-brand":[],"product_brand":[612],"product_cat":[504],"product_tag":[984,983,985],"class_list":{"0":"post-8535","1":"product","2":"type-product","3":"status-publish","4":"has-post-thumbnail","6":"product_brand-tondeo","7":"product_cat-gerate","8":"product_tag-cerion-crimp","9":"product_tag-kreppeisen","10":"product_tag-tondeo","12":"first","13":"instock","14":"taxable","15":"shipping-taxable","16":"purchasable","17":"product-type-simple"},"yoast_head":"<!-- This site is optimized with the Yoast SEO plugin v24.6 - https:\/\/yoast.com\/wordpress\/plugins\/seo\/ -->\n<title>Kreppeisen TRIO Crimper<\/title>\n<meta name=\"robots\" content=\"index, follow, max-snippet:-1, max-image-preview:large, max-video-preview:-1\" \/>\n<link rel=\"canonical\" href=\"https:\/\/www.friseur-hopmann.de\/?product=kreppeisen-trio-crimper\" \/>\n<meta property=\"og:locale\" content=\"de_DE\" \/>\n<meta property=\"og:type\" content=\"article\" \/>\n<meta property=\"og:title\" content=\"Kreppeisen TRIO Crimper\" \/>\n<meta property=\"og:description\" content=\"Der Tondeo Cerion Crimp ist ein effektives Styling-Produkt, das mit seinen Zick-Zack-Platten und der individuellen Temperatureinstellung von 150 \u00b0C bis 230 \u00b0C eine ausdrucksvolle Akzentuierung von Haarpartien erm\u00f6glicht.   Haar Crimper f\u00fcr Volumen am Ansatz und Effekt-Crimpen  hochwertige Keramikbeschichtung  haarschonend  Stufenlose Temperatureinstellung\" \/>\n<meta property=\"og:url\" content=\"https:\/\/www.friseur-hopmann.de\/?product=kreppeisen-trio-crimper\" \/>\n<meta property=\"og:site_name\" content=\"Friseur Hopmann Hairstyling\" \/>\n<meta property=\"article:modified_time\" content=\"2024-03-29T17:16:50+00:00\" \/>\n<meta property=\"og:image\" content=\"https:\/\/www.friseur-hopmann.de\/wp-content\/uploads\/2007\/10\/crimper-TONDEO-31007-Cerion-Crimp-perspektive_1280x1280@2x.png\" \/>\n\t<meta property=\"og:image:width\" content=\"1046\" \/>\n\t<meta property=\"og:image:height\" content=\"281\" \/>\n\t<meta property=\"og:image:type\" content=\"image\/png\" \/>\n<meta name=\"twitter:card\" content=\"summary_large_image\" \/>\n<meta name=\"twitter:label1\" content=\"Gesch\u00e4tzte Lesezeit\" \/>\n\t<meta name=\"twitter:data1\" content=\"1\u00a0Minute\" \/>\n<script type=\"application\/ld+json\" class=\"yoast-schema-graph\">{\"@context\":\"https:\/\/schema.org\",\"@graph\":[{\"@type\":\"WebPage\",\"@id\":\"https:\/\/www.friseur-hopmann.de\/?product=kreppeisen-trio-crimper\",\"url\":\"https:\/\/www.friseur-hopmann.de\/?product=kreppeisen-trio-crimper\",\"name\":\"Kreppeisen TRIO Crimper\",\"isPartOf\":{\"@id\":\"https:\/\/www.friseur-hopmann.de\/#website\"},\"primaryImageOfPage\":{\"@id\":\"https:\/\/www.friseur-hopmann.de\/?product=kreppeisen-trio-crimper#primaryimage\"},\"image\":{\"@id\":\"https:\/\/www.friseur-hopmann.de\/?product=kreppeisen-trio-crimper#primaryimage\"},\"thumbnailUrl\":\"https:\/\/www.friseur-hopmann.de\/wp-content\/uploads\/2007\/10\/crimper-TONDEO-31007-Cerion-Crimp-perspektive_1280x1280@2x.png\",\"datePublished\":\"2007-10-20T08:05:03+00:00\",\"dateModified\":\"2024-03-29T17:16:50+00:00\",\"breadcrumb\":{\"@id\":\"https:\/\/www.friseur-hopmann.de\/?product=kreppeisen-trio-crimper#breadcrumb\"},\"inLanguage\":\"de\",\"potentialAction\":[{\"@type\":\"ReadAction\",\"target\":[\"https:\/\/www.friseur-hopmann.de\/?product=kreppeisen-trio-crimper\"]}]},{\"@type\":\"ImageObject\",\"inLanguage\":\"de\",\"@id\":\"https:\/\/www.friseur-hopmann.de\/?product=kreppeisen-trio-crimper#primaryimage\",\"url\":\"https:\/\/www.friseur-hopmann.de\/wp-content\/uploads\/2007\/10\/crimper-TONDEO-31007-Cerion-Crimp-perspektive_1280x1280@2x.png\",\"contentUrl\":\"https:\/\/www.friseur-hopmann.de\/wp-content\/uploads\/2007\/10\/crimper-TONDEO-31007-Cerion-Crimp-perspektive_1280x1280@2x.png\",\"width\":1046,\"height\":281},{\"@type\":\"BreadcrumbList\",\"@id\":\"https:\/\/www.friseur-hopmann.de\/?product=kreppeisen-trio-crimper#breadcrumb\",\"itemListElement\":[{\"@type\":\"ListItem\",\"position\":1,\"name\":\"Startseite\",\"item\":\"https:\/\/www.friseur-hopmann.de\/\"},{\"@type\":\"ListItem\",\"position\":2,\"name\":\"Produkte\",\"item\":\"https:\/\/www.friseur-hopmann.de\/?post_type=product\"},{\"@type\":\"ListItem\",\"position\":3,\"name\":\"Tondeo Cerion Crimp (Kreppeisen)\"}]},{\"@type\":\"WebSite\",\"@id\":\"https:\/\/www.friseur-hopmann.de\/#website\",\"url\":\"https:\/\/www.friseur-hopmann.de\/\",\"name\":\"Friseur Hopmann Hairstyling\",\"description\":\"Ihr Friseur in Nordhorn\",\"potentialAction\":[{\"@type\":\"SearchAction\",\"target\":{\"@type\":\"EntryPoint\",\"urlTemplate\":\"https:\/\/www.friseur-hopmann.de\/?s={search_term_string}\"},\"query-input\":{\"@type\":\"PropertyValueSpecification\",\"valueRequired\":true,\"valueName\":\"search_term_string\"}}],\"inLanguage\":\"de\"}]}<\/script>\n<!-- \/ Yoast SEO plugin. -->","yoast_head_json":{"title":"Kreppeisen TRIO Crimper","robots":{"index":"index","follow":"follow","max-snippet":"max-snippet:-1","max-image-preview":"max-image-preview:large","max-video-preview":"max-video-preview:-1"},"canonical":"https:\/\/www.friseur-hopmann.de\/?product=kreppeisen-trio-crimper","og_locale":"de_DE","og_type":"article","og_title":"Kreppeisen TRIO Crimper","og_description":"Der Tondeo Cerion Crimp ist ein effektives Styling-Produkt, das mit seinen Zick-Zack-Platten und der individuellen Temperatureinstellung von 150 \u00b0C bis 230 \u00b0C eine ausdrucksvolle Akzentuierung von Haarpartien erm\u00f6glicht.   Haar Crimper f\u00fcr Volumen am Ansatz und Effekt-Crimpen  hochwertige Keramikbeschichtung  haarschonend  Stufenlose Temperatureinstellung","og_url":"https:\/\/www.friseur-hopmann.de\/?product=kreppeisen-trio-crimper","og_site_name":"Friseur Hopmann Hairstyling","article_modified_time":"2024-03-29T17:16:50+00:00","og_image":[{"width":1046,"height":281,"url":"https:\/\/www.friseur-hopmann.de\/wp-content\/uploads\/2007\/10\/crimper-TONDEO-31007-Cerion-Crimp-perspektive_1280x1280@2x.png","type":"image\/png"}],"twitter_card":"summary_large_image","twitter_misc":{"Gesch\u00e4tzte Lesezeit":"1\u00a0Minute"},"schema":{"@context":"https:\/\/schema.org","@graph":[{"@type":"WebPage","@id":"https:\/\/www.friseur-hopmann.de\/?product=kreppeisen-trio-crimper","url":"https:\/\/www.friseur-hopmann.de\/?product=kreppeisen-trio-crimper","name":"Kreppeisen TRIO Crimper","isPartOf":{"@id":"https:\/\/www.friseur-hopmann.de\/#website"},"primaryImageOfPage":{"@id":"https:\/\/www.friseur-hopmann.de\/?product=kreppeisen-trio-crimper#primaryimage"},"image":{"@id":"https:\/\/www.friseur-hopmann.de\/?product=kreppeisen-trio-crimper#primaryimage"},"thumbnailUrl":"https:\/\/www.friseur-hopmann.de\/wp-content\/uploads\/2007\/10\/crimper-TONDEO-31007-Cerion-Crimp-perspektive_1280x1280@2x.png","datePublished":"2007-10-20T08:05:03+00:00","dateModified":"2024-03-29T17:16:50+00:00","breadcrumb":{"@id":"https:\/\/www.friseur-hopmann.de\/?product=kreppeisen-trio-crimper#breadcrumb"},"inLanguage":"de","potentialAction":[{"@type":"ReadAction","target":["https:\/\/www.friseur-hopmann.de\/?product=kreppeisen-trio-crimper"]}]},{"@type":"ImageObject","inLanguage":"de","@id":"https:\/\/www.friseur-hopmann.de\/?product=kreppeisen-trio-crimper#primaryimage","url":"https:\/\/www.friseur-hopmann.de\/wp-content\/uploads\/2007\/10\/crimper-TONDEO-31007-Cerion-Crimp-perspektive_1280x1280@2x.png","contentUrl":"https:\/\/www.friseur-hopmann.de\/wp-content\/uploads\/2007\/10\/crimper-TONDEO-31007-Cerion-Crimp-perspektive_1280x1280@2x.png","width":1046,"height":281},{"@type":"BreadcrumbList","@id":"https:\/\/www.friseur-hopmann.de\/?product=kreppeisen-trio-crimper#breadcrumb","itemListElement":[{"@type":"ListItem","position":1,"name":"Startseite","item":"https:\/\/www.friseur-hopmann.de\/"},{"@type":"ListItem","position":2,"name":"Produkte","item":"https:\/\/www.friseur-hopmann.de\/?post_type=product"},{"@type":"ListItem","position":3,"name":"Tondeo Cerion Crimp (Kreppeisen)"}]},{"@type":"WebSite","@id":"https:\/\/www.friseur-hopmann.de\/#website","url":"https:\/\/www.friseur-hopmann.de\/","name":"Friseur Hopmann Hairstyling","description":"Ihr Friseur in Nordhorn","potentialAction":[{"@type":"SearchAction","target":{"@type":"EntryPoint","urlTemplate":"https:\/\/www.friseur-hopmann.de\/?s={search_term_string}"},"query-input":{"@type":"PropertyValueSpecification","valueRequired":true,"valueName":"search_term_string"}}],"inLanguage":"de"}]}},"brands":[],"_links":{"self":[{"href":"https:\/\/www.friseur-hopmann.de\/index.php?rest_route=\/wp\/v2\/product\/8535","targetHints":{"allow":["GET"]}}],"collection":[{"href":"https:\/\/www.friseur-hopmann.de\/index.php?rest_route=\/wp\/v2\/product"}],"about":[{"href":"https:\/\/www.friseur-hopmann.de\/index.php?rest_route=\/wp\/v2\/types\/product"}],"replies":[{"embeddable":true,"href":"https:\/\/www.friseur-hopmann.de\/index.php?rest_route=%2Fwp%2Fv2%2Fcomments&post=8535"}],"wp:featuredmedia":[{"embeddable":true,"href":"https:\/\/www.friseur-hopmann.de\/index.php?rest_route=\/wp\/v2\/media\/24012"}],"wp:attachment":[{"href":"https:\/\/www.friseur-hopmann.de\/index.php?rest_route=%2Fwp%2Fv2%2Fmedia&parent=8535"}],"wp:term":[{"taxonomy":"pwb-brand","embeddable":true,"href":"https:\/\/www.friseur-hopmann.de\/index.php?rest_route=%2Fwp%2Fv2%2Fpwb-brand&post=8535"},{"taxonomy":"product_brand","embeddable":true,"href":"https:\/\/www.friseur-hopmann.de\/index.php?rest_route=%2Fwp%2Fv2%2Fproduct_brand&post=8535"},{"taxonomy":"product_cat","embeddable":true,"href":"https:\/\/www.friseur-hopmann.de\/index.php?rest_route=%2Fwp%2Fv2%2Fproduct_cat&post=8535"},{"taxonomy":"product_tag","embeddable":true,"href":"https:\/\/www.friseur-hopmann.de\/index.php?rest_route=%2Fwp%2Fv2%2Fproduct_tag&post=8535"}],"curies":[{"name":"wp","href":"https:\/\/api.w.org\/{rel}","templated":true}]}}