{"id":8452,"date":"2007-05-03T10:04:59","date_gmt":"2007-05-03T08:04:59","guid":{"rendered":"http:\/\/www.friseur-hopmann.de\/?post_type=product&#038;p=8452"},"modified":"2025-01-04T20:57:38","modified_gmt":"2025-01-04T18:57:38","slug":"eimi-pearl-styler-xxl-vorteilsgrosse-150-ml","status":"publish","type":"product","link":"https:\/\/www.friseur-hopmann.de\/?product=eimi-pearl-styler-xxl-vorteilsgrosse-150-ml","title":{"rendered":"EIMI-PEARL STYLER  XXL Vorteilsgr\u00f6sse 150 ml"},"content":{"rendered":"<h3>Produktbeschreibung des Wella EIMI Pearl Styler<\/h3>\n<p>Kreieren Sie starken, flexiblen Halt und Struktur mit strahlendem Perlglanz.<\/p>\n<p>Das Styling Gel Wella EIMI Pearl Styler XXL in der 150 ml Vorteilsgr\u00f6\u00dfe hilft, das Haar vor den sch\u00e4dlichen Einfl\u00fcssen von UV-Strahlen zu sch\u00fctzen.<\/p>\n<p>Mit Haltegrad 3 von 4.<\/p>\n<p>EMMI-PEARL STYLER &#8222;STYLING GEL&#8220;,<br \/>\nerm\u00f6glicht Stand und Textur.<\/p>\n<p>Sorgt f\u00fcr ein starken Halt mit Perlglanz-Finish.<\/p>\n<p>Kann alles, was von einem guten Stylinggel verlangt wird.<\/p>\n<h3>Inhaltsstoffe des Wella EIMI Pearl Styler<\/h3>\n<p>Aqua, Sorbitol, Aminomethyl Propanol, Carbomer, VA\/Crotonates Copolymer, Benzyl Alcohol, Panthenol, Methylparaben, PEG-40 Hydrogenated Castor Oil, Parfum, Disodium EDTA, Mica, Calcium Stearate, CI 77891, Hexyl Cinnamal, Benzyl Salicylate, Alpha-Isomethyl Ionone, Limonene, Linalool, Citric Acid<\/p>\n<h3>Zielgruppe des Wella EIMI Pearl Styler<\/h3>\n<p>F\u00fcr alle Haarqualit\u00e4ten.<\/p>\n<h3>Anwendung des Wella EIMI Pearl Styler<\/h3>\n<p>Ein bis zwei Pumph\u00fcbe EIMI Pearl Styler in den Handfl\u00e4chen verreiben, in das trockene Haar einarbeiten oder das Haar zerzausen.<\/p>\n<p>F\u00fcr extra Volumen bei kurzem Haar ins feuchte Haar einarbeiten und f\u00f6hnen.<\/p>\n<p><strong>Inhalt:<\/strong> 150 ml<\/p>\n","protected":false},"excerpt":{"rendered":"<p>Wella EIMI Pearl Styler XXL<\/p>\n<p>Styling-Gel, starker Halt, flexible Struktur<\/p>\n","protected":false},"featured_media":8453,"comment_status":"open","ping_status":"closed","template":"","meta":{"_exactmetrics_skip_tracking":false,"_exactmetrics_sitenote_active":false,"_exactmetrics_sitenote_note":"","_exactmetrics_sitenote_category":0,"_monsterinsights_skip_tracking":false,"_monsterinsights_sitenote_active":false,"_monsterinsights_sitenote_note":"","_monsterinsights_sitenote_category":0},"pwb-brand":[],"product_brand":[614],"product_cat":[564,586,654],"product_tag":[],"class_list":{"0":"post-8452","1":"product","2":"type-product","3":"status-publish","4":"has-post-thumbnail","6":"product_brand-wella-2","7":"product_cat-wella-gel","8":"product_cat-wella-professionals-eimi","9":"product_cat-eimi-texture","10":"pa_inhalt-633","12":"first","13":"instock","14":"taxable","15":"shipping-taxable","16":"purchasable","17":"product-type-simple"},"yoast_head":"<!-- This site is optimized with the Yoast SEO plugin v24.6 - https:\/\/yoast.com\/wordpress\/plugins\/seo\/ -->\n<title>EIMI-PEARL STYLER XXL Vorteilsgr\u00f6sse 150 ml<\/title>\n<meta name=\"robots\" content=\"index, follow, max-snippet:-1, max-image-preview:large, max-video-preview:-1\" \/>\n<link rel=\"canonical\" href=\"https:\/\/www.friseur-hopmann.de\/?product=eimi-pearl-styler-xxl-vorteilsgrosse-150-ml\" \/>\n<meta property=\"og:locale\" content=\"de_DE\" \/>\n<meta property=\"og:type\" content=\"article\" \/>\n<meta property=\"og:title\" content=\"EIMI-PEARL STYLER XXL Vorteilsgr\u00f6sse 150 ml\" \/>\n<meta property=\"og:description\" content=\"Wella EIMI Pearl Styler XXL  Styling-Gel, starker Halt, flexible Struktur\" \/>\n<meta property=\"og:url\" content=\"https:\/\/www.friseur-hopmann.de\/?product=eimi-pearl-styler-xxl-vorteilsgrosse-150-ml\" \/>\n<meta property=\"og:site_name\" content=\"Friseur Hopmann Hairstyling\" \/>\n<meta property=\"article:modified_time\" content=\"2025-01-04T18:57:38+00:00\" \/>\n<meta property=\"og:image\" content=\"http:\/\/www.friseur-hopmann.de\/wp-content\/uploads\/2016\/08\/p-8452-emmi-pearlstyler150ml.jpg\" \/>\n\t<meta property=\"og:image:width\" content=\"1000\" \/>\n\t<meta property=\"og:image:height\" content=\"1000\" \/>\n\t<meta property=\"og:image:type\" content=\"image\/jpeg\" \/>\n<meta name=\"twitter:card\" content=\"summary_large_image\" \/>\n<meta name=\"twitter:label1\" content=\"Gesch\u00e4tzte Lesezeit\" \/>\n\t<meta name=\"twitter:data1\" content=\"1\u00a0Minute\" \/>\n<script type=\"application\/ld+json\" class=\"yoast-schema-graph\">{\"@context\":\"https:\/\/schema.org\",\"@graph\":[{\"@type\":\"WebPage\",\"@id\":\"https:\/\/www.friseur-hopmann.de\/?product=eimi-pearl-styler-xxl-vorteilsgrosse-150-ml\",\"url\":\"https:\/\/www.friseur-hopmann.de\/?product=eimi-pearl-styler-xxl-vorteilsgrosse-150-ml\",\"name\":\"EIMI-PEARL STYLER XXL Vorteilsgr\u00f6sse 150 ml\",\"isPartOf\":{\"@id\":\"https:\/\/www.friseur-hopmann.de\/#website\"},\"primaryImageOfPage\":{\"@id\":\"https:\/\/www.friseur-hopmann.de\/?product=eimi-pearl-styler-xxl-vorteilsgrosse-150-ml#primaryimage\"},\"image\":{\"@id\":\"https:\/\/www.friseur-hopmann.de\/?product=eimi-pearl-styler-xxl-vorteilsgrosse-150-ml#primaryimage\"},\"thumbnailUrl\":\"https:\/\/www.friseur-hopmann.de\/wp-content\/uploads\/2016\/08\/p-8452-emmi-pearlstyler150ml.jpg\",\"datePublished\":\"2007-05-03T08:04:59+00:00\",\"dateModified\":\"2025-01-04T18:57:38+00:00\",\"breadcrumb\":{\"@id\":\"https:\/\/www.friseur-hopmann.de\/?product=eimi-pearl-styler-xxl-vorteilsgrosse-150-ml#breadcrumb\"},\"inLanguage\":\"de\",\"potentialAction\":[{\"@type\":\"ReadAction\",\"target\":[\"https:\/\/www.friseur-hopmann.de\/?product=eimi-pearl-styler-xxl-vorteilsgrosse-150-ml\"]}]},{\"@type\":\"ImageObject\",\"inLanguage\":\"de\",\"@id\":\"https:\/\/www.friseur-hopmann.de\/?product=eimi-pearl-styler-xxl-vorteilsgrosse-150-ml#primaryimage\",\"url\":\"https:\/\/www.friseur-hopmann.de\/wp-content\/uploads\/2016\/08\/p-8452-emmi-pearlstyler150ml.jpg\",\"contentUrl\":\"https:\/\/www.friseur-hopmann.de\/wp-content\/uploads\/2016\/08\/p-8452-emmi-pearlstyler150ml.jpg\",\"width\":1000,\"height\":1000,\"caption\":\"EIMI-PEARL STYLER XXL Vorteilsgr\u00f6sse 150 ml\"},{\"@type\":\"BreadcrumbList\",\"@id\":\"https:\/\/www.friseur-hopmann.de\/?product=eimi-pearl-styler-xxl-vorteilsgrosse-150-ml#breadcrumb\",\"itemListElement\":[{\"@type\":\"ListItem\",\"position\":1,\"name\":\"Startseite\",\"item\":\"https:\/\/www.friseur-hopmann.de\/\"},{\"@type\":\"ListItem\",\"position\":2,\"name\":\"Produkte\",\"item\":\"https:\/\/www.friseur-hopmann.de\/?post_type=product\"},{\"@type\":\"ListItem\",\"position\":3,\"name\":\"EIMI-PEARL STYLER XXL Vorteilsgr\u00f6sse 150 ml\"}]},{\"@type\":\"WebSite\",\"@id\":\"https:\/\/www.friseur-hopmann.de\/#website\",\"url\":\"https:\/\/www.friseur-hopmann.de\/\",\"name\":\"Friseur Hopmann Hairstyling\",\"description\":\"Ihr Friseur in Nordhorn\",\"potentialAction\":[{\"@type\":\"SearchAction\",\"target\":{\"@type\":\"EntryPoint\",\"urlTemplate\":\"https:\/\/www.friseur-hopmann.de\/?s={search_term_string}\"},\"query-input\":{\"@type\":\"PropertyValueSpecification\",\"valueRequired\":true,\"valueName\":\"search_term_string\"}}],\"inLanguage\":\"de\"}]}<\/script>\n<!-- \/ Yoast SEO plugin. -->","yoast_head_json":{"title":"EIMI-PEARL STYLER XXL Vorteilsgr\u00f6sse 150 ml","robots":{"index":"index","follow":"follow","max-snippet":"max-snippet:-1","max-image-preview":"max-image-preview:large","max-video-preview":"max-video-preview:-1"},"canonical":"https:\/\/www.friseur-hopmann.de\/?product=eimi-pearl-styler-xxl-vorteilsgrosse-150-ml","og_locale":"de_DE","og_type":"article","og_title":"EIMI-PEARL STYLER XXL Vorteilsgr\u00f6sse 150 ml","og_description":"Wella EIMI Pearl Styler XXL  Styling-Gel, starker Halt, flexible Struktur","og_url":"https:\/\/www.friseur-hopmann.de\/?product=eimi-pearl-styler-xxl-vorteilsgrosse-150-ml","og_site_name":"Friseur Hopmann Hairstyling","article_modified_time":"2025-01-04T18:57:38+00:00","og_image":[{"width":1000,"height":1000,"url":"http:\/\/www.friseur-hopmann.de\/wp-content\/uploads\/2016\/08\/p-8452-emmi-pearlstyler150ml.jpg","type":"image\/jpeg"}],"twitter_card":"summary_large_image","twitter_misc":{"Gesch\u00e4tzte Lesezeit":"1\u00a0Minute"},"schema":{"@context":"https:\/\/schema.org","@graph":[{"@type":"WebPage","@id":"https:\/\/www.friseur-hopmann.de\/?product=eimi-pearl-styler-xxl-vorteilsgrosse-150-ml","url":"https:\/\/www.friseur-hopmann.de\/?product=eimi-pearl-styler-xxl-vorteilsgrosse-150-ml","name":"EIMI-PEARL STYLER XXL Vorteilsgr\u00f6sse 150 ml","isPartOf":{"@id":"https:\/\/www.friseur-hopmann.de\/#website"},"primaryImageOfPage":{"@id":"https:\/\/www.friseur-hopmann.de\/?product=eimi-pearl-styler-xxl-vorteilsgrosse-150-ml#primaryimage"},"image":{"@id":"https:\/\/www.friseur-hopmann.de\/?product=eimi-pearl-styler-xxl-vorteilsgrosse-150-ml#primaryimage"},"thumbnailUrl":"https:\/\/www.friseur-hopmann.de\/wp-content\/uploads\/2016\/08\/p-8452-emmi-pearlstyler150ml.jpg","datePublished":"2007-05-03T08:04:59+00:00","dateModified":"2025-01-04T18:57:38+00:00","breadcrumb":{"@id":"https:\/\/www.friseur-hopmann.de\/?product=eimi-pearl-styler-xxl-vorteilsgrosse-150-ml#breadcrumb"},"inLanguage":"de","potentialAction":[{"@type":"ReadAction","target":["https:\/\/www.friseur-hopmann.de\/?product=eimi-pearl-styler-xxl-vorteilsgrosse-150-ml"]}]},{"@type":"ImageObject","inLanguage":"de","@id":"https:\/\/www.friseur-hopmann.de\/?product=eimi-pearl-styler-xxl-vorteilsgrosse-150-ml#primaryimage","url":"https:\/\/www.friseur-hopmann.de\/wp-content\/uploads\/2016\/08\/p-8452-emmi-pearlstyler150ml.jpg","contentUrl":"https:\/\/www.friseur-hopmann.de\/wp-content\/uploads\/2016\/08\/p-8452-emmi-pearlstyler150ml.jpg","width":1000,"height":1000,"caption":"EIMI-PEARL STYLER XXL Vorteilsgr\u00f6sse 150 ml"},{"@type":"BreadcrumbList","@id":"https:\/\/www.friseur-hopmann.de\/?product=eimi-pearl-styler-xxl-vorteilsgrosse-150-ml#breadcrumb","itemListElement":[{"@type":"ListItem","position":1,"name":"Startseite","item":"https:\/\/www.friseur-hopmann.de\/"},{"@type":"ListItem","position":2,"name":"Produkte","item":"https:\/\/www.friseur-hopmann.de\/?post_type=product"},{"@type":"ListItem","position":3,"name":"EIMI-PEARL STYLER XXL Vorteilsgr\u00f6sse 150 ml"}]},{"@type":"WebSite","@id":"https:\/\/www.friseur-hopmann.de\/#website","url":"https:\/\/www.friseur-hopmann.de\/","name":"Friseur Hopmann Hairstyling","description":"Ihr Friseur in Nordhorn","potentialAction":[{"@type":"SearchAction","target":{"@type":"EntryPoint","urlTemplate":"https:\/\/www.friseur-hopmann.de\/?s={search_term_string}"},"query-input":{"@type":"PropertyValueSpecification","valueRequired":true,"valueName":"search_term_string"}}],"inLanguage":"de"}]}},"brands":[],"_links":{"self":[{"href":"https:\/\/www.friseur-hopmann.de\/index.php?rest_route=\/wp\/v2\/product\/8452","targetHints":{"allow":["GET"]}}],"collection":[{"href":"https:\/\/www.friseur-hopmann.de\/index.php?rest_route=\/wp\/v2\/product"}],"about":[{"href":"https:\/\/www.friseur-hopmann.de\/index.php?rest_route=\/wp\/v2\/types\/product"}],"replies":[{"embeddable":true,"href":"https:\/\/www.friseur-hopmann.de\/index.php?rest_route=%2Fwp%2Fv2%2Fcomments&post=8452"}],"wp:featuredmedia":[{"embeddable":true,"href":"https:\/\/www.friseur-hopmann.de\/index.php?rest_route=\/wp\/v2\/media\/8453"}],"wp:attachment":[{"href":"https:\/\/www.friseur-hopmann.de\/index.php?rest_route=%2Fwp%2Fv2%2Fmedia&parent=8452"}],"wp:term":[{"taxonomy":"pwb-brand","embeddable":true,"href":"https:\/\/www.friseur-hopmann.de\/index.php?rest_route=%2Fwp%2Fv2%2Fpwb-brand&post=8452"},{"taxonomy":"product_brand","embeddable":true,"href":"https:\/\/www.friseur-hopmann.de\/index.php?rest_route=%2Fwp%2Fv2%2Fproduct_brand&post=8452"},{"taxonomy":"product_cat","embeddable":true,"href":"https:\/\/www.friseur-hopmann.de\/index.php?rest_route=%2Fwp%2Fv2%2Fproduct_cat&post=8452"},{"taxonomy":"product_tag","embeddable":true,"href":"https:\/\/www.friseur-hopmann.de\/index.php?rest_route=%2Fwp%2Fv2%2Fproduct_tag&post=8452"}],"curies":[{"name":"wp","href":"https:\/\/api.w.org\/{rel}","templated":true}]}}