{"id":8381,"date":"2006-04-26T10:04:59","date_gmt":"2006-04-26T08:04:59","guid":{"rendered":"http:\/\/www.friseur-hopmann.de\/?post_type=product&#038;p=8381"},"modified":"2024-02-16T10:21:50","modified_gmt":"2024-02-16T08:21:50","slug":"curl-styler-air-styler-set-wella","status":"publish","type":"product","link":"https:\/\/www.friseur-hopmann.de\/?product=curl-styler-air-styler-set-wella","title":{"rendered":"CURL-STYLER\/Air-Styler-Set WELLA"},"content":{"rendered":"<p class=\"lead\"><strong>Produktbeschreibung:<\/strong><\/p>\n<ul>\n<li>600 Watt<\/li>\n<li>2 Heiz- und Gebl\u00e4sestufen<\/li>\n<li>Kaltstufe zur Fixierung des Stylings<\/li>\n<li>1 kleine Rundb\u00fcrste (\u00d8 12 mm) mit Mischborsten f\u00fcr kleine Locken und Wellen<\/li>\n<li>2 Thermo-Rundb\u00fcrsten (\u00d8 20 und 30 mm) f\u00fcr kleine und mittlere Locken und Wellen mit einziehbaren Borsten<\/li>\n<li>Big Curl-Thermo Rundb\u00fcrste (\u00d8 38 mm) f\u00fcr gro\u00dfe Locken und Wellen<\/li>\n<li>Ger\u00e4te-Garantie 2 Jahre<\/li>\n<\/ul>\n<p><em>Der Curl-Styler verf\u00fcgt \u00fcber eine komfortable Bedienung. Die Einziehborsten der 20 und 30mm Durchmesser Thermo-Rundb\u00fcrsten erm\u00f6glichen ein einfaches und schnelles L\u00f6sen der Haare aus der B\u00fcrste. Das Verhaken der Haare beim Stylen wird somit verhindert. Zwei Heiz- u. Gebl\u00e4sestufen und eine zus\u00e4tzliche Abk\u00fchlstufe zur Fixierung des Stylings lassen eine individuelle Reglung zu. Attraktives Design, Silber-Mattchrom-Look, sowie eine Aufh\u00e4ngvorrichtung komplementieren diesen leistungsstarken CURL-STYLER<\/em>.<\/p>\n","protected":false},"excerpt":{"rendered":"<ul>\n<li>600 Watt<\/li>\n<li>2 Heiz- und Gebl\u00e4sestufen<\/li>\n<li>Kaltstufe zur Fixierung des Stylings<\/li>\n<li>1 kleine Rundb\u00fcrste (\u00d8 12 mm) mit Mischborsten f\u00fcr kleine Locken und Wellen<\/li>\n<li>2 Thermo-Rundb\u00fcrsten (\u00d8 20 und 30 mm) f\u00fcr kleine und mittlere Locken und Wellen mit einziehbaren Borsten<\/li>\n<li>Big Curl-Thermo Rundb\u00fcrste (\u00d8 38 mm) f\u00fcr gro\u00dfe Locken und Wellen<\/li>\n<li>Ger\u00e4te-Garantie 2 Jahre<\/li>\n<\/ul>\n","protected":false},"featured_media":8382,"comment_status":"open","ping_status":"closed","template":"","meta":{"_exactmetrics_skip_tracking":false,"_exactmetrics_sitenote_active":false,"_exactmetrics_sitenote_note":"","_exactmetrics_sitenote_category":0,"_monsterinsights_skip_tracking":false,"_monsterinsights_sitenote_active":false,"_monsterinsights_sitenote_note":"","_monsterinsights_sitenote_category":0},"pwb-brand":[],"product_brand":[614],"product_cat":[504,593],"product_tag":[],"class_list":{"0":"post-8381","1":"product","2":"type-product","3":"status-publish","4":"has-post-thumbnail","6":"product_brand-wella-2","7":"product_cat-gerate","8":"product_cat-styling-ger-te","10":"first","11":"instock","12":"taxable","13":"shipping-taxable","14":"purchasable","15":"product-type-simple"},"yoast_head":"<!-- This site is optimized with the Yoast SEO plugin v24.6 - https:\/\/yoast.com\/wordpress\/plugins\/seo\/ -->\n<title>CURL-STYLER\/Air-Styler-Set WELLA<\/title>\n<meta name=\"robots\" content=\"index, follow, max-snippet:-1, max-image-preview:large, max-video-preview:-1\" \/>\n<link rel=\"canonical\" href=\"https:\/\/www.friseur-hopmann.de\/?product=curl-styler-air-styler-set-wella\" \/>\n<meta property=\"og:locale\" content=\"de_DE\" \/>\n<meta property=\"og:type\" content=\"article\" \/>\n<meta property=\"og:title\" content=\"CURL-STYLER\/Air-Styler-Set WELLA\" \/>\n<meta property=\"og:description\" content=\"600 Watt  2 Heiz- und Gebl\u00e4sestufen  Kaltstufe zur Fixierung des Stylings  1 kleine Rundb\u00fcrste (\u00d8 12 mm) mit Mischborsten f\u00fcr kleine Locken und Wellen  2 Thermo-Rundb\u00fcrsten (\u00d8 20 und 30 mm) f\u00fcr kleine und mittlere Locken und Wellen mit einziehbaren Borsten  Big Curl-Thermo Rundb\u00fcrste (\u00d8 38 mm) f\u00fcr gro\u00dfe Locken und Wellen  Ger\u00e4te-Garantie 2 Jahre\" \/>\n<meta property=\"og:url\" content=\"https:\/\/www.friseur-hopmann.de\/?product=curl-styler-air-styler-set-wella\" \/>\n<meta property=\"og:site_name\" content=\"Friseur Hopmann Hairstyling\" \/>\n<meta property=\"article:modified_time\" content=\"2024-02-16T08:21:50+00:00\" \/>\n<meta property=\"og:image\" content=\"https:\/\/www.friseur-hopmann.de\/wp-content\/uploads\/2013\/03\/p-8381-curlstyler-set.jpg\" \/>\n\t<meta property=\"og:image:width\" content=\"225\" \/>\n\t<meta property=\"og:image:height\" content=\"350\" \/>\n\t<meta property=\"og:image:type\" content=\"image\/jpeg\" \/>\n<meta name=\"twitter:card\" content=\"summary_large_image\" \/>\n<meta name=\"twitter:label1\" content=\"Gesch\u00e4tzte Lesezeit\" \/>\n\t<meta name=\"twitter:data1\" content=\"1\u00a0Minute\" \/>\n<script type=\"application\/ld+json\" class=\"yoast-schema-graph\">{\"@context\":\"https:\/\/schema.org\",\"@graph\":[{\"@type\":\"WebPage\",\"@id\":\"https:\/\/www.friseur-hopmann.de\/?product=curl-styler-air-styler-set-wella\",\"url\":\"https:\/\/www.friseur-hopmann.de\/?product=curl-styler-air-styler-set-wella\",\"name\":\"CURL-STYLER\/Air-Styler-Set WELLA\",\"isPartOf\":{\"@id\":\"https:\/\/www.friseur-hopmann.de\/#website\"},\"primaryImageOfPage\":{\"@id\":\"https:\/\/www.friseur-hopmann.de\/?product=curl-styler-air-styler-set-wella#primaryimage\"},\"image\":{\"@id\":\"https:\/\/www.friseur-hopmann.de\/?product=curl-styler-air-styler-set-wella#primaryimage\"},\"thumbnailUrl\":\"https:\/\/www.friseur-hopmann.de\/wp-content\/uploads\/2013\/03\/p-8381-curlstyler-set.jpg\",\"datePublished\":\"2006-04-26T08:04:59+00:00\",\"dateModified\":\"2024-02-16T08:21:50+00:00\",\"breadcrumb\":{\"@id\":\"https:\/\/www.friseur-hopmann.de\/?product=curl-styler-air-styler-set-wella#breadcrumb\"},\"inLanguage\":\"de\",\"potentialAction\":[{\"@type\":\"ReadAction\",\"target\":[\"https:\/\/www.friseur-hopmann.de\/?product=curl-styler-air-styler-set-wella\"]}]},{\"@type\":\"ImageObject\",\"inLanguage\":\"de\",\"@id\":\"https:\/\/www.friseur-hopmann.de\/?product=curl-styler-air-styler-set-wella#primaryimage\",\"url\":\"https:\/\/www.friseur-hopmann.de\/wp-content\/uploads\/2013\/03\/p-8381-curlstyler-set.jpg\",\"contentUrl\":\"https:\/\/www.friseur-hopmann.de\/wp-content\/uploads\/2013\/03\/p-8381-curlstyler-set.jpg\",\"width\":225,\"height\":350,\"caption\":\"CURL-STYLER\/Air-Styler-Set WELLA\"},{\"@type\":\"BreadcrumbList\",\"@id\":\"https:\/\/www.friseur-hopmann.de\/?product=curl-styler-air-styler-set-wella#breadcrumb\",\"itemListElement\":[{\"@type\":\"ListItem\",\"position\":1,\"name\":\"Startseite\",\"item\":\"https:\/\/www.friseur-hopmann.de\/\"},{\"@type\":\"ListItem\",\"position\":2,\"name\":\"Produkte\",\"item\":\"https:\/\/www.friseur-hopmann.de\/?post_type=product\"},{\"@type\":\"ListItem\",\"position\":3,\"name\":\"CURL-STYLER\/Air-Styler-Set WELLA\"}]},{\"@type\":\"WebSite\",\"@id\":\"https:\/\/www.friseur-hopmann.de\/#website\",\"url\":\"https:\/\/www.friseur-hopmann.de\/\",\"name\":\"Friseur Hopmann Hairstyling\",\"description\":\"Ihr Friseur in Nordhorn\",\"potentialAction\":[{\"@type\":\"SearchAction\",\"target\":{\"@type\":\"EntryPoint\",\"urlTemplate\":\"https:\/\/www.friseur-hopmann.de\/?s={search_term_string}\"},\"query-input\":{\"@type\":\"PropertyValueSpecification\",\"valueRequired\":true,\"valueName\":\"search_term_string\"}}],\"inLanguage\":\"de\"}]}<\/script>\n<!-- \/ Yoast SEO plugin. -->","yoast_head_json":{"title":"CURL-STYLER\/Air-Styler-Set WELLA","robots":{"index":"index","follow":"follow","max-snippet":"max-snippet:-1","max-image-preview":"max-image-preview:large","max-video-preview":"max-video-preview:-1"},"canonical":"https:\/\/www.friseur-hopmann.de\/?product=curl-styler-air-styler-set-wella","og_locale":"de_DE","og_type":"article","og_title":"CURL-STYLER\/Air-Styler-Set WELLA","og_description":"600 Watt  2 Heiz- und Gebl\u00e4sestufen  Kaltstufe zur Fixierung des Stylings  1 kleine Rundb\u00fcrste (\u00d8 12 mm) mit Mischborsten f\u00fcr kleine Locken und Wellen  2 Thermo-Rundb\u00fcrsten (\u00d8 20 und 30 mm) f\u00fcr kleine und mittlere Locken und Wellen mit einziehbaren Borsten  Big Curl-Thermo Rundb\u00fcrste (\u00d8 38 mm) f\u00fcr gro\u00dfe Locken und Wellen  Ger\u00e4te-Garantie 2 Jahre","og_url":"https:\/\/www.friseur-hopmann.de\/?product=curl-styler-air-styler-set-wella","og_site_name":"Friseur Hopmann Hairstyling","article_modified_time":"2024-02-16T08:21:50+00:00","og_image":[{"width":225,"height":350,"url":"https:\/\/www.friseur-hopmann.de\/wp-content\/uploads\/2013\/03\/p-8381-curlstyler-set.jpg","type":"image\/jpeg"}],"twitter_card":"summary_large_image","twitter_misc":{"Gesch\u00e4tzte Lesezeit":"1\u00a0Minute"},"schema":{"@context":"https:\/\/schema.org","@graph":[{"@type":"WebPage","@id":"https:\/\/www.friseur-hopmann.de\/?product=curl-styler-air-styler-set-wella","url":"https:\/\/www.friseur-hopmann.de\/?product=curl-styler-air-styler-set-wella","name":"CURL-STYLER\/Air-Styler-Set WELLA","isPartOf":{"@id":"https:\/\/www.friseur-hopmann.de\/#website"},"primaryImageOfPage":{"@id":"https:\/\/www.friseur-hopmann.de\/?product=curl-styler-air-styler-set-wella#primaryimage"},"image":{"@id":"https:\/\/www.friseur-hopmann.de\/?product=curl-styler-air-styler-set-wella#primaryimage"},"thumbnailUrl":"https:\/\/www.friseur-hopmann.de\/wp-content\/uploads\/2013\/03\/p-8381-curlstyler-set.jpg","datePublished":"2006-04-26T08:04:59+00:00","dateModified":"2024-02-16T08:21:50+00:00","breadcrumb":{"@id":"https:\/\/www.friseur-hopmann.de\/?product=curl-styler-air-styler-set-wella#breadcrumb"},"inLanguage":"de","potentialAction":[{"@type":"ReadAction","target":["https:\/\/www.friseur-hopmann.de\/?product=curl-styler-air-styler-set-wella"]}]},{"@type":"ImageObject","inLanguage":"de","@id":"https:\/\/www.friseur-hopmann.de\/?product=curl-styler-air-styler-set-wella#primaryimage","url":"https:\/\/www.friseur-hopmann.de\/wp-content\/uploads\/2013\/03\/p-8381-curlstyler-set.jpg","contentUrl":"https:\/\/www.friseur-hopmann.de\/wp-content\/uploads\/2013\/03\/p-8381-curlstyler-set.jpg","width":225,"height":350,"caption":"CURL-STYLER\/Air-Styler-Set WELLA"},{"@type":"BreadcrumbList","@id":"https:\/\/www.friseur-hopmann.de\/?product=curl-styler-air-styler-set-wella#breadcrumb","itemListElement":[{"@type":"ListItem","position":1,"name":"Startseite","item":"https:\/\/www.friseur-hopmann.de\/"},{"@type":"ListItem","position":2,"name":"Produkte","item":"https:\/\/www.friseur-hopmann.de\/?post_type=product"},{"@type":"ListItem","position":3,"name":"CURL-STYLER\/Air-Styler-Set WELLA"}]},{"@type":"WebSite","@id":"https:\/\/www.friseur-hopmann.de\/#website","url":"https:\/\/www.friseur-hopmann.de\/","name":"Friseur Hopmann Hairstyling","description":"Ihr Friseur in Nordhorn","potentialAction":[{"@type":"SearchAction","target":{"@type":"EntryPoint","urlTemplate":"https:\/\/www.friseur-hopmann.de\/?s={search_term_string}"},"query-input":{"@type":"PropertyValueSpecification","valueRequired":true,"valueName":"search_term_string"}}],"inLanguage":"de"}]}},"brands":[],"_links":{"self":[{"href":"https:\/\/www.friseur-hopmann.de\/index.php?rest_route=\/wp\/v2\/product\/8381","targetHints":{"allow":["GET"]}}],"collection":[{"href":"https:\/\/www.friseur-hopmann.de\/index.php?rest_route=\/wp\/v2\/product"}],"about":[{"href":"https:\/\/www.friseur-hopmann.de\/index.php?rest_route=\/wp\/v2\/types\/product"}],"replies":[{"embeddable":true,"href":"https:\/\/www.friseur-hopmann.de\/index.php?rest_route=%2Fwp%2Fv2%2Fcomments&post=8381"}],"wp:featuredmedia":[{"embeddable":true,"href":"https:\/\/www.friseur-hopmann.de\/index.php?rest_route=\/wp\/v2\/media\/8382"}],"wp:attachment":[{"href":"https:\/\/www.friseur-hopmann.de\/index.php?rest_route=%2Fwp%2Fv2%2Fmedia&parent=8381"}],"wp:term":[{"taxonomy":"pwb-brand","embeddable":true,"href":"https:\/\/www.friseur-hopmann.de\/index.php?rest_route=%2Fwp%2Fv2%2Fpwb-brand&post=8381"},{"taxonomy":"product_brand","embeddable":true,"href":"https:\/\/www.friseur-hopmann.de\/index.php?rest_route=%2Fwp%2Fv2%2Fproduct_brand&post=8381"},{"taxonomy":"product_cat","embeddable":true,"href":"https:\/\/www.friseur-hopmann.de\/index.php?rest_route=%2Fwp%2Fv2%2Fproduct_cat&post=8381"},{"taxonomy":"product_tag","embeddable":true,"href":"https:\/\/www.friseur-hopmann.de\/index.php?rest_route=%2Fwp%2Fv2%2Fproduct_tag&post=8381"}],"curies":[{"name":"wp","href":"https:\/\/api.w.org\/{rel}","templated":true}]}}

<p class="lead"><strong>Produktbeschreibung:</strong></p>
<ul>
<li>600 Watt</li>
<li>2 Heiz- und Gebläsestufen</li>
<li>Kaltstufe zur Fixierung des Stylings</li>
<li>1 kleine Rundbürste (Ø 12 mm) mit Mischborsten für kleine Locken und Wellen</li>
<li>2 Thermo-Rundbürsten (Ø 20 und 30 mm) für kleine und mittlere Locken und Wellen mit einziehbaren Borsten</li>
<li>Big Curl-Thermo Rundbürste (Ø 38 mm) für große Locken und Wellen</li>
<li>Geräte-Garantie 2 Jahre</li>
</ul>
<p><em>Der Curl-Styler verfügt über eine komfortable Bedienung. Die Einziehborsten der 20 und 30mm Durchmesser Thermo-Rundbürsten ermöglichen ein einfaches und schnelles Lösen der Haare aus der Bürste. Das Verhaken der Haare beim Stylen wird somit verhindert. Zwei Heiz- u. Gebläsestufen und eine zusätzliche Abkühlstufe zur Fixierung des Stylings lassen eine individuelle Reglung zu. Attraktives Design, Silber-Mattchrom-Look, sowie eine Aufhängvorrichtung komplementieren diesen leistungsstarken CURL-STYLER</em>.</p>

<ul>
<li>600 Watt</li>
<li>2 Heiz- und Gebläsestufen</li>
<li>Kaltstufe zur Fixierung des Stylings</li>
<li>1 kleine Rundbürste (Ø 12 mm) mit Mischborsten für kleine Locken und Wellen</li>
<li>2 Thermo-Rundbürsten (Ø 20 und 30 mm) für kleine und mittlere Locken und Wellen mit einziehbaren Borsten</li>
<li>Big Curl-Thermo Rundbürste (Ø 38 mm) für große Locken und Wellen</li>
<li>Geräte-Garantie 2 Jahre</li>
</ul>

<!-- This site is optimized with the Yoast SEO plugin v24.6 - https://yoast.com/wordpress/plugins/seo/ -->
<title>CURL-STYLER/Air-Styler-Set WELLA</title>
<meta name="robots" content="index, follow, max-snippet:-1, max-image-preview:large, max-video-preview:-1" />
<link rel="canonical" href="https://www.friseur-hopmann.de/?product=curl-styler-air-styler-set-wella" />
<meta property="og:locale" content="de_DE" />
<meta property="og:type" content="article" />
<meta property="og:title" content="CURL-STYLER/Air-Styler-Set WELLA" />
<meta property="og:description" content="600 Watt  2 Heiz- und Gebläsestufen  Kaltstufe zur Fixierung des Stylings  1 kleine Rundbürste (Ø 12 mm) mit Mischborsten für kleine Locken und Wellen  2 Thermo-Rundbürsten (Ø 20 und 30 mm) für kleine und mittlere Locken und Wellen mit einziehbaren Borsten  Big Curl-Thermo Rundbürste (Ø 38 mm) für große Locken und Wellen  Geräte-Garantie 2 Jahre" />
<meta property="og:url" content="https://www.friseur-hopmann.de/?product=curl-styler-air-styler-set-wella" />
<meta property="og:site_name" content="Friseur Hopmann Hairstyling" />
<meta property="article:modified_time" content="2024-02-16T08:21:50+00:00" />
<meta property="og:image" content="https://www.friseur-hopmann.de/wp-content/uploads/2013/03/p-8381-curlstyler-set.jpg" />
	<meta property="og:image:width" content="225" />
	<meta property="og:image:height" content="350" />
	<meta property="og:image:type" content="image/jpeg" />
<meta name="twitter:card" content="summary_large_image" />
<meta name="twitter:label1" content="Geschätzte Lesezeit" />
	<meta name="twitter:data1" content="1 Minute" />
<script type="application/ld+json" class="yoast-schema-graph">{"@context":"https://schema.org","@graph":[{"@type":"WebPage","@id":"https://www.friseur-hopmann.de/?product=curl-styler-air-styler-set-wella","url":"https://www.friseur-hopmann.de/?product=curl-styler-air-styler-set-wella","name":"CURL-STYLER/Air-Styler-Set WELLA","isPartOf":{"@id":"https://www.friseur-hopmann.de/#website"},"primaryImageOfPage":{"@id":"https://www.friseur-hopmann.de/?product=curl-styler-air-styler-set-wella#primaryimage"},"image":{"@id":"https://www.friseur-hopmann.de/?product=curl-styler-air-styler-set-wella#primaryimage"},"thumbnailUrl":"https://www.friseur-hopmann.de/wp-content/uploads/2013/03/p-8381-curlstyler-set.jpg","datePublished":"2006-04-26T08:04:59+00:00","dateModified":"2024-02-16T08:21:50+00:00","breadcrumb":{"@id":"https://www.friseur-hopmann.de/?product=curl-styler-air-styler-set-wella#breadcrumb"},"inLanguage":"de","potentialAction":[{"@type":"ReadAction","target":["https://www.friseur-hopmann.de/?product=curl-styler-air-styler-set-wella"]}]},{"@type":"ImageObject","inLanguage":"de","@id":"https://www.friseur-hopmann.de/?product=curl-styler-air-styler-set-wella#primaryimage","url":"https://www.friseur-hopmann.de/wp-content/uploads/2013/03/p-8381-curlstyler-set.jpg","contentUrl":"https://www.friseur-hopmann.de/wp-content/uploads/2013/03/p-8381-curlstyler-set.jpg","width":225,"height":350,"caption":"CURL-STYLER/Air-Styler-Set WELLA"},{"@type":"BreadcrumbList","@id":"https://www.friseur-hopmann.de/?product=curl-styler-air-styler-set-wella#breadcrumb","itemListElement":[{"@type":"ListItem","position":1,"name":"Startseite","item":"https://www.friseur-hopmann.de/"},{"@type":"ListItem","position":2,"name":"Produkte","item":"https://www.friseur-hopmann.de/?post_type=product"},{"@type":"ListItem","position":3,"name":"CURL-STYLER/Air-Styler-Set WELLA"}]},{"@type":"WebSite","@id":"https://www.friseur-hopmann.de/#website","url":"https://www.friseur-hopmann.de/","name":"Friseur Hopmann Hairstyling","description":"Ihr Friseur in Nordhorn","potentialAction":[{"@type":"SearchAction","target":{"@type":"EntryPoint","urlTemplate":"https://www.friseur-hopmann.de/?s={search_term_string}"},"query-input":{"@type":"PropertyValueSpecification","valueRequired":true,"valueName":"search_term_string"}}],"inLanguage":"de"}]}</script>
<!-- / Yoast SEO plugin. -->

600 Watt  2 Heiz- und Gebläsestufen  Kaltstufe zur Fixierung des Stylings  1 kleine Rundbürste (Ø 12 mm) mit Mischborsten für kleine Locken und Wellen  2 Thermo-Rundbürsten (Ø 20 und 30 mm) für kleine und mittlere Locken und Wellen mit einziehbaren Borsten  Big Curl-Thermo Rundbürste (Ø 38 mm) für große Locken und Wellen  Geräte-Garantie 2 Jahre
