{"id":8250,"date":"2005-06-22T10:04:58","date_gmt":"2005-06-22T08:04:58","guid":{"rendered":"http:\/\/www.friseur-hopmann.de\/?post_type=product&#038;p=8250"},"modified":"2025-01-04T22:11:49","modified_gmt":"2025-01-04T20:11:49","slug":"extreme-cat-treatment-150-ml","status":"publish","type":"product","link":"https:\/\/www.friseur-hopmann.de\/?product=extreme-cat-treatment-150-ml","title":{"rendered":"EXTREME CAT TREATMENT 250 ml"},"content":{"rendered":"<h3>Produktbeschreibung:<\/h3>\n<p>Redken EXTREME CAT-TREATMENT<br \/>\nRedken Extreme Cat ist eine hochwertige Haarpflegekur, welche exakt auf die Bed\u00fcrfnisse von stark gesch\u00e4digtem Haar abgestimmt wurde. Der einzigartige Pflegekomplex macht Ihr Haar widerstandsf\u00e4higer und kr\u00e4ftigt es von innen.<\/p>\n<p>Der einzigartige Fortifying Komplex dringt tief in das Haar ein und regeneriert es. Redken Extreme Cat gl\u00e4ttet die Struktur der \u00e4u\u00dferen Schuppenschicht und l\u00e4sst diese ges\u00fcnder erscheinen. Hochwertige Ceramide machen die Haaroberfl\u00e4che widerstandsf\u00e4higer und sch\u00fctzen so vor erneuten negativen Einfl\u00fcssen. Damit beugen Sie Haarbruch und Haarspliss effektiv vor.<\/p>\n<p>Als dritte Komponente enth\u00e4lt Redken Extreme Cat, eine Vielzahl an Proteinen. Dieses sogenannte Interlock Protein Network unterst\u00fctzt den nat\u00fcrlichen Regenerationsprozess des Haares und macht es widerstandsf\u00e4higer gegen\u00fcber Umwelteinfl\u00fcssen.<\/p>\n<h3>Ergebnis:<\/h3>\n<p>Redken hat mit der Extreme Cat eine Pflege f\u00fcr stark gesch\u00e4digtes, geschw\u00e4chtes und chemisch behandeltes Haar entwickelt. Bereits mit der ersten Anwendung wird das Haar nachhaltig gepflegt und regeneriert. Die hochwertige Pflegeformel gl\u00e4ttet die Oberfl\u00e4che des Haares und l\u00e4sst es in neuem Glanz erstrahlen. Das Haar ist weniger anf\u00e4llig gegen\u00fcber mechanischen Einwirkungen wie K\u00e4mmen oder B\u00fcrsten.<\/p>\n<h3>Anwendung:<\/h3>\n<p>Nach der Haarw\u00e4sche mit Redken Extreme Shampoo einfach Redken Extreme Cat sanft in das noch feuchte Haar einmassieren. Die Menge ist von der Haarl\u00e4nge abh\u00e4ngig. Bei mittellangem Haar empfehlen wir, die Pumpe dreimal zu bet\u00e4tigen. Anschlie\u00dfend Redken Extreme Cat drei bis f\u00fcnf Minuten einwirken lassen, mit lauwarmem Wasser aussp\u00fclen. Nun kann das Haar wie gewohnt frisiert werden. Falls eine Weiterbehandlung mit F\u00f6n oder Gl\u00e4tteisen erfolgt, empfehlen wir einen zus\u00e4tzlichen Hitzeschutz, zum Beispiel <em>Fabricat03<\/em><\/p>\n<h3>Technologie:<\/h3>\n<p>INTERLOCK PROTEIN NETWORK (IPN)<br \/>\npenetriert tief in der Cortex f\u00fcr innere St\u00e4rke.<br \/>\nFORTIFYING KOMPLEX<br \/>\n18-MEA (18-Methyl-Eicosans\u00e4ure Derivat) = stellt die sch\u00fctzende Lipidschicht und Haaroberfl\u00e4che wieder her und sorgt f\u00fcr strahlenden Glanz.<br \/>\nCERAMIDE = st\u00e4rken die Cuticula f\u00fcr gezielte Reparatur.<\/p>\n<h3>Anwendung:<\/h3>\n<p>Nach dem Waschen \u00fcbersch\u00fcssiges Wasser aus dem Haar dr\u00fccken, einige Pump-Dosierungen CAT Treatment auf dem Haar verteilen, 3-5 Minuten einwirken lassen und aussp\u00fclen.<br \/>\nAnschlie\u00dfend Conditioner verwenden.<\/p>\n<p><strong>Inhalt:<\/strong> 250\u00a0 ml<\/p>\n","protected":false},"excerpt":{"rendered":"<p>Redken EXTREME CAT-TREATMENT<br \/>\nRedken Extreme Cat ist eine hochwertige Haarpflegekur, welche exakt auf die Bed\u00fcrfnisse von stark gesch\u00e4digtem Haar abgestimmt wurde. Der einzigartige Pflegekomplex macht Ihr Haar widerstandsf\u00e4higer und kr\u00e4ftigt es von inne.<\/p>\n","protected":false},"featured_media":24403,"comment_status":"open","ping_status":"closed","template":"","meta":{"_exactmetrics_skip_tracking":false,"_exactmetrics_sitenote_active":false,"_exactmetrics_sitenote_note":"","_exactmetrics_sitenote_category":0,"_monsterinsights_skip_tracking":false,"_monsterinsights_sitenote_active":false,"_monsterinsights_sitenote_note":"","_monsterinsights_sitenote_category":0},"pwb-brand":[],"product_brand":[613],"product_cat":[526,553,558,555],"product_tag":[],"class_list":{"0":"post-8250","1":"product","2":"type-product","3":"status-publish","4":"has-post-thumbnail","6":"product_brand-redken-2","7":"product_cat-extreme","8":"product_cat-redken-haarpflege","9":"product_cat-redken-hitzeschutz","10":"product_cat-redken-pflegelotion","11":"pa_inhalt-633","13":"first","14":"instock","15":"taxable","16":"shipping-taxable","17":"purchasable","18":"product-type-simple"},"yoast_head":"<!-- This site is optimized with the Yoast SEO plugin v24.6 - https:\/\/yoast.com\/wordpress\/plugins\/seo\/ -->\n<title>EXTREME CAT TREATMENT 150 ml<\/title>\n<meta name=\"robots\" content=\"index, follow, max-snippet:-1, max-image-preview:large, max-video-preview:-1\" \/>\n<link rel=\"canonical\" href=\"https:\/\/www.friseur-hopmann.de\/?product=extreme-cat-treatment-150-ml\" \/>\n<meta property=\"og:locale\" content=\"de_DE\" \/>\n<meta property=\"og:type\" content=\"article\" \/>\n<meta property=\"og:title\" content=\"EXTREME CAT TREATMENT 150 ml\" \/>\n<meta property=\"og:description\" content=\"Redken EXTREME CAT-TREATMENT Redken Extreme Cat ist eine hochwertige Haarpflegekur, welche exakt auf die Bed\u00fcrfnisse von stark gesch\u00e4digtem Haar abgestimmt wurde. Der einzigartige Pflegekomplex macht Ihr Haar widerstandsf\u00e4higer und kr\u00e4ftigt es von inne.\" \/>\n<meta property=\"og:url\" content=\"https:\/\/www.friseur-hopmann.de\/?product=extreme-cat-treatment-150-ml\" \/>\n<meta property=\"og:site_name\" content=\"Friseur Hopmann Hairstyling\" \/>\n<meta property=\"article:modified_time\" content=\"2025-01-04T20:11:49+00:00\" \/>\n<meta property=\"og:image\" content=\"http:\/\/www.friseur-hopmann.de\/wp-content\/uploads\/2005\/06\/Extr-Ct.webp\" \/>\n\t<meta property=\"og:image:width\" content=\"1000\" \/>\n\t<meta property=\"og:image:height\" content=\"1000\" \/>\n\t<meta property=\"og:image:type\" content=\"image\/webp\" \/>\n<meta name=\"twitter:card\" content=\"summary_large_image\" \/>\n<meta name=\"twitter:label1\" content=\"Gesch\u00e4tzte Lesezeit\" \/>\n\t<meta name=\"twitter:data1\" content=\"2\u00a0Minuten\" \/>\n<script type=\"application\/ld+json\" class=\"yoast-schema-graph\">{\"@context\":\"https:\/\/schema.org\",\"@graph\":[{\"@type\":\"WebPage\",\"@id\":\"https:\/\/www.friseur-hopmann.de\/?product=extreme-cat-treatment-150-ml\",\"url\":\"https:\/\/www.friseur-hopmann.de\/?product=extreme-cat-treatment-150-ml\",\"name\":\"EXTREME CAT TREATMENT 150 ml\",\"isPartOf\":{\"@id\":\"https:\/\/www.friseur-hopmann.de\/#website\"},\"primaryImageOfPage\":{\"@id\":\"https:\/\/www.friseur-hopmann.de\/?product=extreme-cat-treatment-150-ml#primaryimage\"},\"image\":{\"@id\":\"https:\/\/www.friseur-hopmann.de\/?product=extreme-cat-treatment-150-ml#primaryimage\"},\"thumbnailUrl\":\"https:\/\/www.friseur-hopmann.de\/wp-content\/uploads\/2005\/06\/Extr-Ct.webp\",\"datePublished\":\"2005-06-22T08:04:58+00:00\",\"dateModified\":\"2025-01-04T20:11:49+00:00\",\"breadcrumb\":{\"@id\":\"https:\/\/www.friseur-hopmann.de\/?product=extreme-cat-treatment-150-ml#breadcrumb\"},\"inLanguage\":\"de\",\"potentialAction\":[{\"@type\":\"ReadAction\",\"target\":[\"https:\/\/www.friseur-hopmann.de\/?product=extreme-cat-treatment-150-ml\"]}]},{\"@type\":\"ImageObject\",\"inLanguage\":\"de\",\"@id\":\"https:\/\/www.friseur-hopmann.de\/?product=extreme-cat-treatment-150-ml#primaryimage\",\"url\":\"https:\/\/www.friseur-hopmann.de\/wp-content\/uploads\/2005\/06\/Extr-Ct.webp\",\"contentUrl\":\"https:\/\/www.friseur-hopmann.de\/wp-content\/uploads\/2005\/06\/Extr-Ct.webp\",\"width\":1000,\"height\":1000},{\"@type\":\"BreadcrumbList\",\"@id\":\"https:\/\/www.friseur-hopmann.de\/?product=extreme-cat-treatment-150-ml#breadcrumb\",\"itemListElement\":[{\"@type\":\"ListItem\",\"position\":1,\"name\":\"Startseite\",\"item\":\"https:\/\/www.friseur-hopmann.de\/\"},{\"@type\":\"ListItem\",\"position\":2,\"name\":\"Produkte\",\"item\":\"https:\/\/www.friseur-hopmann.de\/?post_type=product\"},{\"@type\":\"ListItem\",\"position\":3,\"name\":\"EXTREME CAT TREATMENT 250 ml\"}]},{\"@type\":\"WebSite\",\"@id\":\"https:\/\/www.friseur-hopmann.de\/#website\",\"url\":\"https:\/\/www.friseur-hopmann.de\/\",\"name\":\"Friseur Hopmann Hairstyling\",\"description\":\"Ihr Friseur in Nordhorn\",\"potentialAction\":[{\"@type\":\"SearchAction\",\"target\":{\"@type\":\"EntryPoint\",\"urlTemplate\":\"https:\/\/www.friseur-hopmann.de\/?s={search_term_string}\"},\"query-input\":{\"@type\":\"PropertyValueSpecification\",\"valueRequired\":true,\"valueName\":\"search_term_string\"}}],\"inLanguage\":\"de\"}]}<\/script>\n<!-- \/ Yoast SEO plugin. -->","yoast_head_json":{"title":"EXTREME CAT TREATMENT 150 ml","robots":{"index":"index","follow":"follow","max-snippet":"max-snippet:-1","max-image-preview":"max-image-preview:large","max-video-preview":"max-video-preview:-1"},"canonical":"https:\/\/www.friseur-hopmann.de\/?product=extreme-cat-treatment-150-ml","og_locale":"de_DE","og_type":"article","og_title":"EXTREME CAT TREATMENT 150 ml","og_description":"Redken EXTREME CAT-TREATMENT Redken Extreme Cat ist eine hochwertige Haarpflegekur, welche exakt auf die Bed\u00fcrfnisse von stark gesch\u00e4digtem Haar abgestimmt wurde. Der einzigartige Pflegekomplex macht Ihr Haar widerstandsf\u00e4higer und kr\u00e4ftigt es von inne.","og_url":"https:\/\/www.friseur-hopmann.de\/?product=extreme-cat-treatment-150-ml","og_site_name":"Friseur Hopmann Hairstyling","article_modified_time":"2025-01-04T20:11:49+00:00","og_image":[{"width":1000,"height":1000,"url":"http:\/\/www.friseur-hopmann.de\/wp-content\/uploads\/2005\/06\/Extr-Ct.webp","type":"image\/webp"}],"twitter_card":"summary_large_image","twitter_misc":{"Gesch\u00e4tzte Lesezeit":"2\u00a0Minuten"},"schema":{"@context":"https:\/\/schema.org","@graph":[{"@type":"WebPage","@id":"https:\/\/www.friseur-hopmann.de\/?product=extreme-cat-treatment-150-ml","url":"https:\/\/www.friseur-hopmann.de\/?product=extreme-cat-treatment-150-ml","name":"EXTREME CAT TREATMENT 150 ml","isPartOf":{"@id":"https:\/\/www.friseur-hopmann.de\/#website"},"primaryImageOfPage":{"@id":"https:\/\/www.friseur-hopmann.de\/?product=extreme-cat-treatment-150-ml#primaryimage"},"image":{"@id":"https:\/\/www.friseur-hopmann.de\/?product=extreme-cat-treatment-150-ml#primaryimage"},"thumbnailUrl":"https:\/\/www.friseur-hopmann.de\/wp-content\/uploads\/2005\/06\/Extr-Ct.webp","datePublished":"2005-06-22T08:04:58+00:00","dateModified":"2025-01-04T20:11:49+00:00","breadcrumb":{"@id":"https:\/\/www.friseur-hopmann.de\/?product=extreme-cat-treatment-150-ml#breadcrumb"},"inLanguage":"de","potentialAction":[{"@type":"ReadAction","target":["https:\/\/www.friseur-hopmann.de\/?product=extreme-cat-treatment-150-ml"]}]},{"@type":"ImageObject","inLanguage":"de","@id":"https:\/\/www.friseur-hopmann.de\/?product=extreme-cat-treatment-150-ml#primaryimage","url":"https:\/\/www.friseur-hopmann.de\/wp-content\/uploads\/2005\/06\/Extr-Ct.webp","contentUrl":"https:\/\/www.friseur-hopmann.de\/wp-content\/uploads\/2005\/06\/Extr-Ct.webp","width":1000,"height":1000},{"@type":"BreadcrumbList","@id":"https:\/\/www.friseur-hopmann.de\/?product=extreme-cat-treatment-150-ml#breadcrumb","itemListElement":[{"@type":"ListItem","position":1,"name":"Startseite","item":"https:\/\/www.friseur-hopmann.de\/"},{"@type":"ListItem","position":2,"name":"Produkte","item":"https:\/\/www.friseur-hopmann.de\/?post_type=product"},{"@type":"ListItem","position":3,"name":"EXTREME CAT TREATMENT 250 ml"}]},{"@type":"WebSite","@id":"https:\/\/www.friseur-hopmann.de\/#website","url":"https:\/\/www.friseur-hopmann.de\/","name":"Friseur Hopmann Hairstyling","description":"Ihr Friseur in Nordhorn","potentialAction":[{"@type":"SearchAction","target":{"@type":"EntryPoint","urlTemplate":"https:\/\/www.friseur-hopmann.de\/?s={search_term_string}"},"query-input":{"@type":"PropertyValueSpecification","valueRequired":true,"valueName":"search_term_string"}}],"inLanguage":"de"}]}},"brands":[],"_links":{"self":[{"href":"https:\/\/www.friseur-hopmann.de\/index.php?rest_route=\/wp\/v2\/product\/8250","targetHints":{"allow":["GET"]}}],"collection":[{"href":"https:\/\/www.friseur-hopmann.de\/index.php?rest_route=\/wp\/v2\/product"}],"about":[{"href":"https:\/\/www.friseur-hopmann.de\/index.php?rest_route=\/wp\/v2\/types\/product"}],"replies":[{"embeddable":true,"href":"https:\/\/www.friseur-hopmann.de\/index.php?rest_route=%2Fwp%2Fv2%2Fcomments&post=8250"}],"wp:featuredmedia":[{"embeddable":true,"href":"https:\/\/www.friseur-hopmann.de\/index.php?rest_route=\/wp\/v2\/media\/24403"}],"wp:attachment":[{"href":"https:\/\/www.friseur-hopmann.de\/index.php?rest_route=%2Fwp%2Fv2%2Fmedia&parent=8250"}],"wp:term":[{"taxonomy":"pwb-brand","embeddable":true,"href":"https:\/\/www.friseur-hopmann.de\/index.php?rest_route=%2Fwp%2Fv2%2Fpwb-brand&post=8250"},{"taxonomy":"product_brand","embeddable":true,"href":"https:\/\/www.friseur-hopmann.de\/index.php?rest_route=%2Fwp%2Fv2%2Fproduct_brand&post=8250"},{"taxonomy":"product_cat","embeddable":true,"href":"https:\/\/www.friseur-hopmann.de\/index.php?rest_route=%2Fwp%2Fv2%2Fproduct_cat&post=8250"},{"taxonomy":"product_tag","embeddable":true,"href":"https:\/\/www.friseur-hopmann.de\/index.php?rest_route=%2Fwp%2Fv2%2Fproduct_tag&post=8250"}],"curies":[{"name":"wp","href":"https:\/\/api.w.org\/{rel}","templated":true}]}}