{"id":25470,"date":"2025-10-31T12:37:34","date_gmt":"2025-10-31T10:37:34","guid":{"rendered":"https:\/\/www.friseur-hopmann.de\/?post_type=product&#038;p=25470"},"modified":"2026-01-18T15:57:15","modified_gmt":"2026-01-18T13:57:15","slug":"kerastase-gloss-insta-galaze-fondant-conditioner-250-ml","status":"publish","type":"product","link":"https:\/\/www.friseur-hopmann.de\/?product=kerastase-gloss-insta-galaze-fondant-conditioner-250-ml","title":{"rendered":"KERASTASE GLOSS INSTA GALAZE FONDANT (Conditioner) 250 ml"},"content":{"rendered":"<div id=\"tab-label-description\" class=\"data item title\" data-role=\"collapsible\"><span id=\"tab-label-description-title\" class=\"data switch\" tabindex=\"-1\" data-toggle=\"trigger\"><strong class=\"colon\">Produktbeschreiung:<\/strong><\/span><\/div>\n<div class=\"data item title\" data-role=\"collapsible\"><span style=\"color: #555555; font-size: 14.4px;\">Der <\/span><strong style=\"color: #555555; font-size: 14.4px;\">K\u00e9rastase Gloss Absolu Fondant Insta Glaze Conditioner<\/strong><span style=\"color: #555555; font-size: 14.4px;\"> ist eine glanzgebende Pflegesp\u00fclung f\u00fcr langes Haar, das zu Frizz neigt. Sie wurde speziell mit Hyalurons\u00e4ure, Glykols\u00e4ure und Wildrosen\u00f6l formuliert, um traumhaftes, schwungvolles und gl\u00e4nzendes Haar zu erhalten. Mit seiner seidigen Cremetextur taucht es das Haar in Feuchtigkeit ein, polstert die Haarschichten tief auf und transformiert die Haarfaser sofort. Verleiht Geschmeidigkeit, erleichtert das Entwirren und schafft eine unglaublich glatte und ebenm\u00e4\u00dfige Oberfl\u00e4che.<\/span><\/div>\n<div id=\"description\" class=\"data item content \" aria-labelledby=\"tab-label-description-title\" data-role=\"content\">\n<div class=\"data item main\">\n<div class=\"product attribute description\">\n<div class=\"value\">\n<div data-content-type=\"row\" data-appearance=\"contained\" data-element=\"main\">\n<div data-enable-parallax=\"0\" data-parallax-speed=\"0.5\" data-background-images=\"{}\" data-background-type=\"image\" data-video-loop=\"true\" data-video-play-only-visible=\"true\" data-video-lazy-load=\"true\" data-video-fallback-src=\"\" data-element=\"inner\" data-pb-style=\"UQRWCWJ\">\n<div data-content-type=\"text\" data-appearance=\"default\" data-element=\"main\">\n<p><strong>Produkteigenschaften:<\/strong><\/p>\n<p><span style=\"color: #333333; font-size: 14.4px;\">Glanzgebend<\/span><\/p>\n<p><span style=\"color: #333333; font-size: 14.4px;\">F\u00fcllt die Haarschichten tiefgehend auf<\/span><\/p>\n<p><span style=\"color: #333333; font-size: 14.4px;\">Versorgt das Haar intensiv mit Feuchtigkeit<\/span><\/p>\n<p><span style=\"color: #333333; font-size: 14.4px;\">Haar bekommt Sprungkraft<\/span><\/p>\n<p><span style=\"color: #333333; font-size: 14.4px;\">F\u00fcr langes und frizz-anf\u00e4lliges Haar<\/span><\/p>\n<p><strong><span style=\"color: #333333; font-size: 14.4px;\">Anwendung:<\/span><\/strong><\/p>\n<p>Trage das Fondant Insta Glaze in die L\u00e4ngen und Spitzen auf und massiere es sanft ein, um eine gleichm\u00e4\u00dfige Verteilung zu gew\u00e4hrleisten. 3 Minuten einwirken lassen und gr\u00fcndlich aussp\u00fclen.<\/p>\n<\/div>\n<\/div>\n<\/div>\n<\/div>\n<\/div>\n<\/div>\n<\/div>\n<div id=\"additional\" class=\"data item content \" aria-labelledby=\"tab-label-additional-title\" data-role=\"content\">\n<div class=\"data item main\">\n<div class=\"additional-attributes-wrapper table-wrapper\">\n<table id=\"product-attribute-specs-table\" class=\"data table additional-attributes\">\n<caption class=\"table-caption\">\u00a0<\/caption>\n<tbody>\n<tr>\n<th class=\"col label\" scope=\"row\">Menge<\/th>\n<td class=\"col data\" data-th=\"Menge\">\u00a0250 ml<\/td>\n<\/tr>\n<tr>\n<th class=\"col label\" scope=\"row\">Marke<\/th>\n<td class=\"col data\" data-th=\"Marke\">Kerastase<\/td>\n<\/tr>\n<tr>\n<th class=\"col label\" scope=\"row\">Produkttyp<\/th>\n<td class=\"col data\" data-th=\"Produkttyp\">Conditioner<\/td>\n<\/tr>\n<tr>\n<th class=\"col label\" scope=\"row\">Haartyp<\/th>\n<td class=\"col data\" data-th=\"Haartyp\">alle Haartypen, langes Haar, strapaziertes Haar, widerspenstiges Haar<\/td>\n<\/tr>\n<tr>\n<th class=\"col label\" scope=\"row\">Wirkung<\/th>\n<td class=\"col data\" data-th=\"Wirkung\">Anti-Frizz, Aufbauend, Feuchtigkeitsspendend, Glanz, gl\u00e4ttend<\/td>\n<\/tr>\n<tr>\n<th class=\"col label\" scope=\"row\">Inhaltsstoffe<\/th>\n<td class=\"col data\" data-th=\"Inhaltsstoffe\">AQUA \/ WATER \/ EAU \u2022 CETEARYL ALCOHOL \u2022 COCAMIDOPROPYL BETAINE \u2022 BEHENTRIMONIUM CHLORIDE \u2022 PROPYLENE GLYCOL \u2022 AMODIMETHICONE \u2022 PARFUM \/ FRAGRANCE \u2022 ISOPROPYL ALCOHOL \u2022 SODIUM CHLORIDE \u2022 PHENOXYETHANOL \u2022 HYDROXYPROPYL GUAR \u2022 ETHANOLAMINE \u2022 POLYQUATERNIUM-37 \u2022 LIMONENE \u2022 CAPRYLYL GLYCOL \u2022 PROPYLENE GLYCOL DICAPRYLATE\/DICAPRATE \u2022 COCOS NUCIFERA OIL \/ COCONUT OIL \u2022 TRIDECETH-6 \u2022 PPG-1 TRIDECETH-6 \u2022 LINALOOL \u2022 CITRONELLOL \u2022 CETRIMONIUM CHLORIDE \u2022 ACRYLATES\/STEARYL METHACRYLATE COPOLYMER \u2022 SORBITAN OLEATE \u2022 SODIUM HYALURONATE \u2022 CAPRYLIC\/CAPRIC TRIGLYCERIDE \u2022 LACTIC A C I D \u2022 H E X Y L C I N N A M A L \u2022 ALPHA-ISOMETHYL IONONE \u2022 GLYCOLIC ACID \u2022 CITRIC ACID \u2022 EDTA \u2022 ROSA CANINA FLOWER EXTRACT (F.I.L. N70051702\/1)<\/td>\n<\/tr>\n<tr>\n<th class=\"col label\" scope=\"row\">Besonderheit<\/th>\n<td class=\"col data\" data-th=\"Besonderheit\">Frei von Mineral\u00f6l, Parabenfrei<\/td>\n<\/tr>\n<tr>\n<th class=\"col label\" scope=\"row\">GPSR Hersteller<\/th>\n<td class=\"col data\" data-th=\"GPSR Hersteller\">L&#8217;Ore\u00e1l Professionel, 277 rue Saint Honore, 75008 Paris, FR, rgranat@fr.loreal.com<\/td>\n<\/tr>\n<tr>\n<th class=\"col label\" scope=\"row\"><\/th>\n<td class=\"col data\" data-th=\"EAN\"><\/td>\n<\/tr>\n<\/tbody>\n<\/table>\n<\/div>\n<\/div>\n<\/div>\n","protected":false},"excerpt":{"rendered":"<p><span style=\"color: #555555; font-size: 14.4px;\">Der <\/span><strong style=\"color: #555555; font-size: 14.4px;\">K\u00e9rastase Gloss Absolu Fondant Insta Glaze Conditioner<\/strong><span style=\"color: #555555; font-size: 14.4px;\"> ist eine glanzgebende Pflegesp\u00fclung f\u00fcr langes Haar, das zu Frizz neigt.<\/span><\/p>\n","protected":false},"featured_media":25471,"comment_status":"closed","ping_status":"closed","template":"","meta":{"_exactmetrics_skip_tracking":false,"_exactmetrics_sitenote_active":false,"_exactmetrics_sitenote_note":"","_exactmetrics_sitenote_category":0,"_monsterinsights_skip_tracking":false,"_monsterinsights_sitenote_active":false,"_monsterinsights_sitenote_note":"","_monsterinsights_sitenote_category":0},"pwb-brand":[],"product_brand":[],"product_cat":[542,1002],"product_tag":[695,733,712],"class_list":{"0":"post-25470","1":"product","2":"type-product","3":"status-publish","4":"has-post-thumbnail","6":"product_cat-kerastase-conditioner","7":"product_cat-gloss-absolu","8":"product_tag-conditioner","9":"product_tag-frizz","10":"product_tag-haarpflege","12":"first","13":"instock","14":"taxable","15":"shipping-taxable","16":"purchasable","17":"product-type-simple"},"yoast_head":"<!-- This site is optimized with the Yoast SEO plugin v24.6 - https:\/\/yoast.com\/wordpress\/plugins\/seo\/ -->\n<title>KERASTASE GLOSS INSTA GALAZE FONDANT (Conditioner) 250 ml - Friseur Hopmann Hairstyling<\/title>\n<meta name=\"robots\" content=\"index, follow, max-snippet:-1, max-image-preview:large, max-video-preview:-1\" \/>\n<link rel=\"canonical\" href=\"https:\/\/www.friseur-hopmann.de\/?product=kerastase-gloss-insta-galaze-fondant-conditioner-250-ml\" \/>\n<meta property=\"og:locale\" content=\"de_DE\" \/>\n<meta property=\"og:type\" content=\"article\" \/>\n<meta property=\"og:title\" content=\"KERASTASE GLOSS INSTA GALAZE FONDANT (Conditioner) 250 ml - Friseur Hopmann Hairstyling\" \/>\n<meta property=\"og:description\" content=\"Der K\u00e9rastase Gloss Absolu Fondant Insta Glaze Conditioner ist eine glanzgebende Pflegesp\u00fclung f\u00fcr langes Haar, das zu Frizz neigt.\" \/>\n<meta property=\"og:url\" content=\"https:\/\/www.friseur-hopmann.de\/?product=kerastase-gloss-insta-galaze-fondant-conditioner-250-ml\" \/>\n<meta property=\"og:site_name\" content=\"Friseur Hopmann Hairstyling\" \/>\n<meta property=\"article:modified_time\" content=\"2026-01-18T13:57:15+00:00\" \/>\n<meta property=\"og:image\" content=\"http:\/\/www.friseur-hopmann.de\/wp-content\/uploads\/2025\/10\/Gloss-Absolu-Fondant-250-ml.webp\" \/>\n\t<meta property=\"og:image:width\" content=\"1000\" \/>\n\t<meta property=\"og:image:height\" content=\"1000\" \/>\n\t<meta property=\"og:image:type\" content=\"image\/webp\" \/>\n<meta name=\"twitter:card\" content=\"summary_large_image\" \/>\n<meta name=\"twitter:label1\" content=\"Gesch\u00e4tzte Lesezeit\" \/>\n\t<meta name=\"twitter:data1\" content=\"2\u00a0Minuten\" \/>\n<script type=\"application\/ld+json\" class=\"yoast-schema-graph\">{\"@context\":\"https:\/\/schema.org\",\"@graph\":[{\"@type\":\"WebPage\",\"@id\":\"https:\/\/www.friseur-hopmann.de\/?product=kerastase-gloss-insta-galaze-fondant-conditioner-250-ml\",\"url\":\"https:\/\/www.friseur-hopmann.de\/?product=kerastase-gloss-insta-galaze-fondant-conditioner-250-ml\",\"name\":\"KERASTASE GLOSS INSTA GALAZE FONDANT (Conditioner) 250 ml - Friseur Hopmann Hairstyling\",\"isPartOf\":{\"@id\":\"https:\/\/www.friseur-hopmann.de\/#website\"},\"primaryImageOfPage\":{\"@id\":\"https:\/\/www.friseur-hopmann.de\/?product=kerastase-gloss-insta-galaze-fondant-conditioner-250-ml#primaryimage\"},\"image\":{\"@id\":\"https:\/\/www.friseur-hopmann.de\/?product=kerastase-gloss-insta-galaze-fondant-conditioner-250-ml#primaryimage\"},\"thumbnailUrl\":\"https:\/\/www.friseur-hopmann.de\/wp-content\/uploads\/2025\/10\/Gloss-Absolu-Fondant-250-ml.webp\",\"datePublished\":\"2025-10-31T10:37:34+00:00\",\"dateModified\":\"2026-01-18T13:57:15+00:00\",\"breadcrumb\":{\"@id\":\"https:\/\/www.friseur-hopmann.de\/?product=kerastase-gloss-insta-galaze-fondant-conditioner-250-ml#breadcrumb\"},\"inLanguage\":\"de\",\"potentialAction\":[{\"@type\":\"ReadAction\",\"target\":[\"https:\/\/www.friseur-hopmann.de\/?product=kerastase-gloss-insta-galaze-fondant-conditioner-250-ml\"]}]},{\"@type\":\"ImageObject\",\"inLanguage\":\"de\",\"@id\":\"https:\/\/www.friseur-hopmann.de\/?product=kerastase-gloss-insta-galaze-fondant-conditioner-250-ml#primaryimage\",\"url\":\"https:\/\/www.friseur-hopmann.de\/wp-content\/uploads\/2025\/10\/Gloss-Absolu-Fondant-250-ml.webp\",\"contentUrl\":\"https:\/\/www.friseur-hopmann.de\/wp-content\/uploads\/2025\/10\/Gloss-Absolu-Fondant-250-ml.webp\",\"width\":1000,\"height\":1000},{\"@type\":\"BreadcrumbList\",\"@id\":\"https:\/\/www.friseur-hopmann.de\/?product=kerastase-gloss-insta-galaze-fondant-conditioner-250-ml#breadcrumb\",\"itemListElement\":[{\"@type\":\"ListItem\",\"position\":1,\"name\":\"Startseite\",\"item\":\"https:\/\/www.friseur-hopmann.de\/\"},{\"@type\":\"ListItem\",\"position\":2,\"name\":\"Produkte\",\"item\":\"https:\/\/www.friseur-hopmann.de\/?post_type=product\"},{\"@type\":\"ListItem\",\"position\":3,\"name\":\"KERASTASE GLOSS INSTA GALAZE FONDANT (Conditioner) 250 ml\"}]},{\"@type\":\"WebSite\",\"@id\":\"https:\/\/www.friseur-hopmann.de\/#website\",\"url\":\"https:\/\/www.friseur-hopmann.de\/\",\"name\":\"Friseur Hopmann Hairstyling\",\"description\":\"Ihr Friseur in Nordhorn\",\"potentialAction\":[{\"@type\":\"SearchAction\",\"target\":{\"@type\":\"EntryPoint\",\"urlTemplate\":\"https:\/\/www.friseur-hopmann.de\/?s={search_term_string}\"},\"query-input\":{\"@type\":\"PropertyValueSpecification\",\"valueRequired\":true,\"valueName\":\"search_term_string\"}}],\"inLanguage\":\"de\"}]}<\/script>\n<!-- \/ Yoast SEO plugin. -->","yoast_head_json":{"title":"KERASTASE GLOSS INSTA GALAZE FONDANT (Conditioner) 250 ml - Friseur Hopmann Hairstyling","robots":{"index":"index","follow":"follow","max-snippet":"max-snippet:-1","max-image-preview":"max-image-preview:large","max-video-preview":"max-video-preview:-1"},"canonical":"https:\/\/www.friseur-hopmann.de\/?product=kerastase-gloss-insta-galaze-fondant-conditioner-250-ml","og_locale":"de_DE","og_type":"article","og_title":"KERASTASE GLOSS INSTA GALAZE FONDANT (Conditioner) 250 ml - Friseur Hopmann Hairstyling","og_description":"Der K\u00e9rastase Gloss Absolu Fondant Insta Glaze Conditioner ist eine glanzgebende Pflegesp\u00fclung f\u00fcr langes Haar, das zu Frizz neigt.","og_url":"https:\/\/www.friseur-hopmann.de\/?product=kerastase-gloss-insta-galaze-fondant-conditioner-250-ml","og_site_name":"Friseur Hopmann Hairstyling","article_modified_time":"2026-01-18T13:57:15+00:00","og_image":[{"width":1000,"height":1000,"url":"http:\/\/www.friseur-hopmann.de\/wp-content\/uploads\/2025\/10\/Gloss-Absolu-Fondant-250-ml.webp","type":"image\/webp"}],"twitter_card":"summary_large_image","twitter_misc":{"Gesch\u00e4tzte Lesezeit":"2\u00a0Minuten"},"schema":{"@context":"https:\/\/schema.org","@graph":[{"@type":"WebPage","@id":"https:\/\/www.friseur-hopmann.de\/?product=kerastase-gloss-insta-galaze-fondant-conditioner-250-ml","url":"https:\/\/www.friseur-hopmann.de\/?product=kerastase-gloss-insta-galaze-fondant-conditioner-250-ml","name":"KERASTASE GLOSS INSTA GALAZE FONDANT (Conditioner) 250 ml - Friseur Hopmann Hairstyling","isPartOf":{"@id":"https:\/\/www.friseur-hopmann.de\/#website"},"primaryImageOfPage":{"@id":"https:\/\/www.friseur-hopmann.de\/?product=kerastase-gloss-insta-galaze-fondant-conditioner-250-ml#primaryimage"},"image":{"@id":"https:\/\/www.friseur-hopmann.de\/?product=kerastase-gloss-insta-galaze-fondant-conditioner-250-ml#primaryimage"},"thumbnailUrl":"https:\/\/www.friseur-hopmann.de\/wp-content\/uploads\/2025\/10\/Gloss-Absolu-Fondant-250-ml.webp","datePublished":"2025-10-31T10:37:34+00:00","dateModified":"2026-01-18T13:57:15+00:00","breadcrumb":{"@id":"https:\/\/www.friseur-hopmann.de\/?product=kerastase-gloss-insta-galaze-fondant-conditioner-250-ml#breadcrumb"},"inLanguage":"de","potentialAction":[{"@type":"ReadAction","target":["https:\/\/www.friseur-hopmann.de\/?product=kerastase-gloss-insta-galaze-fondant-conditioner-250-ml"]}]},{"@type":"ImageObject","inLanguage":"de","@id":"https:\/\/www.friseur-hopmann.de\/?product=kerastase-gloss-insta-galaze-fondant-conditioner-250-ml#primaryimage","url":"https:\/\/www.friseur-hopmann.de\/wp-content\/uploads\/2025\/10\/Gloss-Absolu-Fondant-250-ml.webp","contentUrl":"https:\/\/www.friseur-hopmann.de\/wp-content\/uploads\/2025\/10\/Gloss-Absolu-Fondant-250-ml.webp","width":1000,"height":1000},{"@type":"BreadcrumbList","@id":"https:\/\/www.friseur-hopmann.de\/?product=kerastase-gloss-insta-galaze-fondant-conditioner-250-ml#breadcrumb","itemListElement":[{"@type":"ListItem","position":1,"name":"Startseite","item":"https:\/\/www.friseur-hopmann.de\/"},{"@type":"ListItem","position":2,"name":"Produkte","item":"https:\/\/www.friseur-hopmann.de\/?post_type=product"},{"@type":"ListItem","position":3,"name":"KERASTASE GLOSS INSTA GALAZE FONDANT (Conditioner) 250 ml"}]},{"@type":"WebSite","@id":"https:\/\/www.friseur-hopmann.de\/#website","url":"https:\/\/www.friseur-hopmann.de\/","name":"Friseur Hopmann Hairstyling","description":"Ihr Friseur in Nordhorn","potentialAction":[{"@type":"SearchAction","target":{"@type":"EntryPoint","urlTemplate":"https:\/\/www.friseur-hopmann.de\/?s={search_term_string}"},"query-input":{"@type":"PropertyValueSpecification","valueRequired":true,"valueName":"search_term_string"}}],"inLanguage":"de"}]}},"brands":[],"_links":{"self":[{"href":"https:\/\/www.friseur-hopmann.de\/index.php?rest_route=\/wp\/v2\/product\/25470","targetHints":{"allow":["GET"]}}],"collection":[{"href":"https:\/\/www.friseur-hopmann.de\/index.php?rest_route=\/wp\/v2\/product"}],"about":[{"href":"https:\/\/www.friseur-hopmann.de\/index.php?rest_route=\/wp\/v2\/types\/product"}],"replies":[{"embeddable":true,"href":"https:\/\/www.friseur-hopmann.de\/index.php?rest_route=%2Fwp%2Fv2%2Fcomments&post=25470"}],"wp:featuredmedia":[{"embeddable":true,"href":"https:\/\/www.friseur-hopmann.de\/index.php?rest_route=\/wp\/v2\/media\/25471"}],"wp:attachment":[{"href":"https:\/\/www.friseur-hopmann.de\/index.php?rest_route=%2Fwp%2Fv2%2Fmedia&parent=25470"}],"wp:term":[{"taxonomy":"pwb-brand","embeddable":true,"href":"https:\/\/www.friseur-hopmann.de\/index.php?rest_route=%2Fwp%2Fv2%2Fpwb-brand&post=25470"},{"taxonomy":"product_brand","embeddable":true,"href":"https:\/\/www.friseur-hopmann.de\/index.php?rest_route=%2Fwp%2Fv2%2Fproduct_brand&post=25470"},{"taxonomy":"product_cat","embeddable":true,"href":"https:\/\/www.friseur-hopmann.de\/index.php?rest_route=%2Fwp%2Fv2%2Fproduct_cat&post=25470"},{"taxonomy":"product_tag","embeddable":true,"href":"https:\/\/www.friseur-hopmann.de\/index.php?rest_route=%2Fwp%2Fv2%2Fproduct_tag&post=25470"}],"curies":[{"name":"wp","href":"https:\/\/api.w.org\/{rel}","templated":true}]}}