{"id":25463,"date":"2025-10-31T12:39:14","date_gmt":"2025-10-31T10:39:14","guid":{"rendered":"https:\/\/www.friseur-hopmann.de\/?post_type=product&#038;p=25463"},"modified":"2026-01-18T15:57:56","modified_gmt":"2026-01-18T13:57:56","slug":"kerastase-gloss-absolu-bain-hydra-glaze-shampoo-500ml","status":"publish","type":"product","link":"https:\/\/www.friseur-hopmann.de\/?product=kerastase-gloss-absolu-bain-hydra-glaze-shampoo-500ml","title":{"rendered":"KERASTASE Gloss Absolu Bain Hydra-Glaze (Shampoo) 500ml"},"content":{"rendered":"<div id=\"tab-label-description\" class=\"data item title\" data-role=\"collapsible\"><span id=\"tab-label-description-title\" class=\"data switch\" tabindex=\"-1\" data-toggle=\"trigger\"><strong class=\"colon\">Produkbeschreibung:<\/strong><\/span><\/div>\n<div class=\"data item title\" data-role=\"collapsible\"><strong style=\"color: #555555; font-size: 14.4px;\">K\u00e9rastase Mini Gloss Absolu Shampoo<\/strong><span style=\"color: #555555; font-size: 14.4px;\"> ist ein feuchtigkeitsspendendes Shampoo f\u00fcr langes Haar, das zu Frizz neigt. Es wurde speziell mit Hyalurons\u00e4ure, Glykols\u00e4ure und Wildrosen\u00f6l formuliert, um traumhaftes, schwungvolles und gl\u00e4nzendes Haar zu erhalten. Die stark sch\u00e4umende, gelartige Formel reinigt deine Kopfhaut und die Faseroberfl\u00e4che, um ultimativen sauberen Glanz zu enth\u00fcllen. Sie spendet Feuchtigkeit und schlie\u00dft die Schuppenschicht des Haares f\u00fcr eine ultra-glatte Oberfl\u00e4che.<\/span><\/div>\n<div data-role=\"collapsible\"><strong>Produkteigenschaften:<\/strong><\/div>\n<div data-role=\"collapsible\"><span style=\"font-size: 14.4px;\">F\u00fcr langes und frizz-anf\u00e4lliges Haar<\/span><\/div>\n<div data-role=\"collapsible\"><span style=\"font-size: 14.4px;\">Reinigt die Kopfhaut und Haarfaser<\/span><\/div>\n<div data-role=\"collapsible\"><span style=\"font-size: 14.4px;\">Enth\u00fcllt einen ultimativ strahlenden Glanz <\/span><\/div>\n<div data-role=\"collapsible\"><strong><span style=\"font-size: 14.4px;\">Anwendung:<\/span><\/strong><\/div>\n<div data-role=\"collapsible\"><span style=\"color: #555555; font-size: 14.4px;\">Beginne mit der Anwendung von Bain Hydra-Glaze. Feuchte dein Haar gr\u00fcndlich an und trage dann eine kleine Menge (ca. 5 ml) direkt auf die Kopfhaut auf. Aufsch\u00e4umen, einmassieren und aussp\u00fclen. Bei Bedarf wiederholen.<\/span><\/div>\n<div id=\"additional\" class=\"data item content \" aria-labelledby=\"tab-label-additional-title\" data-role=\"content\">\n<div class=\"data item main\">\n<div class=\"additional-attributes-wrapper table-wrapper\">\n<table id=\"product-attribute-specs-table\" class=\"data table additional-attributes\">\n<caption class=\"table-caption\">\u00a0<\/caption>\n<tbody>\n<tr>\n<th class=\"col label\" scope=\"row\">Marke<\/th>\n<td class=\"col data\" data-th=\"Marke\">Kerastase<\/td>\n<\/tr>\n<tr>\n<th class=\"col label\" scope=\"row\">Produkttyp<\/th>\n<td class=\"col data\" data-th=\"Produkttyp\">Shampoo<\/td>\n<\/tr>\n<tr>\n<th class=\"col label\" scope=\"row\">Haartyp<\/th>\n<td class=\"col data\" data-th=\"Haartyp\">alle Haartypen, strapaziertes Haar, widerspenstiges Haar<\/td>\n<\/tr>\n<tr>\n<th class=\"col label\" scope=\"row\">Wirkung<\/th>\n<td class=\"col data\" data-th=\"Wirkung\">Anti-Frizz, Feuchtigkeitsspendend, Glanz, Pflegend, Reinigend<\/td>\n<\/tr>\n<tr>\n<th class=\"col label\" scope=\"row\">Inhaltsstoffe<\/th>\n<td class=\"col data\" data-th=\"Inhaltsstoffe\">AQUA \/ WATER \/ EAU \u2022 SODIUM LAURETH SULFATE \u2022 LACTIC ACID \u2022 ARGININE \u2022 SALICYLIC ACID \u2022 SODIUM HYDROXIDE \u2022 TRIETHYL CITRATE \u2022 PARFUM \/ FRAGRANCE \u2022 COCAMIDOPROPYL HYDROXYSULTAINE \u2022 DECYL GLUCOSIDE \u2022 SODIUM CHLORIDE \u2022 SODIUM BENZOATE \u2022 LIMONENE \u2022 HYDROXYPROPYL GUAR HYDROXYPROPYLTRIMONIUM CHLORIDE \u2022 BRASSICAMIDOPROPYL DIMETHYLAMINE \u2022 GLYCERYL OLEATE \u2022 CITRIC ACID \u2022 LINALOOL \u2022 CITRONELLOL \u2022 HEXYL CINNAMAL \u2022 ALPHA-ISOMETHYL IONONE \u2022 CITRAL \u2022 GLYCOLIC ACID \u2022 SODIUM HYALURONATE \u2022 CAPRYLIC\/CAPRIC TRIGLYCERIDE \u2022 LECITHIN \u2022 TOCOPHEROL \u2022 ASCORBYL PALMITATE \u2022 HYDROGENATED PALM GLYCERIDES CITRATE \u2022 ROSA CANINA FLOWER EXTRACT<\/td>\n<\/tr>\n<tr>\n<th class=\"col label\" scope=\"row\">Besonderheit<\/th>\n<td class=\"col data\" data-th=\"Besonderheit\">Frei von Mineral\u00f6l, Parabenfrei, Silikonfrei<\/td>\n<\/tr>\n<tr>\n<th class=\"col label\" scope=\"row\">GPSR Hersteller<\/th>\n<td class=\"col data\" data-th=\"GPSR Hersteller\">L&#8217;Ore\u00e1l Professionel, 277 rue Saint Honore, 75008 Paris, FR, rgranat@fr.loreal.com<\/td>\n<\/tr>\n<tr>\n<th class=\"col label\" scope=\"row\">Inhalt:<\/th>\n<td class=\"col data\" data-th=\"EAN\">500 ml<\/td>\n<\/tr>\n<\/tbody>\n<\/table>\n<\/div>\n<\/div>\n<\/div>\n","protected":false},"excerpt":{"rendered":"<p><strong style=\"color: #555555; font-size: 14.4px;\">K\u00e9rastase Mini Gloss Absolu Shampoo<\/strong><span style=\"color: #555555; font-size: 14.4px;\"> ist ein feuchtigkeitsspendendes Shampoo f\u00fcr langes Haar, das zu Frizz neigt.<\/span><\/p>\n","protected":false},"featured_media":25464,"comment_status":"closed","ping_status":"closed","template":"","meta":{"_exactmetrics_skip_tracking":false,"_exactmetrics_sitenote_active":false,"_exactmetrics_sitenote_note":"","_exactmetrics_sitenote_category":0,"_monsterinsights_skip_tracking":false,"_monsterinsights_sitenote_active":false,"_monsterinsights_sitenote_note":"","_monsterinsights_sitenote_category":0},"pwb-brand":[],"product_brand":[],"product_cat":[491,548,927,1002],"product_tag":[],"class_list":{"0":"post-25463","1":"product","2":"type-product","3":"status-publish","4":"has-post-thumbnail","6":"product_cat-kerastase","7":"product_cat-kerastase-shampoo","8":"product_cat-500ml","9":"product_cat-gloss-absolu","11":"first","12":"instock","13":"taxable","14":"shipping-taxable","15":"purchasable","16":"product-type-simple"},"yoast_head":"<!-- This site is optimized with the Yoast SEO plugin v24.6 - https:\/\/yoast.com\/wordpress\/plugins\/seo\/ -->\n<title>KERASTASE Gloss Absolu Bain Hydra-Glaze (Shampoo) 500ml - Friseur Hopmann Hairstyling<\/title>\n<meta name=\"robots\" content=\"index, follow, max-snippet:-1, max-image-preview:large, max-video-preview:-1\" \/>\n<link rel=\"canonical\" href=\"https:\/\/www.friseur-hopmann.de\/?product=kerastase-gloss-absolu-bain-hydra-glaze-shampoo-500ml\" \/>\n<meta property=\"og:locale\" content=\"de_DE\" \/>\n<meta property=\"og:type\" content=\"article\" \/>\n<meta property=\"og:title\" content=\"KERASTASE Gloss Absolu Bain Hydra-Glaze (Shampoo) 500ml - Friseur Hopmann Hairstyling\" \/>\n<meta property=\"og:description\" content=\"K\u00e9rastase Mini Gloss Absolu Shampoo ist ein feuchtigkeitsspendendes Shampoo f\u00fcr langes Haar, das zu Frizz neigt.\" \/>\n<meta property=\"og:url\" content=\"https:\/\/www.friseur-hopmann.de\/?product=kerastase-gloss-absolu-bain-hydra-glaze-shampoo-500ml\" \/>\n<meta property=\"og:site_name\" content=\"Friseur Hopmann Hairstyling\" \/>\n<meta property=\"article:modified_time\" content=\"2026-01-18T13:57:56+00:00\" \/>\n<meta property=\"og:image\" content=\"http:\/\/www.friseur-hopmann.de\/wp-content\/uploads\/2025\/10\/Bain-Gloss-Absolu-500ml.webp\" \/>\n\t<meta property=\"og:image:width\" content=\"700\" \/>\n\t<meta property=\"og:image:height\" content=\"700\" \/>\n\t<meta property=\"og:image:type\" content=\"image\/webp\" \/>\n<meta name=\"twitter:card\" content=\"summary_large_image\" \/>\n<meta name=\"twitter:label1\" content=\"Gesch\u00e4tzte Lesezeit\" \/>\n\t<meta name=\"twitter:data1\" content=\"2\u00a0Minuten\" \/>\n<script type=\"application\/ld+json\" class=\"yoast-schema-graph\">{\"@context\":\"https:\/\/schema.org\",\"@graph\":[{\"@type\":\"WebPage\",\"@id\":\"https:\/\/www.friseur-hopmann.de\/?product=kerastase-gloss-absolu-bain-hydra-glaze-shampoo-500ml\",\"url\":\"https:\/\/www.friseur-hopmann.de\/?product=kerastase-gloss-absolu-bain-hydra-glaze-shampoo-500ml\",\"name\":\"KERASTASE Gloss Absolu Bain Hydra-Glaze (Shampoo) 500ml - Friseur Hopmann Hairstyling\",\"isPartOf\":{\"@id\":\"https:\/\/www.friseur-hopmann.de\/#website\"},\"primaryImageOfPage\":{\"@id\":\"https:\/\/www.friseur-hopmann.de\/?product=kerastase-gloss-absolu-bain-hydra-glaze-shampoo-500ml#primaryimage\"},\"image\":{\"@id\":\"https:\/\/www.friseur-hopmann.de\/?product=kerastase-gloss-absolu-bain-hydra-glaze-shampoo-500ml#primaryimage\"},\"thumbnailUrl\":\"https:\/\/www.friseur-hopmann.de\/wp-content\/uploads\/2025\/10\/Bain-Gloss-Absolu-500ml.webp\",\"datePublished\":\"2025-10-31T10:39:14+00:00\",\"dateModified\":\"2026-01-18T13:57:56+00:00\",\"breadcrumb\":{\"@id\":\"https:\/\/www.friseur-hopmann.de\/?product=kerastase-gloss-absolu-bain-hydra-glaze-shampoo-500ml#breadcrumb\"},\"inLanguage\":\"de\",\"potentialAction\":[{\"@type\":\"ReadAction\",\"target\":[\"https:\/\/www.friseur-hopmann.de\/?product=kerastase-gloss-absolu-bain-hydra-glaze-shampoo-500ml\"]}]},{\"@type\":\"ImageObject\",\"inLanguage\":\"de\",\"@id\":\"https:\/\/www.friseur-hopmann.de\/?product=kerastase-gloss-absolu-bain-hydra-glaze-shampoo-500ml#primaryimage\",\"url\":\"https:\/\/www.friseur-hopmann.de\/wp-content\/uploads\/2025\/10\/Bain-Gloss-Absolu-500ml.webp\",\"contentUrl\":\"https:\/\/www.friseur-hopmann.de\/wp-content\/uploads\/2025\/10\/Bain-Gloss-Absolu-500ml.webp\",\"width\":700,\"height\":700},{\"@type\":\"BreadcrumbList\",\"@id\":\"https:\/\/www.friseur-hopmann.de\/?product=kerastase-gloss-absolu-bain-hydra-glaze-shampoo-500ml#breadcrumb\",\"itemListElement\":[{\"@type\":\"ListItem\",\"position\":1,\"name\":\"Startseite\",\"item\":\"https:\/\/www.friseur-hopmann.de\/\"},{\"@type\":\"ListItem\",\"position\":2,\"name\":\"Produkte\",\"item\":\"https:\/\/www.friseur-hopmann.de\/?post_type=product\"},{\"@type\":\"ListItem\",\"position\":3,\"name\":\"KERASTASE Gloss Absolu Bain Hydra-Glaze (Shampoo) 500ml\"}]},{\"@type\":\"WebSite\",\"@id\":\"https:\/\/www.friseur-hopmann.de\/#website\",\"url\":\"https:\/\/www.friseur-hopmann.de\/\",\"name\":\"Friseur Hopmann Hairstyling\",\"description\":\"Ihr Friseur in Nordhorn\",\"potentialAction\":[{\"@type\":\"SearchAction\",\"target\":{\"@type\":\"EntryPoint\",\"urlTemplate\":\"https:\/\/www.friseur-hopmann.de\/?s={search_term_string}\"},\"query-input\":{\"@type\":\"PropertyValueSpecification\",\"valueRequired\":true,\"valueName\":\"search_term_string\"}}],\"inLanguage\":\"de\"}]}<\/script>\n<!-- \/ Yoast SEO plugin. -->","yoast_head_json":{"title":"KERASTASE Gloss Absolu Bain Hydra-Glaze (Shampoo) 500ml - Friseur Hopmann Hairstyling","robots":{"index":"index","follow":"follow","max-snippet":"max-snippet:-1","max-image-preview":"max-image-preview:large","max-video-preview":"max-video-preview:-1"},"canonical":"https:\/\/www.friseur-hopmann.de\/?product=kerastase-gloss-absolu-bain-hydra-glaze-shampoo-500ml","og_locale":"de_DE","og_type":"article","og_title":"KERASTASE Gloss Absolu Bain Hydra-Glaze (Shampoo) 500ml - Friseur Hopmann Hairstyling","og_description":"K\u00e9rastase Mini Gloss Absolu Shampoo ist ein feuchtigkeitsspendendes Shampoo f\u00fcr langes Haar, das zu Frizz neigt.","og_url":"https:\/\/www.friseur-hopmann.de\/?product=kerastase-gloss-absolu-bain-hydra-glaze-shampoo-500ml","og_site_name":"Friseur Hopmann Hairstyling","article_modified_time":"2026-01-18T13:57:56+00:00","og_image":[{"width":700,"height":700,"url":"http:\/\/www.friseur-hopmann.de\/wp-content\/uploads\/2025\/10\/Bain-Gloss-Absolu-500ml.webp","type":"image\/webp"}],"twitter_card":"summary_large_image","twitter_misc":{"Gesch\u00e4tzte Lesezeit":"2\u00a0Minuten"},"schema":{"@context":"https:\/\/schema.org","@graph":[{"@type":"WebPage","@id":"https:\/\/www.friseur-hopmann.de\/?product=kerastase-gloss-absolu-bain-hydra-glaze-shampoo-500ml","url":"https:\/\/www.friseur-hopmann.de\/?product=kerastase-gloss-absolu-bain-hydra-glaze-shampoo-500ml","name":"KERASTASE Gloss Absolu Bain Hydra-Glaze (Shampoo) 500ml - Friseur Hopmann Hairstyling","isPartOf":{"@id":"https:\/\/www.friseur-hopmann.de\/#website"},"primaryImageOfPage":{"@id":"https:\/\/www.friseur-hopmann.de\/?product=kerastase-gloss-absolu-bain-hydra-glaze-shampoo-500ml#primaryimage"},"image":{"@id":"https:\/\/www.friseur-hopmann.de\/?product=kerastase-gloss-absolu-bain-hydra-glaze-shampoo-500ml#primaryimage"},"thumbnailUrl":"https:\/\/www.friseur-hopmann.de\/wp-content\/uploads\/2025\/10\/Bain-Gloss-Absolu-500ml.webp","datePublished":"2025-10-31T10:39:14+00:00","dateModified":"2026-01-18T13:57:56+00:00","breadcrumb":{"@id":"https:\/\/www.friseur-hopmann.de\/?product=kerastase-gloss-absolu-bain-hydra-glaze-shampoo-500ml#breadcrumb"},"inLanguage":"de","potentialAction":[{"@type":"ReadAction","target":["https:\/\/www.friseur-hopmann.de\/?product=kerastase-gloss-absolu-bain-hydra-glaze-shampoo-500ml"]}]},{"@type":"ImageObject","inLanguage":"de","@id":"https:\/\/www.friseur-hopmann.de\/?product=kerastase-gloss-absolu-bain-hydra-glaze-shampoo-500ml#primaryimage","url":"https:\/\/www.friseur-hopmann.de\/wp-content\/uploads\/2025\/10\/Bain-Gloss-Absolu-500ml.webp","contentUrl":"https:\/\/www.friseur-hopmann.de\/wp-content\/uploads\/2025\/10\/Bain-Gloss-Absolu-500ml.webp","width":700,"height":700},{"@type":"BreadcrumbList","@id":"https:\/\/www.friseur-hopmann.de\/?product=kerastase-gloss-absolu-bain-hydra-glaze-shampoo-500ml#breadcrumb","itemListElement":[{"@type":"ListItem","position":1,"name":"Startseite","item":"https:\/\/www.friseur-hopmann.de\/"},{"@type":"ListItem","position":2,"name":"Produkte","item":"https:\/\/www.friseur-hopmann.de\/?post_type=product"},{"@type":"ListItem","position":3,"name":"KERASTASE Gloss Absolu Bain Hydra-Glaze (Shampoo) 500ml"}]},{"@type":"WebSite","@id":"https:\/\/www.friseur-hopmann.de\/#website","url":"https:\/\/www.friseur-hopmann.de\/","name":"Friseur Hopmann Hairstyling","description":"Ihr Friseur in Nordhorn","potentialAction":[{"@type":"SearchAction","target":{"@type":"EntryPoint","urlTemplate":"https:\/\/www.friseur-hopmann.de\/?s={search_term_string}"},"query-input":{"@type":"PropertyValueSpecification","valueRequired":true,"valueName":"search_term_string"}}],"inLanguage":"de"}]}},"brands":[],"_links":{"self":[{"href":"https:\/\/www.friseur-hopmann.de\/index.php?rest_route=\/wp\/v2\/product\/25463","targetHints":{"allow":["GET"]}}],"collection":[{"href":"https:\/\/www.friseur-hopmann.de\/index.php?rest_route=\/wp\/v2\/product"}],"about":[{"href":"https:\/\/www.friseur-hopmann.de\/index.php?rest_route=\/wp\/v2\/types\/product"}],"replies":[{"embeddable":true,"href":"https:\/\/www.friseur-hopmann.de\/index.php?rest_route=%2Fwp%2Fv2%2Fcomments&post=25463"}],"wp:featuredmedia":[{"embeddable":true,"href":"https:\/\/www.friseur-hopmann.de\/index.php?rest_route=\/wp\/v2\/media\/25464"}],"wp:attachment":[{"href":"https:\/\/www.friseur-hopmann.de\/index.php?rest_route=%2Fwp%2Fv2%2Fmedia&parent=25463"}],"wp:term":[{"taxonomy":"pwb-brand","embeddable":true,"href":"https:\/\/www.friseur-hopmann.de\/index.php?rest_route=%2Fwp%2Fv2%2Fpwb-brand&post=25463"},{"taxonomy":"product_brand","embeddable":true,"href":"https:\/\/www.friseur-hopmann.de\/index.php?rest_route=%2Fwp%2Fv2%2Fproduct_brand&post=25463"},{"taxonomy":"product_cat","embeddable":true,"href":"https:\/\/www.friseur-hopmann.de\/index.php?rest_route=%2Fwp%2Fv2%2Fproduct_cat&post=25463"},{"taxonomy":"product_tag","embeddable":true,"href":"https:\/\/www.friseur-hopmann.de\/index.php?rest_route=%2Fwp%2Fv2%2Fproduct_tag&post=25463"}],"curies":[{"name":"wp","href":"https:\/\/api.w.org\/{rel}","templated":true}]}}