{"id":25414,"date":"2025-09-26T17:34:01","date_gmt":"2025-09-26T15:34:01","guid":{"rendered":"https:\/\/www.friseur-hopmann.de\/?post_type=product&#038;p=25414"},"modified":"2025-12-13T19:26:54","modified_gmt":"2025-12-13T17:26:54","slug":"kerastase-genesis-bain-hydra-fortifiant-refill-set-mit-je-500-ml-inhalt","status":"publish","type":"product","link":"https:\/\/www.friseur-hopmann.de\/?product=kerastase-genesis-bain-hydra-fortifiant-refill-set-mit-je-500-ml-inhalt","title":{"rendered":"K\u00e9rastase Genesis Bain Hydra-Fortifiant Refill Set 500 ml + 500 ml Nachf\u00fcllpackung"},"content":{"rendered":"<p><strong>Produktbeschreibung:<\/strong><\/p>\n<p>Das Bain Hydra-Fortifiant ist ein kr\u00e4ftigendes Anti-Haarverlust Haarbad f\u00fcr feines und\/oder fettendes Haar, das zu Haarverlust durch Haarbruch neigt. Es reinigt Kopfhaut und Haar sanft und entfernt Sebum &amp; Verunreinigungen von Kopfhaut und Haar. Es st\u00e4rkt die Haarfaser f\u00fcr intensive Widerstandsf\u00e4higkeit &amp; Glanz und verbessert die K\u00e4mmbarkeit des Haares. Anti-Fett Wirkung. Die Kombination von Edelweiss und Ingwerwurzel vermindert das Risiko von Haarverlust durch Haarbruch.<\/p>\n<p><strong>Inhaltsstoffe:<\/strong><\/p>\n<div class=\"column col-sm-6\">\n<p>Ein hochwirksamer St\u00e4rke-aktivierender Anti-Haarverlust Komplex:<\/p>\n<ul>\n<li><strong>Aminexil 1.5%<\/strong> verhilft dem Haar, sich in der Kopfhaut besser zu verankern und verhindert, dass sich Kollagen rundum die Haarfolikel verh\u00e4rtet.<\/li>\n<li><strong>Ingwerwurzel<\/strong> sch\u00fctzt das Haar vor t\u00e4glichen, \u00e4u\u00dferen Einfl\u00fcssen.<\/li>\n<li><strong>Arginine<\/strong> ist eine Aminos\u00e4ure, ein nat\u00fcrlicher Bestandteil von Proteinen, wie dem Haarkeratin. Zudem unterst\u00fctzt es das Haarwachstum.<\/li>\n<\/ul>\n<p><strong>Anwendung:<\/strong><\/p>\n<p>Auf das nasse Haar auftragen, emulgieren und massieren. Gr\u00fcndlich aussp\u00fclen.<\/p>\n<p><strong>Inhalt: 500 ml<br \/>\n<\/strong><\/p>\n<\/div>\n","protected":false},"excerpt":{"rendered":"<p>&nbsp;<\/p>\n<p><strong>Das<\/strong>\u00a0<strong>K\u00e9rastase Genesis Bain Hydra Fortifiant\u00a0 besteht aus dem K\u00e9rastase Genesis Bain Hydra Fortifiant <\/strong><strong>500ml und dem<\/strong>\u00a0 <strong>K\u00e9rastase Genesis Bain Hydra Fortifiant Refill Pouch 500 ml Nachf\u00fcllpack<\/strong>.<\/p>\n<p><em>Optimal geeignet f\u00fcr die 500 ml-Pumpflasche<\/em>.<\/p>\n<p>Das <strong>Kerastase Genesis Bain Hydra-Fortifiant i<\/strong>st ein kr\u00e4ftigendes Anti-Haarverlust Haarbad f\u00fcr feines und fettendes Haar, das zu Haarverlust durch Haarbruch neigt.<\/p>\n","protected":false},"featured_media":25449,"comment_status":"closed","ping_status":"closed","template":"","meta":{"_exactmetrics_skip_tracking":false,"_exactmetrics_sitenote_active":false,"_exactmetrics_sitenote_note":"","_exactmetrics_sitenote_category":0,"_monsterinsights_skip_tracking":false,"_monsterinsights_sitenote_active":false,"_monsterinsights_sitenote_note":"","_monsterinsights_sitenote_category":0},"pwb-brand":[],"product_brand":[615],"product_cat":[491,550,548,927,693,1000,973],"product_tag":[754,660,694,675],"class_list":{"0":"post-25414","1":"product","2":"type-product","3":"status-publish","4":"has-post-thumbnail","6":"product_brand-kerastase-2","7":"product_cat-kerastase","8":"product_cat-kerastase-haarausfall","9":"product_cat-kerastase-shampoo","10":"product_cat-500ml","11":"product_cat-genesis","12":"product_cat-kerastase-nachfuellpack-500ml","13":"product_cat-sondergroesse-500ml","14":"product_tag-anti-haarausfall","15":"product_tag-haarausfall","16":"product_tag-haarverlust","17":"product_tag-shampoo","19":"first","20":"instock","21":"sale","22":"taxable","23":"shipping-taxable","24":"purchasable","25":"product-type-woosb"},"yoast_head":"<!-- This site is optimized with the Yoast SEO plugin v24.6 - https:\/\/yoast.com\/wordpress\/plugins\/seo\/ -->\n<title>K\u00e9rastase Genesis Bain Hydra-Fortifiant Refill Set 500 ml + 500 ml Nachf\u00fcllpackung - Friseur Hopmann Hairstyling<\/title>\n<meta name=\"robots\" content=\"index, follow, max-snippet:-1, max-image-preview:large, max-video-preview:-1\" \/>\n<link rel=\"canonical\" href=\"https:\/\/www.friseur-hopmann.de\/?product=kerastase-genesis-bain-hydra-fortifiant-refill-set-mit-je-500-ml-inhalt\" \/>\n<meta property=\"og:locale\" content=\"de_DE\" \/>\n<meta property=\"og:type\" content=\"article\" \/>\n<meta property=\"og:title\" content=\"K\u00e9rastase Genesis Bain Hydra-Fortifiant Refill Set 500 ml + 500 ml Nachf\u00fcllpackung - Friseur Hopmann Hairstyling\" \/>\n<meta property=\"og:description\" content=\"&nbsp;  Das\u00a0K\u00e9rastase Genesis Bain Hydra Fortifiant\u00a0 besteht aus dem K\u00e9rastase Genesis Bain Hydra Fortifiant 500ml und dem\u00a0 K\u00e9rastase Genesis Bain Hydra Fortifiant Refill Pouch 500 ml Nachf\u00fcllpack.  Optimal geeignet f\u00fcr die 500 ml-Pumpflasche.  Das Kerastase Genesis Bain Hydra-Fortifiant ist ein kr\u00e4ftigendes Anti-Haarverlust Haarbad f\u00fcr feines und fettendes Haar, das zu Haarverlust durch Haarbruch neigt.\" \/>\n<meta property=\"og:url\" content=\"https:\/\/www.friseur-hopmann.de\/?product=kerastase-genesis-bain-hydra-fortifiant-refill-set-mit-je-500-ml-inhalt\" \/>\n<meta property=\"og:site_name\" content=\"Friseur Hopmann Hairstyling\" \/>\n<meta property=\"article:modified_time\" content=\"2025-12-13T17:26:54+00:00\" \/>\n<meta property=\"og:image\" content=\"http:\/\/www.friseur-hopmann.de\/wp-content\/uploads\/2025\/09\/Kerastase-Genesis-Bain-Hydra-Fortifiant-Refill-Pouch-500-ml-11419_8.webp\" \/>\n\t<meta property=\"og:image:width\" content=\"713\" \/>\n\t<meta property=\"og:image:height\" content=\"713\" \/>\n\t<meta property=\"og:image:type\" content=\"image\/webp\" \/>\n<meta name=\"twitter:card\" content=\"summary_large_image\" \/>\n<meta name=\"twitter:label1\" content=\"Gesch\u00e4tzte Lesezeit\" \/>\n\t<meta name=\"twitter:data1\" content=\"1\u00a0Minute\" \/>\n<script type=\"application\/ld+json\" class=\"yoast-schema-graph\">{\"@context\":\"https:\/\/schema.org\",\"@graph\":[{\"@type\":\"WebPage\",\"@id\":\"https:\/\/www.friseur-hopmann.de\/?product=kerastase-genesis-bain-hydra-fortifiant-refill-set-mit-je-500-ml-inhalt\",\"url\":\"https:\/\/www.friseur-hopmann.de\/?product=kerastase-genesis-bain-hydra-fortifiant-refill-set-mit-je-500-ml-inhalt\",\"name\":\"K\u00e9rastase Genesis Bain Hydra-Fortifiant Refill Set 500 ml + 500 ml Nachf\u00fcllpackung - Friseur Hopmann Hairstyling\",\"isPartOf\":{\"@id\":\"https:\/\/www.friseur-hopmann.de\/#website\"},\"primaryImageOfPage\":{\"@id\":\"https:\/\/www.friseur-hopmann.de\/?product=kerastase-genesis-bain-hydra-fortifiant-refill-set-mit-je-500-ml-inhalt#primaryimage\"},\"image\":{\"@id\":\"https:\/\/www.friseur-hopmann.de\/?product=kerastase-genesis-bain-hydra-fortifiant-refill-set-mit-je-500-ml-inhalt#primaryimage\"},\"thumbnailUrl\":\"https:\/\/www.friseur-hopmann.de\/wp-content\/uploads\/2025\/09\/Kerastase-Genesis-Bain-Hydra-Fortifiant-Refill-Pouch-500-ml-11419_8.webp\",\"datePublished\":\"2025-09-26T15:34:01+00:00\",\"dateModified\":\"2025-12-13T17:26:54+00:00\",\"breadcrumb\":{\"@id\":\"https:\/\/www.friseur-hopmann.de\/?product=kerastase-genesis-bain-hydra-fortifiant-refill-set-mit-je-500-ml-inhalt#breadcrumb\"},\"inLanguage\":\"de\",\"potentialAction\":[{\"@type\":\"ReadAction\",\"target\":[\"https:\/\/www.friseur-hopmann.de\/?product=kerastase-genesis-bain-hydra-fortifiant-refill-set-mit-je-500-ml-inhalt\"]}]},{\"@type\":\"ImageObject\",\"inLanguage\":\"de\",\"@id\":\"https:\/\/www.friseur-hopmann.de\/?product=kerastase-genesis-bain-hydra-fortifiant-refill-set-mit-je-500-ml-inhalt#primaryimage\",\"url\":\"https:\/\/www.friseur-hopmann.de\/wp-content\/uploads\/2025\/09\/Kerastase-Genesis-Bain-Hydra-Fortifiant-Refill-Pouch-500-ml-11419_8.webp\",\"contentUrl\":\"https:\/\/www.friseur-hopmann.de\/wp-content\/uploads\/2025\/09\/Kerastase-Genesis-Bain-Hydra-Fortifiant-Refill-Pouch-500-ml-11419_8.webp\",\"width\":713,\"height\":713},{\"@type\":\"BreadcrumbList\",\"@id\":\"https:\/\/www.friseur-hopmann.de\/?product=kerastase-genesis-bain-hydra-fortifiant-refill-set-mit-je-500-ml-inhalt#breadcrumb\",\"itemListElement\":[{\"@type\":\"ListItem\",\"position\":1,\"name\":\"Startseite\",\"item\":\"https:\/\/www.friseur-hopmann.de\/\"},{\"@type\":\"ListItem\",\"position\":2,\"name\":\"Produkte\",\"item\":\"https:\/\/www.friseur-hopmann.de\/?post_type=product\"},{\"@type\":\"ListItem\",\"position\":3,\"name\":\"K\u00e9rastase Genesis Bain Hydra-Fortifiant Refill Set 500 ml + 500 ml Nachf\u00fcllpackung\"}]},{\"@type\":\"WebSite\",\"@id\":\"https:\/\/www.friseur-hopmann.de\/#website\",\"url\":\"https:\/\/www.friseur-hopmann.de\/\",\"name\":\"Friseur Hopmann Hairstyling\",\"description\":\"Ihr Friseur in Nordhorn\",\"potentialAction\":[{\"@type\":\"SearchAction\",\"target\":{\"@type\":\"EntryPoint\",\"urlTemplate\":\"https:\/\/www.friseur-hopmann.de\/?s={search_term_string}\"},\"query-input\":{\"@type\":\"PropertyValueSpecification\",\"valueRequired\":true,\"valueName\":\"search_term_string\"}}],\"inLanguage\":\"de\"}]}<\/script>\n<!-- \/ Yoast SEO plugin. -->","yoast_head_json":{"title":"K\u00e9rastase Genesis Bain Hydra-Fortifiant Refill Set 500 ml + 500 ml Nachf\u00fcllpackung - Friseur Hopmann Hairstyling","robots":{"index":"index","follow":"follow","max-snippet":"max-snippet:-1","max-image-preview":"max-image-preview:large","max-video-preview":"max-video-preview:-1"},"canonical":"https:\/\/www.friseur-hopmann.de\/?product=kerastase-genesis-bain-hydra-fortifiant-refill-set-mit-je-500-ml-inhalt","og_locale":"de_DE","og_type":"article","og_title":"K\u00e9rastase Genesis Bain Hydra-Fortifiant Refill Set 500 ml + 500 ml Nachf\u00fcllpackung - Friseur Hopmann Hairstyling","og_description":"&nbsp;  Das\u00a0K\u00e9rastase Genesis Bain Hydra Fortifiant\u00a0 besteht aus dem K\u00e9rastase Genesis Bain Hydra Fortifiant 500ml und dem\u00a0 K\u00e9rastase Genesis Bain Hydra Fortifiant Refill Pouch 500 ml Nachf\u00fcllpack.  Optimal geeignet f\u00fcr die 500 ml-Pumpflasche.  Das Kerastase Genesis Bain Hydra-Fortifiant ist ein kr\u00e4ftigendes Anti-Haarverlust Haarbad f\u00fcr feines und fettendes Haar, das zu Haarverlust durch Haarbruch neigt.","og_url":"https:\/\/www.friseur-hopmann.de\/?product=kerastase-genesis-bain-hydra-fortifiant-refill-set-mit-je-500-ml-inhalt","og_site_name":"Friseur Hopmann Hairstyling","article_modified_time":"2025-12-13T17:26:54+00:00","og_image":[{"width":713,"height":713,"url":"http:\/\/www.friseur-hopmann.de\/wp-content\/uploads\/2025\/09\/Kerastase-Genesis-Bain-Hydra-Fortifiant-Refill-Pouch-500-ml-11419_8.webp","type":"image\/webp"}],"twitter_card":"summary_large_image","twitter_misc":{"Gesch\u00e4tzte Lesezeit":"1\u00a0Minute"},"schema":{"@context":"https:\/\/schema.org","@graph":[{"@type":"WebPage","@id":"https:\/\/www.friseur-hopmann.de\/?product=kerastase-genesis-bain-hydra-fortifiant-refill-set-mit-je-500-ml-inhalt","url":"https:\/\/www.friseur-hopmann.de\/?product=kerastase-genesis-bain-hydra-fortifiant-refill-set-mit-je-500-ml-inhalt","name":"K\u00e9rastase Genesis Bain Hydra-Fortifiant Refill Set 500 ml + 500 ml Nachf\u00fcllpackung - Friseur Hopmann Hairstyling","isPartOf":{"@id":"https:\/\/www.friseur-hopmann.de\/#website"},"primaryImageOfPage":{"@id":"https:\/\/www.friseur-hopmann.de\/?product=kerastase-genesis-bain-hydra-fortifiant-refill-set-mit-je-500-ml-inhalt#primaryimage"},"image":{"@id":"https:\/\/www.friseur-hopmann.de\/?product=kerastase-genesis-bain-hydra-fortifiant-refill-set-mit-je-500-ml-inhalt#primaryimage"},"thumbnailUrl":"https:\/\/www.friseur-hopmann.de\/wp-content\/uploads\/2025\/09\/Kerastase-Genesis-Bain-Hydra-Fortifiant-Refill-Pouch-500-ml-11419_8.webp","datePublished":"2025-09-26T15:34:01+00:00","dateModified":"2025-12-13T17:26:54+00:00","breadcrumb":{"@id":"https:\/\/www.friseur-hopmann.de\/?product=kerastase-genesis-bain-hydra-fortifiant-refill-set-mit-je-500-ml-inhalt#breadcrumb"},"inLanguage":"de","potentialAction":[{"@type":"ReadAction","target":["https:\/\/www.friseur-hopmann.de\/?product=kerastase-genesis-bain-hydra-fortifiant-refill-set-mit-je-500-ml-inhalt"]}]},{"@type":"ImageObject","inLanguage":"de","@id":"https:\/\/www.friseur-hopmann.de\/?product=kerastase-genesis-bain-hydra-fortifiant-refill-set-mit-je-500-ml-inhalt#primaryimage","url":"https:\/\/www.friseur-hopmann.de\/wp-content\/uploads\/2025\/09\/Kerastase-Genesis-Bain-Hydra-Fortifiant-Refill-Pouch-500-ml-11419_8.webp","contentUrl":"https:\/\/www.friseur-hopmann.de\/wp-content\/uploads\/2025\/09\/Kerastase-Genesis-Bain-Hydra-Fortifiant-Refill-Pouch-500-ml-11419_8.webp","width":713,"height":713},{"@type":"BreadcrumbList","@id":"https:\/\/www.friseur-hopmann.de\/?product=kerastase-genesis-bain-hydra-fortifiant-refill-set-mit-je-500-ml-inhalt#breadcrumb","itemListElement":[{"@type":"ListItem","position":1,"name":"Startseite","item":"https:\/\/www.friseur-hopmann.de\/"},{"@type":"ListItem","position":2,"name":"Produkte","item":"https:\/\/www.friseur-hopmann.de\/?post_type=product"},{"@type":"ListItem","position":3,"name":"K\u00e9rastase Genesis Bain Hydra-Fortifiant Refill Set 500 ml + 500 ml Nachf\u00fcllpackung"}]},{"@type":"WebSite","@id":"https:\/\/www.friseur-hopmann.de\/#website","url":"https:\/\/www.friseur-hopmann.de\/","name":"Friseur Hopmann Hairstyling","description":"Ihr Friseur in Nordhorn","potentialAction":[{"@type":"SearchAction","target":{"@type":"EntryPoint","urlTemplate":"https:\/\/www.friseur-hopmann.de\/?s={search_term_string}"},"query-input":{"@type":"PropertyValueSpecification","valueRequired":true,"valueName":"search_term_string"}}],"inLanguage":"de"}]}},"brands":[],"_links":{"self":[{"href":"https:\/\/www.friseur-hopmann.de\/index.php?rest_route=\/wp\/v2\/product\/25414","targetHints":{"allow":["GET"]}}],"collection":[{"href":"https:\/\/www.friseur-hopmann.de\/index.php?rest_route=\/wp\/v2\/product"}],"about":[{"href":"https:\/\/www.friseur-hopmann.de\/index.php?rest_route=\/wp\/v2\/types\/product"}],"replies":[{"embeddable":true,"href":"https:\/\/www.friseur-hopmann.de\/index.php?rest_route=%2Fwp%2Fv2%2Fcomments&post=25414"}],"wp:featuredmedia":[{"embeddable":true,"href":"https:\/\/www.friseur-hopmann.de\/index.php?rest_route=\/wp\/v2\/media\/25449"}],"wp:attachment":[{"href":"https:\/\/www.friseur-hopmann.de\/index.php?rest_route=%2Fwp%2Fv2%2Fmedia&parent=25414"}],"wp:term":[{"taxonomy":"pwb-brand","embeddable":true,"href":"https:\/\/www.friseur-hopmann.de\/index.php?rest_route=%2Fwp%2Fv2%2Fpwb-brand&post=25414"},{"taxonomy":"product_brand","embeddable":true,"href":"https:\/\/www.friseur-hopmann.de\/index.php?rest_route=%2Fwp%2Fv2%2Fproduct_brand&post=25414"},{"taxonomy":"product_cat","embeddable":true,"href":"https:\/\/www.friseur-hopmann.de\/index.php?rest_route=%2Fwp%2Fv2%2Fproduct_cat&post=25414"},{"taxonomy":"product_tag","embeddable":true,"href":"https:\/\/www.friseur-hopmann.de\/index.php?rest_route=%2Fwp%2Fv2%2Fproduct_tag&post=25414"}],"curies":[{"name":"wp","href":"https:\/\/api.w.org\/{rel}","templated":true}]}}