{"id":25413,"date":"2025-09-26T17:08:28","date_gmt":"2025-09-26T15:08:28","guid":{"rendered":"https:\/\/www.friseur-hopmann.de\/?post_type=product&#038;p=25413"},"modified":"2026-01-18T14:07:04","modified_gmt":"2026-01-18T12:07:04","slug":"kerastase-nutritive-bain-satin-riche-refill-set-mit-je-500-ml-inhalt","status":"publish","type":"product","link":"https:\/\/www.friseur-hopmann.de\/?product=kerastase-nutritive-bain-satin-riche-refill-set-mit-je-500-ml-inhalt","title":{"rendered":"K\u00e9rKerastase Nutritive Bain Satin Riche Refill Set 500 ml + Nachf\u00fcllpack 500 ml"},"content":{"rendered":"<h3>Produktbeschreibung:<\/h3>\n<div class=\"product_description row\">\n<div class=\"std col-lg-8 col-lg-offset-2 col-md-10 col-md-offset-1\">\n<h2>K\u00e9rastase Nutritive Bain Satin Riche 500 ml<\/h2>\n<p>Das\u00a0<strong>K\u00e9rastase Nutritive Bain Satin Riche<\/strong> feuchtigkeitsspendendes Haarbad f\u00fcr trockenes bis sehr trockenes Haar. Es hat eine\u00a0hochkonzentrierte Formel, die trockenes Haar gr\u00fcndlich reinigt und gleichzeitig Feuchtigkeit und Komfort wiederherstellt<\/p>\n<h2>Eigenschaften des\u00a0K\u00e9rastase Nutritive Bain Satin Riche<\/h2>\n<ul>\n<li>Revitalisiert und st\u00e4rkt das Haar<\/li>\n<li>Stellt die Haardicke und den Glanz wieder her, verbessert die Feuchtigkeit und macht das Haar weicher<\/li>\n<li>Unterst\u00fctzt die Keratin Produktion, um dem Haar mehr Struktur und St\u00e4rke zu verleihen<\/li>\n<li>Leichtes Ergebnis<\/li>\n<li>Reichhaltig-Pflegend<\/li>\n<li>Feuchtigkeitsspendend<\/li>\n<\/ul>\n<h3>Anwendung des\u00a0K\u00e9rastase Nutritive Bain Satin Riche<\/h3>\n<p>Das\u00a0<strong>K\u00e9rastase Nutritive Bain Satin Riche<\/strong>\u00a0Haarbad auf feuchtes Haar auftragen. Aufsch\u00e4umen. Einmassieren und gr\u00fcndlich aussp\u00fclen. Bei Augenkontakt sofort gr\u00fcndlich aussp\u00fclen.<\/p>\n<\/div>\n<\/div>\n<div id=\"related-recs\">\n<div class=\"box-collateral box-up-sell emarsys-widget related\">\n<div class=\"title\">Passend<\/div>\n<\/div>\n<\/div>\n<h3>Haartyp\/Zielgruppe:<\/h3>\n<p>f\u00fcr trockenes bis sehr trockenes Haar.<\/p>\n<p><strong> Inhalt: je 500 ml<\/strong><\/p>\n<p><strong>Erg\u00e4nzungsprodukte:<\/strong><\/p>\n<p>Nutritive FONDANT LAIT VITAL<\/p>\n<p>Nutritive MASQUEINTENSE RICHE<\/p>\n<p>Nutritive MASQUEINTENSE<\/p>\n<p>&nbsp;<\/p>\n","protected":false},"excerpt":{"rendered":"<p>&nbsp;<\/p>\n<p><strong>Das<\/strong>\u00a0<strong>K\u00e9rastase Nutritive Bain Satin Riche\u00a0 besteht aus dem K\u00e9rastase Nutritive Bain Satin Riche <\/strong><strong>500ml und dem<\/strong>\u00a0 <strong>K\u00e9rastase\u00a0 Nutritive Bain Satin Riche\u00a0Refill Pouch 500 ml Nachf\u00fcllpack<\/strong>.<\/p>\n<p><em>Optimal geeignet f\u00fcr die 500 ml-Pumpflasche<\/em>.<\/p>\n<p>Das <strong>K\u00e9rastase Nutritive Bain Satin Riche<\/strong> feuchtigkeitsspendendes Haarbad f\u00fcr trockenes bis sehr trockenes Haar.<\/p>\n","protected":false},"featured_media":25451,"comment_status":"open","ping_status":"closed","template":"","meta":{"_exactmetrics_skip_tracking":false,"_exactmetrics_sitenote_active":false,"_exactmetrics_sitenote_note":"","_exactmetrics_sitenote_category":0,"_monsterinsights_skip_tracking":false,"_monsterinsights_sitenote_active":false,"_monsterinsights_sitenote_note":"","_monsterinsights_sitenote_category":0},"pwb-brand":[],"product_brand":[615],"product_cat":[491,544,548,489,927,1000,973],"product_tag":[749,830,771,701,675,713],"class_list":{"0":"post-25413","1":"product","2":"type-product","3":"status-publish","4":"has-post-thumbnail","6":"product_brand-kerastase-2","7":"product_cat-kerastase","8":"product_cat-kerastase-haarpflege","9":"product_cat-kerastase-shampoo","10":"product_cat-nutritive","11":"product_cat-500ml","12":"product_cat-kerastase-nachfuellpack-500ml","13":"product_cat-sondergroesse-500ml","14":"product_tag-glanz","15":"product_tag-glanzloses-haar","16":"product_tag-intensiv-pflegend","17":"product_tag-pflegeshampoo","18":"product_tag-shampoo","19":"product_tag-trockenes-haar","20":"pa_inhalt-620","22":"first","23":"instock","24":"sale","25":"taxable","26":"shipping-taxable","27":"purchasable","28":"product-type-woosb"},"yoast_head":"<!-- This site is optimized with the Yoast SEO plugin v24.6 - https:\/\/yoast.com\/wordpress\/plugins\/seo\/ -->\n<title>NUTRITIVE BAIN MAGISTRAL(Shampoo) 1000 ml<\/title>\n<meta name=\"robots\" content=\"index, follow, max-snippet:-1, max-image-preview:large, max-video-preview:-1\" \/>\n<link rel=\"canonical\" href=\"https:\/\/www.friseur-hopmann.de\/?product=kerastase-nutritive-bain-satin-riche-refill-set-mit-je-500-ml-inhalt\" \/>\n<meta property=\"og:locale\" content=\"de_DE\" \/>\n<meta property=\"og:type\" content=\"article\" \/>\n<meta property=\"og:title\" content=\"NUTRITIVE BAIN MAGISTRAL(Shampoo) 1000 ml\" \/>\n<meta property=\"og:description\" content=\"&nbsp;  Das\u00a0K\u00e9rastase Nutritive Bain Satin Riche\u00a0 besteht aus dem K\u00e9rastase Nutritive Bain Satin Riche 500ml und dem\u00a0 K\u00e9rastase\u00a0 Nutritive Bain Satin Riche\u00a0Refill Pouch 500 ml Nachf\u00fcllpack.  Optimal geeignet f\u00fcr die 500 ml-Pumpflasche.  Das K\u00e9rastase Nutritive Bain Satin Riche feuchtigkeitsspendendes Haarbad f\u00fcr trockenes bis sehr trockenes Haar.\" \/>\n<meta property=\"og:url\" content=\"https:\/\/www.friseur-hopmann.de\/?product=kerastase-nutritive-bain-satin-riche-refill-set-mit-je-500-ml-inhalt\" \/>\n<meta property=\"og:site_name\" content=\"Friseur Hopmann Hairstyling\" \/>\n<meta property=\"article:modified_time\" content=\"2026-01-18T12:07:04+00:00\" \/>\n<meta property=\"og:image\" content=\"http:\/\/www.friseur-hopmann.de\/wp-content\/uploads\/2025\/09\/Kerastase-Nutritive-Bain-Satin-Riche-Refill-Pouch-500-ml-11413_13.webp\" \/>\n\t<meta property=\"og:image:width\" content=\"713\" \/>\n\t<meta property=\"og:image:height\" content=\"713\" \/>\n\t<meta property=\"og:image:type\" content=\"image\/webp\" \/>\n<meta name=\"twitter:card\" content=\"summary_large_image\" \/>\n<meta name=\"twitter:label1\" content=\"Gesch\u00e4tzte Lesezeit\" \/>\n\t<meta name=\"twitter:data1\" content=\"1\u00a0Minute\" \/>\n<script type=\"application\/ld+json\" class=\"yoast-schema-graph\">{\"@context\":\"https:\/\/schema.org\",\"@graph\":[{\"@type\":\"WebPage\",\"@id\":\"https:\/\/www.friseur-hopmann.de\/?product=kerastase-nutritive-bain-satin-riche-refill-set-mit-je-500-ml-inhalt\",\"url\":\"https:\/\/www.friseur-hopmann.de\/?product=kerastase-nutritive-bain-satin-riche-refill-set-mit-je-500-ml-inhalt\",\"name\":\"NUTRITIVE BAIN MAGISTRAL(Shampoo) 1000 ml\",\"isPartOf\":{\"@id\":\"https:\/\/www.friseur-hopmann.de\/#website\"},\"primaryImageOfPage\":{\"@id\":\"https:\/\/www.friseur-hopmann.de\/?product=kerastase-nutritive-bain-satin-riche-refill-set-mit-je-500-ml-inhalt#primaryimage\"},\"image\":{\"@id\":\"https:\/\/www.friseur-hopmann.de\/?product=kerastase-nutritive-bain-satin-riche-refill-set-mit-je-500-ml-inhalt#primaryimage\"},\"thumbnailUrl\":\"https:\/\/www.friseur-hopmann.de\/wp-content\/uploads\/2025\/09\/Kerastase-Nutritive-Bain-Satin-Riche-Refill-Pouch-500-ml-11413_13.webp\",\"datePublished\":\"2025-09-26T15:08:28+00:00\",\"dateModified\":\"2026-01-18T12:07:04+00:00\",\"breadcrumb\":{\"@id\":\"https:\/\/www.friseur-hopmann.de\/?product=kerastase-nutritive-bain-satin-riche-refill-set-mit-je-500-ml-inhalt#breadcrumb\"},\"inLanguage\":\"de\",\"potentialAction\":[{\"@type\":\"ReadAction\",\"target\":[\"https:\/\/www.friseur-hopmann.de\/?product=kerastase-nutritive-bain-satin-riche-refill-set-mit-je-500-ml-inhalt\"]}]},{\"@type\":\"ImageObject\",\"inLanguage\":\"de\",\"@id\":\"https:\/\/www.friseur-hopmann.de\/?product=kerastase-nutritive-bain-satin-riche-refill-set-mit-je-500-ml-inhalt#primaryimage\",\"url\":\"https:\/\/www.friseur-hopmann.de\/wp-content\/uploads\/2025\/09\/Kerastase-Nutritive-Bain-Satin-Riche-Refill-Pouch-500-ml-11413_13.webp\",\"contentUrl\":\"https:\/\/www.friseur-hopmann.de\/wp-content\/uploads\/2025\/09\/Kerastase-Nutritive-Bain-Satin-Riche-Refill-Pouch-500-ml-11413_13.webp\",\"width\":713,\"height\":713},{\"@type\":\"BreadcrumbList\",\"@id\":\"https:\/\/www.friseur-hopmann.de\/?product=kerastase-nutritive-bain-satin-riche-refill-set-mit-je-500-ml-inhalt#breadcrumb\",\"itemListElement\":[{\"@type\":\"ListItem\",\"position\":1,\"name\":\"Startseite\",\"item\":\"https:\/\/www.friseur-hopmann.de\/\"},{\"@type\":\"ListItem\",\"position\":2,\"name\":\"Produkte\",\"item\":\"https:\/\/www.friseur-hopmann.de\/?post_type=product\"},{\"@type\":\"ListItem\",\"position\":3,\"name\":\"K\u00e9rKerastase Nutritive Bain Satin Riche Refill Set 500 ml + Nachf\u00fcllpack 500 ml\"}]},{\"@type\":\"WebSite\",\"@id\":\"https:\/\/www.friseur-hopmann.de\/#website\",\"url\":\"https:\/\/www.friseur-hopmann.de\/\",\"name\":\"Friseur Hopmann Hairstyling\",\"description\":\"Ihr Friseur in Nordhorn\",\"potentialAction\":[{\"@type\":\"SearchAction\",\"target\":{\"@type\":\"EntryPoint\",\"urlTemplate\":\"https:\/\/www.friseur-hopmann.de\/?s={search_term_string}\"},\"query-input\":{\"@type\":\"PropertyValueSpecification\",\"valueRequired\":true,\"valueName\":\"search_term_string\"}}],\"inLanguage\":\"de\"}]}<\/script>\n<!-- \/ Yoast SEO plugin. -->","yoast_head_json":{"title":"NUTRITIVE BAIN MAGISTRAL(Shampoo) 1000 ml","robots":{"index":"index","follow":"follow","max-snippet":"max-snippet:-1","max-image-preview":"max-image-preview:large","max-video-preview":"max-video-preview:-1"},"canonical":"https:\/\/www.friseur-hopmann.de\/?product=kerastase-nutritive-bain-satin-riche-refill-set-mit-je-500-ml-inhalt","og_locale":"de_DE","og_type":"article","og_title":"NUTRITIVE BAIN MAGISTRAL(Shampoo) 1000 ml","og_description":"&nbsp;  Das\u00a0K\u00e9rastase Nutritive Bain Satin Riche\u00a0 besteht aus dem K\u00e9rastase Nutritive Bain Satin Riche 500ml und dem\u00a0 K\u00e9rastase\u00a0 Nutritive Bain Satin Riche\u00a0Refill Pouch 500 ml Nachf\u00fcllpack.  Optimal geeignet f\u00fcr die 500 ml-Pumpflasche.  Das K\u00e9rastase Nutritive Bain Satin Riche feuchtigkeitsspendendes Haarbad f\u00fcr trockenes bis sehr trockenes Haar.","og_url":"https:\/\/www.friseur-hopmann.de\/?product=kerastase-nutritive-bain-satin-riche-refill-set-mit-je-500-ml-inhalt","og_site_name":"Friseur Hopmann Hairstyling","article_modified_time":"2026-01-18T12:07:04+00:00","og_image":[{"width":713,"height":713,"url":"http:\/\/www.friseur-hopmann.de\/wp-content\/uploads\/2025\/09\/Kerastase-Nutritive-Bain-Satin-Riche-Refill-Pouch-500-ml-11413_13.webp","type":"image\/webp"}],"twitter_card":"summary_large_image","twitter_misc":{"Gesch\u00e4tzte Lesezeit":"1\u00a0Minute"},"schema":{"@context":"https:\/\/schema.org","@graph":[{"@type":"WebPage","@id":"https:\/\/www.friseur-hopmann.de\/?product=kerastase-nutritive-bain-satin-riche-refill-set-mit-je-500-ml-inhalt","url":"https:\/\/www.friseur-hopmann.de\/?product=kerastase-nutritive-bain-satin-riche-refill-set-mit-je-500-ml-inhalt","name":"NUTRITIVE BAIN MAGISTRAL(Shampoo) 1000 ml","isPartOf":{"@id":"https:\/\/www.friseur-hopmann.de\/#website"},"primaryImageOfPage":{"@id":"https:\/\/www.friseur-hopmann.de\/?product=kerastase-nutritive-bain-satin-riche-refill-set-mit-je-500-ml-inhalt#primaryimage"},"image":{"@id":"https:\/\/www.friseur-hopmann.de\/?product=kerastase-nutritive-bain-satin-riche-refill-set-mit-je-500-ml-inhalt#primaryimage"},"thumbnailUrl":"https:\/\/www.friseur-hopmann.de\/wp-content\/uploads\/2025\/09\/Kerastase-Nutritive-Bain-Satin-Riche-Refill-Pouch-500-ml-11413_13.webp","datePublished":"2025-09-26T15:08:28+00:00","dateModified":"2026-01-18T12:07:04+00:00","breadcrumb":{"@id":"https:\/\/www.friseur-hopmann.de\/?product=kerastase-nutritive-bain-satin-riche-refill-set-mit-je-500-ml-inhalt#breadcrumb"},"inLanguage":"de","potentialAction":[{"@type":"ReadAction","target":["https:\/\/www.friseur-hopmann.de\/?product=kerastase-nutritive-bain-satin-riche-refill-set-mit-je-500-ml-inhalt"]}]},{"@type":"ImageObject","inLanguage":"de","@id":"https:\/\/www.friseur-hopmann.de\/?product=kerastase-nutritive-bain-satin-riche-refill-set-mit-je-500-ml-inhalt#primaryimage","url":"https:\/\/www.friseur-hopmann.de\/wp-content\/uploads\/2025\/09\/Kerastase-Nutritive-Bain-Satin-Riche-Refill-Pouch-500-ml-11413_13.webp","contentUrl":"https:\/\/www.friseur-hopmann.de\/wp-content\/uploads\/2025\/09\/Kerastase-Nutritive-Bain-Satin-Riche-Refill-Pouch-500-ml-11413_13.webp","width":713,"height":713},{"@type":"BreadcrumbList","@id":"https:\/\/www.friseur-hopmann.de\/?product=kerastase-nutritive-bain-satin-riche-refill-set-mit-je-500-ml-inhalt#breadcrumb","itemListElement":[{"@type":"ListItem","position":1,"name":"Startseite","item":"https:\/\/www.friseur-hopmann.de\/"},{"@type":"ListItem","position":2,"name":"Produkte","item":"https:\/\/www.friseur-hopmann.de\/?post_type=product"},{"@type":"ListItem","position":3,"name":"K\u00e9rKerastase Nutritive Bain Satin Riche Refill Set 500 ml + Nachf\u00fcllpack 500 ml"}]},{"@type":"WebSite","@id":"https:\/\/www.friseur-hopmann.de\/#website","url":"https:\/\/www.friseur-hopmann.de\/","name":"Friseur Hopmann Hairstyling","description":"Ihr Friseur in Nordhorn","potentialAction":[{"@type":"SearchAction","target":{"@type":"EntryPoint","urlTemplate":"https:\/\/www.friseur-hopmann.de\/?s={search_term_string}"},"query-input":{"@type":"PropertyValueSpecification","valueRequired":true,"valueName":"search_term_string"}}],"inLanguage":"de"}]}},"brands":[],"_links":{"self":[{"href":"https:\/\/www.friseur-hopmann.de\/index.php?rest_route=\/wp\/v2\/product\/25413","targetHints":{"allow":["GET"]}}],"collection":[{"href":"https:\/\/www.friseur-hopmann.de\/index.php?rest_route=\/wp\/v2\/product"}],"about":[{"href":"https:\/\/www.friseur-hopmann.de\/index.php?rest_route=\/wp\/v2\/types\/product"}],"replies":[{"embeddable":true,"href":"https:\/\/www.friseur-hopmann.de\/index.php?rest_route=%2Fwp%2Fv2%2Fcomments&post=25413"}],"wp:featuredmedia":[{"embeddable":true,"href":"https:\/\/www.friseur-hopmann.de\/index.php?rest_route=\/wp\/v2\/media\/25451"}],"wp:attachment":[{"href":"https:\/\/www.friseur-hopmann.de\/index.php?rest_route=%2Fwp%2Fv2%2Fmedia&parent=25413"}],"wp:term":[{"taxonomy":"pwb-brand","embeddable":true,"href":"https:\/\/www.friseur-hopmann.de\/index.php?rest_route=%2Fwp%2Fv2%2Fpwb-brand&post=25413"},{"taxonomy":"product_brand","embeddable":true,"href":"https:\/\/www.friseur-hopmann.de\/index.php?rest_route=%2Fwp%2Fv2%2Fproduct_brand&post=25413"},{"taxonomy":"product_cat","embeddable":true,"href":"https:\/\/www.friseur-hopmann.de\/index.php?rest_route=%2Fwp%2Fv2%2Fproduct_cat&post=25413"},{"taxonomy":"product_tag","embeddable":true,"href":"https:\/\/www.friseur-hopmann.de\/index.php?rest_route=%2Fwp%2Fv2%2Fproduct_tag&post=25413"}],"curies":[{"name":"wp","href":"https:\/\/api.w.org\/{rel}","templated":true}]}}