{"id":24993,"date":"2025-01-05T09:12:13","date_gmt":"2025-01-05T07:12:13","guid":{"rendered":"https:\/\/www.friseur-hopmann.de\/?post_type=product&#038;p=24993"},"modified":"2026-01-18T15:54:13","modified_gmt":"2026-01-18T13:54:13","slug":"kerastase-chronologiste-huile-de-parfum-luxus-haaroil-parfum-30ml-kopie","status":"publish","type":"product","link":"https:\/\/www.friseur-hopmann.de\/?product=kerastase-chronologiste-huile-de-parfum-luxus-haaroil-parfum-30ml-kopie","title":{"rendered":"K\u00e9rastase Chronologiste Huile de Parfum (Luxus-Haaroil)-(Parfum) 30ml"},"content":{"rendered":"<h3>Produktbeschreibung:<\/h3>\n<div>\n<h2>K\u00e9rastase Chronologiste Huile de Parfum 30 ml<\/h2>\n<p>Das\u00a0<strong>K\u00e9rastase Chronologiste Huile de Parfum<\/strong> ist ein veredelndes Haar-Parfum f\u00fcr\u00a0gl\u00e4nzenderes, gepflegtes und dezent\u00a0duftendes Haar. Das hochwertige Haar\u00f6l pflegt und veredelt die Haarfaser und\u00a0verleiht einen zarten und\u00a0langanhaltenden Duft.<\/p>\n<ul>\n<li>Pflegt und veredelt die Haarfaser und verleiht dem Haar zus\u00e4tzlichen Glanz<\/li>\n<li>Sorgt f\u00fcr eine weiche und geschmeidige Haarfaser<\/li>\n<li>Verleiht einen sinnlichen zugleich zarten und langanhaltenden Duft.<\/li>\n<li>St\u00e4rkt das Haar und reduziert Haarbruch<\/li>\n<\/ul>\n<h3>Anwendung des\u00a0K\u00e9rastase Chronologiste Huile de Parfum<\/h3>\n<p>1-2 Pumph\u00fcbe (1 Pumphub f\u00fcr feines und normales Haar und 2\u00a0Pumph\u00fcbe f\u00fcr kr\u00e4ftiges Haar) mit den H\u00e4nden auf das trockene Haar streichen.\u00a0Vor allem in die L\u00e4ngen und Spitzen einarbeiten. Nicht aussp\u00fclen. Bei Kontakt mit augen, diese sofort gr\u00fcndlich aussp\u00fclen.<\/p>\n<h2>K\u00e9rastase Chronologiste Huile de Parfum Wirkstoffe \/ Inhaltsstoffe:<\/h2>\n<p><strong>Wirkstoffe\/Inhaltstoffe:<\/strong><\/p>\n<div>Veredelndes Duft\u00f6l. Die au\u00dfergew\u00f6hnliche Kombination edler Duftnoten der hohen Parf\u00fcmierkunst\u00a0 -Teerose, helles Holz und Moschus. Das Haar duftet angenehm, wird gepflegt und erstrahlt in neuer Sch\u00f6nheit.<\/div>\n<p>&nbsp;<\/p>\n<table id=\"product-attribute-specs-table\" class=\"data table additional-attributes\">\n<caption class=\"table-caption\">\u00a0<\/caption>\n<tbody>\n<tr>\n<th class=\"col label\" scope=\"row\">Menge<\/th>\n<td class=\"col data\" data-th=\"Menge\">30 ml<\/td>\n<\/tr>\n<tr>\n<th class=\"col label\" scope=\"row\">Marke<\/th>\n<td class=\"col data\" data-th=\"Marke\">Kerastase<\/td>\n<\/tr>\n<tr>\n<th class=\"col label\" scope=\"row\">Produkttyp<\/th>\n<td class=\"col data\" data-th=\"Produkttyp\">Haar-\u00d6l<\/td>\n<\/tr>\n<tr>\n<th class=\"col label\" scope=\"row\">Haartyp<\/th>\n<td class=\"col data\" data-th=\"Haartyp\">alle Haartypen<\/td>\n<\/tr>\n<tr>\n<th class=\"col label\" scope=\"row\">Wirkung<\/th>\n<td class=\"col data\" data-th=\"Wirkung\">Geschmeidigkeit, Glanz, Pflegend, Revitalisierend<\/td>\n<\/tr>\n<tr>\n<th class=\"col label\" scope=\"row\">Inhaltsstoffe<\/th>\n<td class=\"col data\" data-th=\"Inhaltsstoffe\">CYCLOPENTASILOXANE \u2022 DIMETHICONOL \u2022 PARFUM \/ FRAGRANCE \u2022 LINALOOL \u2022 ARGANIA SPINOSA KERNEL OIL \u2022 HELIANTHUS ANNUUS SEED OIL \/ SUNFLOWER SEED OIL \u2022 LIMONENE \u2022 CITRONELLOL \u2022 JASMINUM GRANDIFLORUM FLOWER EXTRACT \/ JASMINE FLOWER EXTRACT \u2022 BENZYL ALCOHOL \u2022 GERANIOL \u2022 BENZYL BENZOATE \u2022 TOCOPHEROL \u2022 COMMIPHORA MYRRHA RESIN EXTRACT (F.I.L. C234906\/1).<\/td>\n<\/tr>\n<tr>\n<th class=\"col label\" scope=\"row\">EAN<\/th>\n<td class=\"col data\" data-th=\"EAN\">3474637219611<\/td>\n<\/tr>\n<\/tbody>\n<\/table>\n<\/div>\n<h3>Erg\u00e4nzungsprodukte:<\/h3>\n<p>CHRONOLOGISTE Bain Chronlogiste (Shampoo)<\/p>\n<p>CHRONOLOGISTE Masque (Haarpflegemaske)<\/p>\n<p>CHRONOLOGISTE Thermique (Hitzeschutz)<br \/>\nCHRONOLOGISTE SOIN GOMMAGE R\u00c9NOVATEUR (intensiv Haarpflegeshampoo)<\/p>\n<p>&nbsp;<\/p>\n","protected":false},"excerpt":{"rendered":"<p>Kereastase Huile de Parfum, welches das Haar veredelt und ihm einen neuen einzigartigen Duft verleiht. Es sorgt f\u00fcr intensive Pflege und Veredelung der Haarfaser. Dank der enthaltenen \u00d6le versorgt Kereastase Huile de Parfum, das Haar mit Feuchtigkeit und N\u00e4hrstoffen und macht es dadurch weich und verleiht einen tollen Glanz.<\/p>\n","protected":false},"featured_media":24994,"comment_status":"open","ping_status":"closed","template":"","meta":{"_exactmetrics_skip_tracking":false,"_exactmetrics_sitenote_active":false,"_exactmetrics_sitenote_note":"","_exactmetrics_sitenote_category":0,"_monsterinsights_skip_tracking":false,"_monsterinsights_sitenote_active":false,"_monsterinsights_sitenote_note":"","_monsterinsights_sitenote_category":0},"pwb-brand":[],"product_brand":[],"product_cat":[514,491,544],"product_tag":[761,735,759,763],"class_list":{"0":"post-24993","1":"product","2":"type-product","3":"status-publish","4":"has-post-thumbnail","6":"product_cat-chronologiste","7":"product_cat-kerastase","8":"product_cat-kerastase-haarpflege","9":"product_tag-glanzpflege","10":"product_tag-haaroil","11":"product_tag-leave-in-pflege","12":"product_tag-parfuemiertes-haaroil","13":"pa_inhalt-639","15":"first","16":"instock","17":"taxable","18":"shipping-taxable","19":"purchasable","20":"product-type-simple"},"yoast_head":"<!-- This site is optimized with the Yoast SEO plugin v24.6 - https:\/\/yoast.com\/wordpress\/plugins\/seo\/ -->\n<title>CHRONOLOGISTE La Parfum en Huile (Luxus-Haarparfum) 120 ml<\/title>\n<meta name=\"robots\" content=\"index, follow, max-snippet:-1, max-image-preview:large, max-video-preview:-1\" \/>\n<link rel=\"canonical\" href=\"https:\/\/www.friseur-hopmann.de\/?product=kerastase-chronologiste-huile-de-parfum-luxus-haaroil-parfum-30ml-kopie\" \/>\n<meta property=\"og:locale\" content=\"de_DE\" \/>\n<meta property=\"og:type\" content=\"article\" \/>\n<meta property=\"og:title\" content=\"CHRONOLOGISTE La Parfum en Huile (Luxus-Haarparfum) 120 ml\" \/>\n<meta property=\"og:description\" content=\"Kereastase Huile de Parfum, welches das Haar veredelt und ihm einen neuen einzigartigen Duft verleiht. Es sorgt f\u00fcr intensive Pflege und Veredelung der Haarfaser. Dank der enthaltenen \u00d6le versorgt Kereastase Huile de Parfum, das Haar mit Feuchtigkeit und N\u00e4hrstoffen und macht es dadurch weich und verleiht einen tollen Glanz.\" \/>\n<meta property=\"og:url\" content=\"https:\/\/www.friseur-hopmann.de\/?product=kerastase-chronologiste-huile-de-parfum-luxus-haaroil-parfum-30ml-kopie\" \/>\n<meta property=\"og:site_name\" content=\"Friseur Hopmann Hairstyling\" \/>\n<meta property=\"article:modified_time\" content=\"2026-01-18T13:54:13+00:00\" \/>\n<meta property=\"og:image\" content=\"http:\/\/www.friseur-hopmann.de\/wp-content\/uploads\/2025\/01\/Chronlogiste-Oel-30.webp\" \/>\n\t<meta property=\"og:image:width\" content=\"1063\" \/>\n\t<meta property=\"og:image:height\" content=\"1063\" \/>\n\t<meta property=\"og:image:type\" content=\"image\/webp\" \/>\n<meta name=\"twitter:card\" content=\"summary_large_image\" \/>\n<meta name=\"twitter:label1\" content=\"Gesch\u00e4tzte Lesezeit\" \/>\n\t<meta name=\"twitter:data1\" content=\"2\u00a0Minuten\" \/>\n<script type=\"application\/ld+json\" class=\"yoast-schema-graph\">{\"@context\":\"https:\/\/schema.org\",\"@graph\":[{\"@type\":\"WebPage\",\"@id\":\"https:\/\/www.friseur-hopmann.de\/?product=kerastase-chronologiste-huile-de-parfum-luxus-haaroil-parfum-30ml-kopie\",\"url\":\"https:\/\/www.friseur-hopmann.de\/?product=kerastase-chronologiste-huile-de-parfum-luxus-haaroil-parfum-30ml-kopie\",\"name\":\"CHRONOLOGISTE La Parfum en Huile (Luxus-Haarparfum) 120 ml\",\"isPartOf\":{\"@id\":\"https:\/\/www.friseur-hopmann.de\/#website\"},\"primaryImageOfPage\":{\"@id\":\"https:\/\/www.friseur-hopmann.de\/?product=kerastase-chronologiste-huile-de-parfum-luxus-haaroil-parfum-30ml-kopie#primaryimage\"},\"image\":{\"@id\":\"https:\/\/www.friseur-hopmann.de\/?product=kerastase-chronologiste-huile-de-parfum-luxus-haaroil-parfum-30ml-kopie#primaryimage\"},\"thumbnailUrl\":\"https:\/\/www.friseur-hopmann.de\/wp-content\/uploads\/2025\/01\/Chronlogiste-Oel-30.webp\",\"datePublished\":\"2025-01-05T07:12:13+00:00\",\"dateModified\":\"2026-01-18T13:54:13+00:00\",\"breadcrumb\":{\"@id\":\"https:\/\/www.friseur-hopmann.de\/?product=kerastase-chronologiste-huile-de-parfum-luxus-haaroil-parfum-30ml-kopie#breadcrumb\"},\"inLanguage\":\"de\",\"potentialAction\":[{\"@type\":\"ReadAction\",\"target\":[\"https:\/\/www.friseur-hopmann.de\/?product=kerastase-chronologiste-huile-de-parfum-luxus-haaroil-parfum-30ml-kopie\"]}]},{\"@type\":\"ImageObject\",\"inLanguage\":\"de\",\"@id\":\"https:\/\/www.friseur-hopmann.de\/?product=kerastase-chronologiste-huile-de-parfum-luxus-haaroil-parfum-30ml-kopie#primaryimage\",\"url\":\"https:\/\/www.friseur-hopmann.de\/wp-content\/uploads\/2025\/01\/Chronlogiste-Oel-30.webp\",\"contentUrl\":\"https:\/\/www.friseur-hopmann.de\/wp-content\/uploads\/2025\/01\/Chronlogiste-Oel-30.webp\",\"width\":1063,\"height\":1063},{\"@type\":\"BreadcrumbList\",\"@id\":\"https:\/\/www.friseur-hopmann.de\/?product=kerastase-chronologiste-huile-de-parfum-luxus-haaroil-parfum-30ml-kopie#breadcrumb\",\"itemListElement\":[{\"@type\":\"ListItem\",\"position\":1,\"name\":\"Startseite\",\"item\":\"https:\/\/www.friseur-hopmann.de\/\"},{\"@type\":\"ListItem\",\"position\":2,\"name\":\"Produkte\",\"item\":\"https:\/\/www.friseur-hopmann.de\/?post_type=product\"},{\"@type\":\"ListItem\",\"position\":3,\"name\":\"K\u00e9rastase Chronologiste Huile de Parfum (Luxus-Haaroil)-(Parfum) 30ml\"}]},{\"@type\":\"WebSite\",\"@id\":\"https:\/\/www.friseur-hopmann.de\/#website\",\"url\":\"https:\/\/www.friseur-hopmann.de\/\",\"name\":\"Friseur Hopmann Hairstyling\",\"description\":\"Ihr Friseur in Nordhorn\",\"potentialAction\":[{\"@type\":\"SearchAction\",\"target\":{\"@type\":\"EntryPoint\",\"urlTemplate\":\"https:\/\/www.friseur-hopmann.de\/?s={search_term_string}\"},\"query-input\":{\"@type\":\"PropertyValueSpecification\",\"valueRequired\":true,\"valueName\":\"search_term_string\"}}],\"inLanguage\":\"de\"}]}<\/script>\n<!-- \/ Yoast SEO plugin. -->","yoast_head_json":{"title":"CHRONOLOGISTE La Parfum en Huile (Luxus-Haarparfum) 120 ml","robots":{"index":"index","follow":"follow","max-snippet":"max-snippet:-1","max-image-preview":"max-image-preview:large","max-video-preview":"max-video-preview:-1"},"canonical":"https:\/\/www.friseur-hopmann.de\/?product=kerastase-chronologiste-huile-de-parfum-luxus-haaroil-parfum-30ml-kopie","og_locale":"de_DE","og_type":"article","og_title":"CHRONOLOGISTE La Parfum en Huile (Luxus-Haarparfum) 120 ml","og_description":"Kereastase Huile de Parfum, welches das Haar veredelt und ihm einen neuen einzigartigen Duft verleiht. Es sorgt f\u00fcr intensive Pflege und Veredelung der Haarfaser. Dank der enthaltenen \u00d6le versorgt Kereastase Huile de Parfum, das Haar mit Feuchtigkeit und N\u00e4hrstoffen und macht es dadurch weich und verleiht einen tollen Glanz.","og_url":"https:\/\/www.friseur-hopmann.de\/?product=kerastase-chronologiste-huile-de-parfum-luxus-haaroil-parfum-30ml-kopie","og_site_name":"Friseur Hopmann Hairstyling","article_modified_time":"2026-01-18T13:54:13+00:00","og_image":[{"width":1063,"height":1063,"url":"http:\/\/www.friseur-hopmann.de\/wp-content\/uploads\/2025\/01\/Chronlogiste-Oel-30.webp","type":"image\/webp"}],"twitter_card":"summary_large_image","twitter_misc":{"Gesch\u00e4tzte Lesezeit":"2\u00a0Minuten"},"schema":{"@context":"https:\/\/schema.org","@graph":[{"@type":"WebPage","@id":"https:\/\/www.friseur-hopmann.de\/?product=kerastase-chronologiste-huile-de-parfum-luxus-haaroil-parfum-30ml-kopie","url":"https:\/\/www.friseur-hopmann.de\/?product=kerastase-chronologiste-huile-de-parfum-luxus-haaroil-parfum-30ml-kopie","name":"CHRONOLOGISTE La Parfum en Huile (Luxus-Haarparfum) 120 ml","isPartOf":{"@id":"https:\/\/www.friseur-hopmann.de\/#website"},"primaryImageOfPage":{"@id":"https:\/\/www.friseur-hopmann.de\/?product=kerastase-chronologiste-huile-de-parfum-luxus-haaroil-parfum-30ml-kopie#primaryimage"},"image":{"@id":"https:\/\/www.friseur-hopmann.de\/?product=kerastase-chronologiste-huile-de-parfum-luxus-haaroil-parfum-30ml-kopie#primaryimage"},"thumbnailUrl":"https:\/\/www.friseur-hopmann.de\/wp-content\/uploads\/2025\/01\/Chronlogiste-Oel-30.webp","datePublished":"2025-01-05T07:12:13+00:00","dateModified":"2026-01-18T13:54:13+00:00","breadcrumb":{"@id":"https:\/\/www.friseur-hopmann.de\/?product=kerastase-chronologiste-huile-de-parfum-luxus-haaroil-parfum-30ml-kopie#breadcrumb"},"inLanguage":"de","potentialAction":[{"@type":"ReadAction","target":["https:\/\/www.friseur-hopmann.de\/?product=kerastase-chronologiste-huile-de-parfum-luxus-haaroil-parfum-30ml-kopie"]}]},{"@type":"ImageObject","inLanguage":"de","@id":"https:\/\/www.friseur-hopmann.de\/?product=kerastase-chronologiste-huile-de-parfum-luxus-haaroil-parfum-30ml-kopie#primaryimage","url":"https:\/\/www.friseur-hopmann.de\/wp-content\/uploads\/2025\/01\/Chronlogiste-Oel-30.webp","contentUrl":"https:\/\/www.friseur-hopmann.de\/wp-content\/uploads\/2025\/01\/Chronlogiste-Oel-30.webp","width":1063,"height":1063},{"@type":"BreadcrumbList","@id":"https:\/\/www.friseur-hopmann.de\/?product=kerastase-chronologiste-huile-de-parfum-luxus-haaroil-parfum-30ml-kopie#breadcrumb","itemListElement":[{"@type":"ListItem","position":1,"name":"Startseite","item":"https:\/\/www.friseur-hopmann.de\/"},{"@type":"ListItem","position":2,"name":"Produkte","item":"https:\/\/www.friseur-hopmann.de\/?post_type=product"},{"@type":"ListItem","position":3,"name":"K\u00e9rastase Chronologiste Huile de Parfum (Luxus-Haaroil)-(Parfum) 30ml"}]},{"@type":"WebSite","@id":"https:\/\/www.friseur-hopmann.de\/#website","url":"https:\/\/www.friseur-hopmann.de\/","name":"Friseur Hopmann Hairstyling","description":"Ihr Friseur in Nordhorn","potentialAction":[{"@type":"SearchAction","target":{"@type":"EntryPoint","urlTemplate":"https:\/\/www.friseur-hopmann.de\/?s={search_term_string}"},"query-input":{"@type":"PropertyValueSpecification","valueRequired":true,"valueName":"search_term_string"}}],"inLanguage":"de"}]}},"brands":[],"_links":{"self":[{"href":"https:\/\/www.friseur-hopmann.de\/index.php?rest_route=\/wp\/v2\/product\/24993","targetHints":{"allow":["GET"]}}],"collection":[{"href":"https:\/\/www.friseur-hopmann.de\/index.php?rest_route=\/wp\/v2\/product"}],"about":[{"href":"https:\/\/www.friseur-hopmann.de\/index.php?rest_route=\/wp\/v2\/types\/product"}],"replies":[{"embeddable":true,"href":"https:\/\/www.friseur-hopmann.de\/index.php?rest_route=%2Fwp%2Fv2%2Fcomments&post=24993"}],"wp:featuredmedia":[{"embeddable":true,"href":"https:\/\/www.friseur-hopmann.de\/index.php?rest_route=\/wp\/v2\/media\/24994"}],"wp:attachment":[{"href":"https:\/\/www.friseur-hopmann.de\/index.php?rest_route=%2Fwp%2Fv2%2Fmedia&parent=24993"}],"wp:term":[{"taxonomy":"pwb-brand","embeddable":true,"href":"https:\/\/www.friseur-hopmann.de\/index.php?rest_route=%2Fwp%2Fv2%2Fpwb-brand&post=24993"},{"taxonomy":"product_brand","embeddable":true,"href":"https:\/\/www.friseur-hopmann.de\/index.php?rest_route=%2Fwp%2Fv2%2Fproduct_brand&post=24993"},{"taxonomy":"product_cat","embeddable":true,"href":"https:\/\/www.friseur-hopmann.de\/index.php?rest_route=%2Fwp%2Fv2%2Fproduct_cat&post=24993"},{"taxonomy":"product_tag","embeddable":true,"href":"https:\/\/www.friseur-hopmann.de\/index.php?rest_route=%2Fwp%2Fv2%2Fproduct_tag&post=24993"}],"curies":[{"name":"wp","href":"https:\/\/api.w.org\/{rel}","templated":true}]}}