{"id":24801,"date":"2024-10-22T15:43:07","date_gmt":"2024-10-22T13:43:07","guid":{"rendered":"https:\/\/www.friseur-hopmann.de\/?post_type=product&#038;p=24801"},"modified":"2025-01-04T20:58:46","modified_gmt":"2025-01-04T18:58:46","slug":"eimi-shape-me-48","status":"publish","type":"product","link":"https:\/\/www.friseur-hopmann.de\/?product=eimi-shape-me-48","title":{"rendered":"WELLA EIMI SHAPE ME 48 Liquidgel"},"content":{"rendered":"<div id=\"description\" class=\"data item content \" aria-labelledby=\"tab-label-description-title\" data-role=\"content\">\n<div class=\"data item main\">\n<div class=\"product attribute description\">\n<div class=\"value\">\n<p class=\"lead\"><b>PRODUKTBESCHREIBUNG:<\/b><\/p>\n<p>Der\u00a0<strong>Wella EIMI Shape Me<\/strong>\u00a0ist ein hitze-aktives 48 h Liquid Gel mit Memory-Effekt.\u00a0Stylen oder f\u00f6hnen Sie Ihr Haar so, wie Sie es wollen. Der\u00a0<strong>Wella EIMI Shape Me<\/strong>\u00a0wird durch Hitze aktiviert und enth\u00e4lt einen Memory-Polymer-Komplex, der hilft, das Haar nach Ihren W\u00fcnschen zu formen und zu f\u00f6hnen, und das mit 48 Stunden Halt.<\/p>\n<h2>Anwendung<\/h2>\n<p>Kann im trockenen und feuchtem Haar angewendet werden. Im feuchten Haar mit 48h Meomory-Funktion. Verreiben Sie eine kleine Menge zwischen den H\u00e4nden. Tragen Sie das Gel gleichm\u00e4\u00dfig vom Ansatz bis in die Spitze auf das\u00a0 feuchte oder trocken Haar auf.<\/p>\n<h3>Eigenschaften des\u00a0Wella EIMI Shape Me<\/h3>\n<ul>\n<li>Langanhaltender Look<\/li>\n<li>Textur ver\u00e4ndernd<\/li>\n<li>Anti-Feuchtigkeit &#8211; selbst unter extremen Bedingungen<\/li>\n<li>Hitzeschutz<\/li>\n<li>Haltegrad 2<\/li>\n<\/ul>\n<\/div>\n<\/div>\n<\/div>\n<\/div>\n<div id=\"additional\" class=\"data item content \" aria-labelledby=\"tab-label-additional-title\" data-role=\"content\">\n<div class=\"data item main\">\n<div class=\"additional-attributes-wrapper table-wrapper\">\n<table id=\"product-attribute-specs-table\" class=\"data table additional-attributes\">\n<caption class=\"table-caption\">\u00a0<\/caption>\n<tbody>\n<tr>\n<th class=\"col label\" scope=\"row\">Menge<\/th>\n<td class=\"col data\" data-th=\"Menge\">150 ml<\/td>\n<\/tr>\n<tr>\n<th class=\"col label\" scope=\"row\">Marke<\/th>\n<td class=\"col data\" data-th=\"Marke\">Wella<\/td>\n<\/tr>\n<tr>\n<th class=\"col label\" scope=\"row\">Geschlecht<\/th>\n<td class=\"col data\" data-th=\"Geschlecht\">unisex<\/td>\n<\/tr>\n<tr>\n<th class=\"col label\" scope=\"row\">Produkttyp<\/th>\n<td class=\"col data\" data-th=\"Produkttyp\">Gel<\/td>\n<\/tr>\n<tr>\n<th class=\"col label\" scope=\"row\">Wirkung<\/th>\n<td class=\"col data\" data-th=\"Wirkung\">Aktivierend, Langanhaltend, Sch\u00fctzend<\/td>\n<\/tr>\n<tr>\n<th class=\"col label\" scope=\"row\">Inhaltsstoffe<\/th>\n<td class=\"col data\" data-th=\"Inhaltsstoffe\">Aqua, Methyl Gluceth-20, Glycerin, PVP, Guar Hydroxypropyltrimonium Chloride, Hydroxyethylcellulose, Polysorbate 20, Imidazolidinyl Urea, Panthenol, Methylparaben, Parfum, Propylparaben, Disodium EDTA, Amodimethicone, Citric Acid, Hydrolyzed Wheat Protein, Tetrasodium EDTA, Hexyl Cinnamal, Linalool, Limonene, Ethylhexyl Methoxycinnamate, Trideceth-12, Citronellol, Cetrimonium Chloride, Potassium Sorbate, Phenoxyethanol<\/td>\n<\/tr>\n<tr>\n<th class=\"col label\" scope=\"row\">EAN<\/th>\n<td class=\"col data\" data-th=\"EAN\">8005610265452<\/td>\n<\/tr>\n<\/tbody>\n<\/table>\n<\/div>\n<\/div>\n<\/div>\n","protected":false},"excerpt":{"rendered":"<p>Der\u00a0<strong>Wella EIMI Shape Me<\/strong>\u00a0ist ein hitze-aktives 48 h Liquid Gel mit Memory-Effekt.\u00a0Stylen oder f\u00f6hnen Sie Ihr Haar so, wie Sie es wollen. Der\u00a0<strong>Wella EIMI Shape Me<\/strong>\u00a0wird durch Hitze aktiviert und enth\u00e4lt einen Memory-Polymer-Komplex, der hilft, das Haar nach Ihren W\u00fcnschen zu formen und zu f\u00f6hnen, und das mit 48 Stunden Halt.<\/p>\n","protected":false},"featured_media":24802,"comment_status":"closed","ping_status":"closed","template":"","meta":{"_exactmetrics_skip_tracking":false,"_exactmetrics_sitenote_active":false,"_exactmetrics_sitenote_note":"","_exactmetrics_sitenote_category":0,"_monsterinsights_skip_tracking":false,"_monsterinsights_sitenote_active":false,"_monsterinsights_sitenote_note":"","_monsterinsights_sitenote_category":0},"pwb-brand":[],"product_brand":[],"product_cat":[507,586,654],"product_tag":[886,699,996],"class_list":{"0":"post-24801","1":"product","2":"type-product","3":"status-publish","4":"has-post-thumbnail","6":"product_cat-wella","7":"product_cat-wella-professionals-eimi","8":"product_cat-eimi-texture","9":"product_tag-gel","10":"product_tag-hitzeschutz","11":"product_tag-styling","13":"first","14":"instock","15":"taxable","16":"shipping-taxable","17":"purchasable","18":"product-type-simple"},"yoast_head":"<!-- This site is optimized with the Yoast SEO plugin v24.6 - https:\/\/yoast.com\/wordpress\/plugins\/seo\/ -->\n<title>WELLA EIMI SHAPE ME 48 Liquidgel - Friseur Hopmann Hairstyling<\/title>\n<meta name=\"robots\" content=\"index, follow, max-snippet:-1, max-image-preview:large, max-video-preview:-1\" \/>\n<link rel=\"canonical\" href=\"https:\/\/www.friseur-hopmann.de\/?product=eimi-shape-me-48\" \/>\n<meta property=\"og:locale\" content=\"de_DE\" \/>\n<meta property=\"og:type\" content=\"article\" \/>\n<meta property=\"og:title\" content=\"WELLA EIMI SHAPE ME 48 Liquidgel - Friseur Hopmann Hairstyling\" \/>\n<meta property=\"og:description\" content=\"Der\u00a0Wella EIMI Shape Me\u00a0ist ein hitze-aktives 48 h Liquid Gel mit Memory-Effekt.\u00a0Stylen oder f\u00f6hnen Sie Ihr Haar so, wie Sie es wollen. Der\u00a0Wella EIMI Shape Me\u00a0wird durch Hitze aktiviert und enth\u00e4lt einen Memory-Polymer-Komplex, der hilft, das Haar nach Ihren W\u00fcnschen zu formen und zu f\u00f6hnen, und das mit 48 Stunden Halt.\" \/>\n<meta property=\"og:url\" content=\"https:\/\/www.friseur-hopmann.de\/?product=eimi-shape-me-48\" \/>\n<meta property=\"og:site_name\" content=\"Friseur Hopmann Hairstyling\" \/>\n<meta property=\"article:modified_time\" content=\"2025-01-04T18:58:46+00:00\" \/>\n<meta property=\"og:image\" content=\"http:\/\/www.friseur-hopmann.de\/wp-content\/uploads\/2024\/10\/EMII-SHAPE-ME.webp\" \/>\n\t<meta property=\"og:image:width\" content=\"1000\" \/>\n\t<meta property=\"og:image:height\" content=\"1000\" \/>\n\t<meta property=\"og:image:type\" content=\"image\/webp\" \/>\n<meta name=\"twitter:card\" content=\"summary_large_image\" \/>\n<meta name=\"twitter:label1\" content=\"Gesch\u00e4tzte Lesezeit\" \/>\n\t<meta name=\"twitter:data1\" content=\"2\u00a0Minuten\" \/>\n<script type=\"application\/ld+json\" class=\"yoast-schema-graph\">{\"@context\":\"https:\/\/schema.org\",\"@graph\":[{\"@type\":\"WebPage\",\"@id\":\"https:\/\/www.friseur-hopmann.de\/?product=eimi-shape-me-48\",\"url\":\"https:\/\/www.friseur-hopmann.de\/?product=eimi-shape-me-48\",\"name\":\"WELLA EIMI SHAPE ME 48 Liquidgel - Friseur Hopmann Hairstyling\",\"isPartOf\":{\"@id\":\"https:\/\/www.friseur-hopmann.de\/#website\"},\"primaryImageOfPage\":{\"@id\":\"https:\/\/www.friseur-hopmann.de\/?product=eimi-shape-me-48#primaryimage\"},\"image\":{\"@id\":\"https:\/\/www.friseur-hopmann.de\/?product=eimi-shape-me-48#primaryimage\"},\"thumbnailUrl\":\"https:\/\/www.friseur-hopmann.de\/wp-content\/uploads\/2024\/10\/EMII-SHAPE-ME.webp\",\"datePublished\":\"2024-10-22T13:43:07+00:00\",\"dateModified\":\"2025-01-04T18:58:46+00:00\",\"breadcrumb\":{\"@id\":\"https:\/\/www.friseur-hopmann.de\/?product=eimi-shape-me-48#breadcrumb\"},\"inLanguage\":\"de\",\"potentialAction\":[{\"@type\":\"ReadAction\",\"target\":[\"https:\/\/www.friseur-hopmann.de\/?product=eimi-shape-me-48\"]}]},{\"@type\":\"ImageObject\",\"inLanguage\":\"de\",\"@id\":\"https:\/\/www.friseur-hopmann.de\/?product=eimi-shape-me-48#primaryimage\",\"url\":\"https:\/\/www.friseur-hopmann.de\/wp-content\/uploads\/2024\/10\/EMII-SHAPE-ME.webp\",\"contentUrl\":\"https:\/\/www.friseur-hopmann.de\/wp-content\/uploads\/2024\/10\/EMII-SHAPE-ME.webp\",\"width\":1000,\"height\":1000},{\"@type\":\"BreadcrumbList\",\"@id\":\"https:\/\/www.friseur-hopmann.de\/?product=eimi-shape-me-48#breadcrumb\",\"itemListElement\":[{\"@type\":\"ListItem\",\"position\":1,\"name\":\"Startseite\",\"item\":\"https:\/\/www.friseur-hopmann.de\/\"},{\"@type\":\"ListItem\",\"position\":2,\"name\":\"Produkte\",\"item\":\"https:\/\/www.friseur-hopmann.de\/?post_type=product\"},{\"@type\":\"ListItem\",\"position\":3,\"name\":\"WELLA EIMI SHAPE ME 48 Liquidgel\"}]},{\"@type\":\"WebSite\",\"@id\":\"https:\/\/www.friseur-hopmann.de\/#website\",\"url\":\"https:\/\/www.friseur-hopmann.de\/\",\"name\":\"Friseur Hopmann Hairstyling\",\"description\":\"Ihr Friseur in Nordhorn\",\"potentialAction\":[{\"@type\":\"SearchAction\",\"target\":{\"@type\":\"EntryPoint\",\"urlTemplate\":\"https:\/\/www.friseur-hopmann.de\/?s={search_term_string}\"},\"query-input\":{\"@type\":\"PropertyValueSpecification\",\"valueRequired\":true,\"valueName\":\"search_term_string\"}}],\"inLanguage\":\"de\"}]}<\/script>\n<!-- \/ Yoast SEO plugin. -->","yoast_head_json":{"title":"WELLA EIMI SHAPE ME 48 Liquidgel - Friseur Hopmann Hairstyling","robots":{"index":"index","follow":"follow","max-snippet":"max-snippet:-1","max-image-preview":"max-image-preview:large","max-video-preview":"max-video-preview:-1"},"canonical":"https:\/\/www.friseur-hopmann.de\/?product=eimi-shape-me-48","og_locale":"de_DE","og_type":"article","og_title":"WELLA EIMI SHAPE ME 48 Liquidgel - Friseur Hopmann Hairstyling","og_description":"Der\u00a0Wella EIMI Shape Me\u00a0ist ein hitze-aktives 48 h Liquid Gel mit Memory-Effekt.\u00a0Stylen oder f\u00f6hnen Sie Ihr Haar so, wie Sie es wollen. Der\u00a0Wella EIMI Shape Me\u00a0wird durch Hitze aktiviert und enth\u00e4lt einen Memory-Polymer-Komplex, der hilft, das Haar nach Ihren W\u00fcnschen zu formen und zu f\u00f6hnen, und das mit 48 Stunden Halt.","og_url":"https:\/\/www.friseur-hopmann.de\/?product=eimi-shape-me-48","og_site_name":"Friseur Hopmann Hairstyling","article_modified_time":"2025-01-04T18:58:46+00:00","og_image":[{"width":1000,"height":1000,"url":"http:\/\/www.friseur-hopmann.de\/wp-content\/uploads\/2024\/10\/EMII-SHAPE-ME.webp","type":"image\/webp"}],"twitter_card":"summary_large_image","twitter_misc":{"Gesch\u00e4tzte Lesezeit":"2\u00a0Minuten"},"schema":{"@context":"https:\/\/schema.org","@graph":[{"@type":"WebPage","@id":"https:\/\/www.friseur-hopmann.de\/?product=eimi-shape-me-48","url":"https:\/\/www.friseur-hopmann.de\/?product=eimi-shape-me-48","name":"WELLA EIMI SHAPE ME 48 Liquidgel - Friseur Hopmann Hairstyling","isPartOf":{"@id":"https:\/\/www.friseur-hopmann.de\/#website"},"primaryImageOfPage":{"@id":"https:\/\/www.friseur-hopmann.de\/?product=eimi-shape-me-48#primaryimage"},"image":{"@id":"https:\/\/www.friseur-hopmann.de\/?product=eimi-shape-me-48#primaryimage"},"thumbnailUrl":"https:\/\/www.friseur-hopmann.de\/wp-content\/uploads\/2024\/10\/EMII-SHAPE-ME.webp","datePublished":"2024-10-22T13:43:07+00:00","dateModified":"2025-01-04T18:58:46+00:00","breadcrumb":{"@id":"https:\/\/www.friseur-hopmann.de\/?product=eimi-shape-me-48#breadcrumb"},"inLanguage":"de","potentialAction":[{"@type":"ReadAction","target":["https:\/\/www.friseur-hopmann.de\/?product=eimi-shape-me-48"]}]},{"@type":"ImageObject","inLanguage":"de","@id":"https:\/\/www.friseur-hopmann.de\/?product=eimi-shape-me-48#primaryimage","url":"https:\/\/www.friseur-hopmann.de\/wp-content\/uploads\/2024\/10\/EMII-SHAPE-ME.webp","contentUrl":"https:\/\/www.friseur-hopmann.de\/wp-content\/uploads\/2024\/10\/EMII-SHAPE-ME.webp","width":1000,"height":1000},{"@type":"BreadcrumbList","@id":"https:\/\/www.friseur-hopmann.de\/?product=eimi-shape-me-48#breadcrumb","itemListElement":[{"@type":"ListItem","position":1,"name":"Startseite","item":"https:\/\/www.friseur-hopmann.de\/"},{"@type":"ListItem","position":2,"name":"Produkte","item":"https:\/\/www.friseur-hopmann.de\/?post_type=product"},{"@type":"ListItem","position":3,"name":"WELLA EIMI SHAPE ME 48 Liquidgel"}]},{"@type":"WebSite","@id":"https:\/\/www.friseur-hopmann.de\/#website","url":"https:\/\/www.friseur-hopmann.de\/","name":"Friseur Hopmann Hairstyling","description":"Ihr Friseur in Nordhorn","potentialAction":[{"@type":"SearchAction","target":{"@type":"EntryPoint","urlTemplate":"https:\/\/www.friseur-hopmann.de\/?s={search_term_string}"},"query-input":{"@type":"PropertyValueSpecification","valueRequired":true,"valueName":"search_term_string"}}],"inLanguage":"de"}]}},"brands":[],"_links":{"self":[{"href":"https:\/\/www.friseur-hopmann.de\/index.php?rest_route=\/wp\/v2\/product\/24801","targetHints":{"allow":["GET"]}}],"collection":[{"href":"https:\/\/www.friseur-hopmann.de\/index.php?rest_route=\/wp\/v2\/product"}],"about":[{"href":"https:\/\/www.friseur-hopmann.de\/index.php?rest_route=\/wp\/v2\/types\/product"}],"replies":[{"embeddable":true,"href":"https:\/\/www.friseur-hopmann.de\/index.php?rest_route=%2Fwp%2Fv2%2Fcomments&post=24801"}],"wp:featuredmedia":[{"embeddable":true,"href":"https:\/\/www.friseur-hopmann.de\/index.php?rest_route=\/wp\/v2\/media\/24802"}],"wp:attachment":[{"href":"https:\/\/www.friseur-hopmann.de\/index.php?rest_route=%2Fwp%2Fv2%2Fmedia&parent=24801"}],"wp:term":[{"taxonomy":"pwb-brand","embeddable":true,"href":"https:\/\/www.friseur-hopmann.de\/index.php?rest_route=%2Fwp%2Fv2%2Fpwb-brand&post=24801"},{"taxonomy":"product_brand","embeddable":true,"href":"https:\/\/www.friseur-hopmann.de\/index.php?rest_route=%2Fwp%2Fv2%2Fproduct_brand&post=24801"},{"taxonomy":"product_cat","embeddable":true,"href":"https:\/\/www.friseur-hopmann.de\/index.php?rest_route=%2Fwp%2Fv2%2Fproduct_cat&post=24801"},{"taxonomy":"product_tag","embeddable":true,"href":"https:\/\/www.friseur-hopmann.de\/index.php?rest_route=%2Fwp%2Fv2%2Fproduct_tag&post=24801"}],"curies":[{"name":"wp","href":"https:\/\/api.w.org\/{rel}","templated":true}]}}