{"id":20878,"date":"2023-01-07T23:25:35","date_gmt":"2023-01-07T21:25:35","guid":{"rendered":"http:\/\/www.friseur-hopmann.de\/?post_type=product&#038;p=20878"},"modified":"2026-04-05T15:43:51","modified_gmt":"2026-04-05T13:43:51","slug":"kerastase-blond-absolu-fluide-cicaflash-fluide-fondante-conditioner-1000-ml","status":"publish","type":"product","link":"https:\/\/www.friseur-hopmann.de\/?product=kerastase-blond-absolu-fluide-cicaflash-fluide-fondante-conditioner-1000-ml","title":{"rendered":"K\u00c9RASTASE BLOND ABSOLU FLUIDE CICAFLASH (Fluide\/Fondante\/Conditioner) 1000 ml"},"content":{"rendered":"<h2>K\u00e9rastase Blond Absolu Fluide Cicaflash 1000 ml<\/h2>\n<p>Das\u00a0<strong>K\u00e9rastase Blond Absolu fluideCicaflash <\/strong>ist ein regenerierender Fondant speziell konzipiert f\u00fcr blondiertes oder gestr\u00e4hntes Haar. Der Fondant baut das Haar auf und sch\u00fctzt es, dabei reduziert er Haarbruch und pflegt dabei intensiv ohne zu Beschweren.<\/p>\n<h2>Eigenschaften von K\u00e9rastase Blond Absolu Fluide Cicaflash<\/h2>\n<ul>\n<li><strong>Cicaflash Vorteile<\/strong>Die ultimative Mischung: die aufbauende Wirkung einer Supermaske mit dem leichten Finish eines Conditioners\n<ul>\n<li>&#8211; Sofortige Tiefenheilung der Fasern<\/li>\n<li>&#8211; Rekonstruiert die Faser sofort von innen heraus<\/li>\n<li>&#8211; Weniger Haarbruch f\u00fcr eine einheitliche Faser<\/li>\n<li>&#8211; Dauerhafter Schutz gegen t\u00e4gliche Erosion<\/li>\n<li>&#8211; Versorgt die Haare intensiv mit Feuchtigkeit, ohne sie zu beschweren<\/li>\n<\/ul>\n<p>&nbsp;<\/p>\n<p><strong>F\u00dcR WEN IST ES GEEIGNET?\u00a0<\/strong><br \/>\nBlond Absolu richtet sich an alle Frauen mit gebleichtem Haar, die nach dem Folgenden suchen :<\/p>\n<ul>\n<li>&#8211; tiefe Faserheilung zur Wiederherstellung einer gleichm\u00e4ssigen Faser<\/li>\n<li>&#8211; intensive Neutralisierung des Gelbstichs, um alle Blondt\u00f6ne zu enth\u00fcllen und zu verst\u00e4rken<\/li>\n<li><\/li>\n<\/ul>\n<\/li>\n<li><em>I<strong>nhaltsstoffe: : Hyalurons\u00e4ure, UV-Neutralisatoren und Edelweiss. <\/strong><\/em><\/li>\n<li><\/li>\n<li>INHALT: 1000 ml<\/li>\n<\/ul>\n","protected":false},"excerpt":{"rendered":"<ul>\n<li><strong>HINWEIS<\/strong>: ABBILDUNG ZEIGT PRODUKT MIT 250 ml INHALT<\/li>\n<li><\/li>\n<li>&#8211; Stellt die Haarfaser wieder her<\/li>\n<li>&#8211; Verhindert Haarbruch und Erosion<\/li>\n<li><\/li>\n<li>\n<div class=\"se-field se-switch field flex se-field--fluid\">\n<div class=\"se-field__label-container\">\n<div class=\"se-field__label-section fixed-width\">\n<p><strong><label class=\"field__label\" for=\"s0-0-0-24-8-REGULATORY_COMPLIANCE-0-34-6[3]-1-se-switch\">I<em>nformationen zur Produktsicherheit (GPSR-Richtlinien)<\/em><\/label><\/strong><\/p>\n<p><em>Enth\u00e4lt Inhaltsstoffe, die Allergien ausl\u00f6sen k\u00f6nnen.<\/em><\/p>\n<p><em>Bei Kontakt mit den Augen, diese gr\u00fcndlich aussp\u00fclen.<\/em><\/p>\n<p>Verantwortlicher Hersteller: L<em>oreal Professionnel,\u00a0 14, rue Royale 75008 Paris\u00b4<\/em><\/p>\n<\/div>\n<\/div>\n<\/div>\n<div class=\"summary__hazmat-gridview-section\">\n<div class=\"summary__regulatory--section hazmat-statements\">\n<div class=\"se-field se-expand-button se-filter-menu-button field se-field--fluid\">\n<div class=\"se-field--fluid\">\n<div><em>fragen@loreal-group. com<\/em><\/div>\n<\/div>\n<\/div>\n<\/div>\n<\/div>\n<\/li>\n<\/ul>\n<p><strong>\u00a0<\/strong><\/p>\n","protected":false},"featured_media":12391,"comment_status":"closed","ping_status":"closed","template":"","meta":{"_exactmetrics_skip_tracking":false,"_exactmetrics_sitenote_active":false,"_exactmetrics_sitenote_note":"","_exactmetrics_sitenote_category":0,"_monsterinsights_skip_tracking":false,"_monsterinsights_sitenote_active":false,"_monsterinsights_sitenote_note":"","_monsterinsights_sitenote_category":0},"pwb-brand":[],"product_brand":[],"product_cat":[491,542,544,941,685],"product_tag":[756,695,669],"class_list":{"0":"post-20878","1":"product","2":"type-product","3":"status-publish","4":"has-post-thumbnail","6":"product_cat-kerastase","7":"product_cat-kerastase-conditioner","8":"product_cat-kerastase-haarpflege","9":"product_cat-1000ml","10":"product_cat-blond-absolu","11":"product_tag-anti-gelb-gold-effekt","12":"product_tag-conditioner","13":"product_tag-intensiv-haarpflege","15":"first","16":"outofstock","17":"sold-individually","18":"taxable","19":"shipping-taxable","20":"purchasable","21":"product-type-simple"},"yoast_head":"<!-- This site is optimized with the Yoast SEO plugin v24.6 - https:\/\/yoast.com\/wordpress\/plugins\/seo\/ -->\n<title>K\u00c9RASTASE BLOND ABSOLU FLUIDE CICAFLASH (Fluide\/Fondante\/Conditioner) 1000 ml - Friseur Hopmann Hairstyling<\/title>\n<meta name=\"robots\" content=\"index, follow, max-snippet:-1, max-image-preview:large, max-video-preview:-1\" \/>\n<link rel=\"canonical\" href=\"https:\/\/www.friseur-hopmann.de\/?product=kerastase-blond-absolu-fluide-cicaflash-fluide-fondante-conditioner-1000-ml\" \/>\n<meta property=\"og:locale\" content=\"de_DE\" \/>\n<meta property=\"og:type\" content=\"article\" \/>\n<meta property=\"og:title\" content=\"K\u00c9RASTASE BLOND ABSOLU FLUIDE CICAFLASH (Fluide\/Fondante\/Conditioner) 1000 ml - Friseur Hopmann Hairstyling\" \/>\n<meta property=\"og:description\" content=\"HINWEIS: ABBILDUNG ZEIGT PRODUKT MIT 250 ml INHALT    - Stellt die Haarfaser wieder her  - Verhindert Haarbruch und Erosion         Informationen zur Produktsicherheit (GPSR-Richtlinien)  Enth\u00e4lt Inhaltsstoffe, die Allergien ausl\u00f6sen k\u00f6nnen.  Bei Kontakt mit den Augen, diese gr\u00fcndlich aussp\u00fclen.  Verantwortlicher Hersteller: Loreal Professionnel,\u00a0 14, rue Royale 75008 Paris\u00b4         fragen@loreal-group. com      \u00a0\" \/>\n<meta property=\"og:url\" content=\"https:\/\/www.friseur-hopmann.de\/?product=kerastase-blond-absolu-fluide-cicaflash-fluide-fondante-conditioner-1000-ml\" \/>\n<meta property=\"og:site_name\" content=\"Friseur Hopmann Hairstyling\" \/>\n<meta property=\"article:modified_time\" content=\"2026-04-05T13:43:51+00:00\" \/>\n<meta property=\"og:image\" content=\"http:\/\/www.friseur-hopmann.de\/wp-content\/uploads\/2019\/03\/Blond-absolu-Fondant-Cicaflasf-250ml.jpg\" \/>\n\t<meta property=\"og:image:width\" content=\"500\" \/>\n\t<meta property=\"og:image:height\" content=\"500\" \/>\n\t<meta property=\"og:image:type\" content=\"image\/jpeg\" \/>\n<meta name=\"twitter:card\" content=\"summary_large_image\" \/>\n<meta name=\"twitter:label1\" content=\"Gesch\u00e4tzte Lesezeit\" \/>\n\t<meta name=\"twitter:data1\" content=\"2\u00a0Minuten\" \/>\n<script type=\"application\/ld+json\" class=\"yoast-schema-graph\">{\"@context\":\"https:\/\/schema.org\",\"@graph\":[{\"@type\":\"WebPage\",\"@id\":\"https:\/\/www.friseur-hopmann.de\/?product=kerastase-blond-absolu-fluide-cicaflash-fluide-fondante-conditioner-1000-ml\",\"url\":\"https:\/\/www.friseur-hopmann.de\/?product=kerastase-blond-absolu-fluide-cicaflash-fluide-fondante-conditioner-1000-ml\",\"name\":\"K\u00c9RASTASE BLOND ABSOLU FLUIDE CICAFLASH (Fluide\/Fondante\/Conditioner) 1000 ml - Friseur Hopmann Hairstyling\",\"isPartOf\":{\"@id\":\"https:\/\/www.friseur-hopmann.de\/#website\"},\"primaryImageOfPage\":{\"@id\":\"https:\/\/www.friseur-hopmann.de\/?product=kerastase-blond-absolu-fluide-cicaflash-fluide-fondante-conditioner-1000-ml#primaryimage\"},\"image\":{\"@id\":\"https:\/\/www.friseur-hopmann.de\/?product=kerastase-blond-absolu-fluide-cicaflash-fluide-fondante-conditioner-1000-ml#primaryimage\"},\"thumbnailUrl\":\"https:\/\/www.friseur-hopmann.de\/wp-content\/uploads\/2019\/03\/Blond-absolu-Fondant-Cicaflasf-250ml.jpg\",\"datePublished\":\"2023-01-07T21:25:35+00:00\",\"dateModified\":\"2026-04-05T13:43:51+00:00\",\"breadcrumb\":{\"@id\":\"https:\/\/www.friseur-hopmann.de\/?product=kerastase-blond-absolu-fluide-cicaflash-fluide-fondante-conditioner-1000-ml#breadcrumb\"},\"inLanguage\":\"de\",\"potentialAction\":[{\"@type\":\"ReadAction\",\"target\":[\"https:\/\/www.friseur-hopmann.de\/?product=kerastase-blond-absolu-fluide-cicaflash-fluide-fondante-conditioner-1000-ml\"]}]},{\"@type\":\"ImageObject\",\"inLanguage\":\"de\",\"@id\":\"https:\/\/www.friseur-hopmann.de\/?product=kerastase-blond-absolu-fluide-cicaflash-fluide-fondante-conditioner-1000-ml#primaryimage\",\"url\":\"https:\/\/www.friseur-hopmann.de\/wp-content\/uploads\/2019\/03\/Blond-absolu-Fondant-Cicaflasf-250ml.jpg\",\"contentUrl\":\"https:\/\/www.friseur-hopmann.de\/wp-content\/uploads\/2019\/03\/Blond-absolu-Fondant-Cicaflasf-250ml.jpg\",\"width\":500,\"height\":500},{\"@type\":\"BreadcrumbList\",\"@id\":\"https:\/\/www.friseur-hopmann.de\/?product=kerastase-blond-absolu-fluide-cicaflash-fluide-fondante-conditioner-1000-ml#breadcrumb\",\"itemListElement\":[{\"@type\":\"ListItem\",\"position\":1,\"name\":\"Startseite\",\"item\":\"https:\/\/www.friseur-hopmann.de\/\"},{\"@type\":\"ListItem\",\"position\":2,\"name\":\"Produkte\",\"item\":\"https:\/\/www.friseur-hopmann.de\/?post_type=product\"},{\"@type\":\"ListItem\",\"position\":3,\"name\":\"K\u00c9RASTASE BLOND ABSOLU FLUIDE CICAFLASH (Fluide\/Fondante\/Conditioner) 1000 ml\"}]},{\"@type\":\"WebSite\",\"@id\":\"https:\/\/www.friseur-hopmann.de\/#website\",\"url\":\"https:\/\/www.friseur-hopmann.de\/\",\"name\":\"Friseur Hopmann Hairstyling\",\"description\":\"Ihr Friseur in Nordhorn\",\"potentialAction\":[{\"@type\":\"SearchAction\",\"target\":{\"@type\":\"EntryPoint\",\"urlTemplate\":\"https:\/\/www.friseur-hopmann.de\/?s={search_term_string}\"},\"query-input\":{\"@type\":\"PropertyValueSpecification\",\"valueRequired\":true,\"valueName\":\"search_term_string\"}}],\"inLanguage\":\"de\"}]}<\/script>\n<!-- \/ Yoast SEO plugin. -->","yoast_head_json":{"title":"K\u00c9RASTASE BLOND ABSOLU FLUIDE CICAFLASH (Fluide\/Fondante\/Conditioner) 1000 ml - Friseur Hopmann Hairstyling","robots":{"index":"index","follow":"follow","max-snippet":"max-snippet:-1","max-image-preview":"max-image-preview:large","max-video-preview":"max-video-preview:-1"},"canonical":"https:\/\/www.friseur-hopmann.de\/?product=kerastase-blond-absolu-fluide-cicaflash-fluide-fondante-conditioner-1000-ml","og_locale":"de_DE","og_type":"article","og_title":"K\u00c9RASTASE BLOND ABSOLU FLUIDE CICAFLASH (Fluide\/Fondante\/Conditioner) 1000 ml - Friseur Hopmann Hairstyling","og_description":"HINWEIS: ABBILDUNG ZEIGT PRODUKT MIT 250 ml INHALT    - Stellt die Haarfaser wieder her  - Verhindert Haarbruch und Erosion         Informationen zur Produktsicherheit (GPSR-Richtlinien)  Enth\u00e4lt Inhaltsstoffe, die Allergien ausl\u00f6sen k\u00f6nnen.  Bei Kontakt mit den Augen, diese gr\u00fcndlich aussp\u00fclen.  Verantwortlicher Hersteller: Loreal Professionnel,\u00a0 14, rue Royale 75008 Paris\u00b4         fragen@loreal-group. com      \u00a0","og_url":"https:\/\/www.friseur-hopmann.de\/?product=kerastase-blond-absolu-fluide-cicaflash-fluide-fondante-conditioner-1000-ml","og_site_name":"Friseur Hopmann Hairstyling","article_modified_time":"2026-04-05T13:43:51+00:00","og_image":[{"width":500,"height":500,"url":"http:\/\/www.friseur-hopmann.de\/wp-content\/uploads\/2019\/03\/Blond-absolu-Fondant-Cicaflasf-250ml.jpg","type":"image\/jpeg"}],"twitter_card":"summary_large_image","twitter_misc":{"Gesch\u00e4tzte Lesezeit":"2\u00a0Minuten"},"schema":{"@context":"https:\/\/schema.org","@graph":[{"@type":"WebPage","@id":"https:\/\/www.friseur-hopmann.de\/?product=kerastase-blond-absolu-fluide-cicaflash-fluide-fondante-conditioner-1000-ml","url":"https:\/\/www.friseur-hopmann.de\/?product=kerastase-blond-absolu-fluide-cicaflash-fluide-fondante-conditioner-1000-ml","name":"K\u00c9RASTASE BLOND ABSOLU FLUIDE CICAFLASH (Fluide\/Fondante\/Conditioner) 1000 ml - Friseur Hopmann Hairstyling","isPartOf":{"@id":"https:\/\/www.friseur-hopmann.de\/#website"},"primaryImageOfPage":{"@id":"https:\/\/www.friseur-hopmann.de\/?product=kerastase-blond-absolu-fluide-cicaflash-fluide-fondante-conditioner-1000-ml#primaryimage"},"image":{"@id":"https:\/\/www.friseur-hopmann.de\/?product=kerastase-blond-absolu-fluide-cicaflash-fluide-fondante-conditioner-1000-ml#primaryimage"},"thumbnailUrl":"https:\/\/www.friseur-hopmann.de\/wp-content\/uploads\/2019\/03\/Blond-absolu-Fondant-Cicaflasf-250ml.jpg","datePublished":"2023-01-07T21:25:35+00:00","dateModified":"2026-04-05T13:43:51+00:00","breadcrumb":{"@id":"https:\/\/www.friseur-hopmann.de\/?product=kerastase-blond-absolu-fluide-cicaflash-fluide-fondante-conditioner-1000-ml#breadcrumb"},"inLanguage":"de","potentialAction":[{"@type":"ReadAction","target":["https:\/\/www.friseur-hopmann.de\/?product=kerastase-blond-absolu-fluide-cicaflash-fluide-fondante-conditioner-1000-ml"]}]},{"@type":"ImageObject","inLanguage":"de","@id":"https:\/\/www.friseur-hopmann.de\/?product=kerastase-blond-absolu-fluide-cicaflash-fluide-fondante-conditioner-1000-ml#primaryimage","url":"https:\/\/www.friseur-hopmann.de\/wp-content\/uploads\/2019\/03\/Blond-absolu-Fondant-Cicaflasf-250ml.jpg","contentUrl":"https:\/\/www.friseur-hopmann.de\/wp-content\/uploads\/2019\/03\/Blond-absolu-Fondant-Cicaflasf-250ml.jpg","width":500,"height":500},{"@type":"BreadcrumbList","@id":"https:\/\/www.friseur-hopmann.de\/?product=kerastase-blond-absolu-fluide-cicaflash-fluide-fondante-conditioner-1000-ml#breadcrumb","itemListElement":[{"@type":"ListItem","position":1,"name":"Startseite","item":"https:\/\/www.friseur-hopmann.de\/"},{"@type":"ListItem","position":2,"name":"Produkte","item":"https:\/\/www.friseur-hopmann.de\/?post_type=product"},{"@type":"ListItem","position":3,"name":"K\u00c9RASTASE BLOND ABSOLU FLUIDE CICAFLASH (Fluide\/Fondante\/Conditioner) 1000 ml"}]},{"@type":"WebSite","@id":"https:\/\/www.friseur-hopmann.de\/#website","url":"https:\/\/www.friseur-hopmann.de\/","name":"Friseur Hopmann Hairstyling","description":"Ihr Friseur in Nordhorn","potentialAction":[{"@type":"SearchAction","target":{"@type":"EntryPoint","urlTemplate":"https:\/\/www.friseur-hopmann.de\/?s={search_term_string}"},"query-input":{"@type":"PropertyValueSpecification","valueRequired":true,"valueName":"search_term_string"}}],"inLanguage":"de"}]}},"brands":[],"_links":{"self":[{"href":"https:\/\/www.friseur-hopmann.de\/index.php?rest_route=\/wp\/v2\/product\/20878","targetHints":{"allow":["GET"]}}],"collection":[{"href":"https:\/\/www.friseur-hopmann.de\/index.php?rest_route=\/wp\/v2\/product"}],"about":[{"href":"https:\/\/www.friseur-hopmann.de\/index.php?rest_route=\/wp\/v2\/types\/product"}],"replies":[{"embeddable":true,"href":"https:\/\/www.friseur-hopmann.de\/index.php?rest_route=%2Fwp%2Fv2%2Fcomments&post=20878"}],"wp:featuredmedia":[{"embeddable":true,"href":"https:\/\/www.friseur-hopmann.de\/index.php?rest_route=\/wp\/v2\/media\/12391"}],"wp:attachment":[{"href":"https:\/\/www.friseur-hopmann.de\/index.php?rest_route=%2Fwp%2Fv2%2Fmedia&parent=20878"}],"wp:term":[{"taxonomy":"pwb-brand","embeddable":true,"href":"https:\/\/www.friseur-hopmann.de\/index.php?rest_route=%2Fwp%2Fv2%2Fpwb-brand&post=20878"},{"taxonomy":"product_brand","embeddable":true,"href":"https:\/\/www.friseur-hopmann.de\/index.php?rest_route=%2Fwp%2Fv2%2Fproduct_brand&post=20878"},{"taxonomy":"product_cat","embeddable":true,"href":"https:\/\/www.friseur-hopmann.de\/index.php?rest_route=%2Fwp%2Fv2%2Fproduct_cat&post=20878"},{"taxonomy":"product_tag","embeddable":true,"href":"https:\/\/www.friseur-hopmann.de\/index.php?rest_route=%2Fwp%2Fv2%2Fproduct_tag&post=20878"}],"curies":[{"name":"wp","href":"https:\/\/api.w.org\/{rel}","templated":true}]}}