{"id":20037,"date":"2022-08-05T15:55:54","date_gmt":"2022-08-05T13:55:54","guid":{"rendered":"http:\/\/www.friseur-hopmann.de\/?post_type=product&#038;p=20037"},"modified":"2025-04-14T20:33:23","modified_gmt":"2025-04-14T18:33:23","slug":"kerastase-chroma-absolu-bain-chroma-respect-500-ml-shampoo","status":"publish","type":"product","link":"https:\/\/www.friseur-hopmann.de\/?product=kerastase-chroma-absolu-bain-chroma-respect-500-ml-shampoo","title":{"rendered":"K\u00e9rastase Chroma Absolu Bain Chroma Respect 500 ml (Shampoo)"},"content":{"rendered":"<div class=\"std col-lg-8 col-lg-offset-2 col-md-10 col-md-offset-1\">\n<h2>K\u00e9rastase Chroma Absolu Bain Chroma Respect 500 ml<\/h2>\n<p>Das\u00a0<strong>K\u00e9rastase Chroma Absolu Bain Chroma Respect<\/strong> ist ein\u00a0Feuchtigkeit spendendes, sch\u00fctzendes Haarbad f\u00fcr feines bis mittelstarkes coloriertes, gesch\u00e4digtes oder sensibilisiertes Haar. Es regeneriert die Elastizit\u00e4t und er m\u00f6glicht ein leichtes Styling. Der Glanz und schimmernde Reflexe werden bewahrt.<\/p>\n<h2>Eigenschaften des\u00a0K\u00e9rastase Chroma Absolu Bain Chroma Respect<\/h2>\n<ul>\n<li>Verleiht Feuchtigkeit und pflegt intensiv.<\/li>\n<li>Regeneriert die Elastizit\u00e4t &amp; erm\u00f6glicht leichtes Styling.<\/li>\n<li>Bewahrt den Glanz und schimmernde Reflexe.<\/li>\n<li>Ohne Sulfate<\/li>\n<li>Reinigt sanft und repariert\u00a0die Haaroberfl\u00e4che<\/li>\n<li>Mit Aminos\u00e4uren und Centella Asiatica<\/li>\n<\/ul>\n<h3>Anwendung des\u00a0K\u00e9rastase Chroma Absolu Bain Chroma Respect<\/h3>\n<p>Auf das feuchte Haar auftragen und aufsch\u00e4umen. Anschlie\u00dfend aussp\u00fclen. Wiederholen. Bei Kontakt mit den Augen sofort gr\u00fcndlich mit Wasser sp\u00fclen.<\/p>\n<p><strong>Inhalt: 500 ml<\/strong><\/p>\n<\/div>\n","protected":false},"excerpt":{"rendered":"<div class=\"std col-lg-8 col-lg-offset-2 col-md-10 col-md-offset-1\">\n<p>.Das\u00a0<strong>K\u00e9rastase Chroma Absolu Bain Chroma Respect<\/strong> ist ein\u00a0Feuchtigkeit spendendes, sch\u00fctzendes Haarbad f\u00fcr feines bis mittelstarkes coloriertes, gesch\u00e4digtes oder sensibilisiertes Haar. Es regeneriert die Elastizit\u00e4t und er m\u00f6glicht ein leichtes Styling. Der Glanz und schimmernde Reflexe werden bewahrt.<\/p>\n<\/div>\n","protected":false},"featured_media":20038,"comment_status":"open","ping_status":"closed","template":"","meta":{"_exactmetrics_skip_tracking":false,"_exactmetrics_sitenote_active":false,"_exactmetrics_sitenote_note":"","_exactmetrics_sitenote_category":0,"_monsterinsights_skip_tracking":false,"_monsterinsights_sitenote_active":false,"_monsterinsights_sitenote_note":"","_monsterinsights_sitenote_category":0},"pwb-brand":[],"product_brand":[615],"product_cat":[491,544,548,927,940,973],"product_tag":[719,773,746],"class_list":{"0":"post-20037","1":"product","2":"type-product","3":"status-publish","4":"has-post-thumbnail","6":"product_brand-kerastase-2","7":"product_cat-kerastase","8":"product_cat-kerastase-haarpflege","9":"product_cat-kerastase-shampoo","10":"product_cat-500ml","11":"product_cat-chroma-absolu-kerastase","12":"product_cat-sondergroesse-500ml","13":"product_tag-farbpflegeshampoo","14":"product_tag-farbschutz","15":"product_tag-milde-haarwaesche","16":"pa_inhalt-622","18":"first","19":"instock","20":"taxable","21":"shipping-taxable","22":"purchasable","23":"product-type-simple"},"yoast_head":"<!-- This site is optimized with the Yoast SEO plugin v24.6 - https:\/\/yoast.com\/wordpress\/plugins\/seo\/ -->\n<title>&quot;NEU&quot; REFLECTION Bain Chromatique (Shampoo) 250 ml<\/title>\n<meta name=\"robots\" content=\"index, follow, max-snippet:-1, max-image-preview:large, max-video-preview:-1\" \/>\n<link rel=\"canonical\" href=\"https:\/\/www.friseur-hopmann.de\/?product=kerastase-chroma-absolu-bain-chroma-respect-500-ml-shampoo\" \/>\n<meta property=\"og:locale\" content=\"de_DE\" \/>\n<meta property=\"og:type\" content=\"article\" \/>\n<meta property=\"og:title\" content=\"&quot;NEU&quot; REFLECTION Bain Chromatique (Shampoo) 250 ml\" \/>\n<meta property=\"og:description\" content=\".Das\u00a0K\u00e9rastase Chroma Absolu Bain Chroma Respect ist ein\u00a0Feuchtigkeit spendendes, sch\u00fctzendes Haarbad f\u00fcr feines bis mittelstarkes coloriertes, gesch\u00e4digtes oder sensibilisiertes Haar. Es regeneriert die Elastizit\u00e4t und er m\u00f6glicht ein leichtes Styling. Der Glanz und schimmernde Reflexe werden bewahrt.\" \/>\n<meta property=\"og:url\" content=\"https:\/\/www.friseur-hopmann.de\/?product=kerastase-chroma-absolu-bain-chroma-respect-500-ml-shampoo\" \/>\n<meta property=\"og:site_name\" content=\"Friseur Hopmann Hairstyling\" \/>\n<meta property=\"article:modified_time\" content=\"2025-04-14T18:33:23+00:00\" \/>\n<meta property=\"og:image\" content=\"http:\/\/www.friseur-hopmann.de\/wp-content\/uploads\/2022\/08\/Bain-Chroma-absolu-Respect-500ml.jpg\" \/>\n\t<meta property=\"og:image:width\" content=\"500\" \/>\n\t<meta property=\"og:image:height\" content=\"500\" \/>\n\t<meta property=\"og:image:type\" content=\"image\/jpeg\" \/>\n<meta name=\"twitter:card\" content=\"summary_large_image\" \/>\n<meta name=\"twitter:label1\" content=\"Gesch\u00e4tzte Lesezeit\" \/>\n\t<meta name=\"twitter:data1\" content=\"1\u00a0Minute\" \/>\n<script type=\"application\/ld+json\" class=\"yoast-schema-graph\">{\"@context\":\"https:\/\/schema.org\",\"@graph\":[{\"@type\":\"WebPage\",\"@id\":\"https:\/\/www.friseur-hopmann.de\/?product=kerastase-chroma-absolu-bain-chroma-respect-500-ml-shampoo\",\"url\":\"https:\/\/www.friseur-hopmann.de\/?product=kerastase-chroma-absolu-bain-chroma-respect-500-ml-shampoo\",\"name\":\"\\\"NEU\\\" REFLECTION Bain Chromatique (Shampoo) 250 ml\",\"isPartOf\":{\"@id\":\"https:\/\/www.friseur-hopmann.de\/#website\"},\"primaryImageOfPage\":{\"@id\":\"https:\/\/www.friseur-hopmann.de\/?product=kerastase-chroma-absolu-bain-chroma-respect-500-ml-shampoo#primaryimage\"},\"image\":{\"@id\":\"https:\/\/www.friseur-hopmann.de\/?product=kerastase-chroma-absolu-bain-chroma-respect-500-ml-shampoo#primaryimage\"},\"thumbnailUrl\":\"https:\/\/www.friseur-hopmann.de\/wp-content\/uploads\/2022\/08\/Bain-Chroma-absolu-Respect-500ml.jpg\",\"datePublished\":\"2022-08-05T13:55:54+00:00\",\"dateModified\":\"2025-04-14T18:33:23+00:00\",\"breadcrumb\":{\"@id\":\"https:\/\/www.friseur-hopmann.de\/?product=kerastase-chroma-absolu-bain-chroma-respect-500-ml-shampoo#breadcrumb\"},\"inLanguage\":\"de\",\"potentialAction\":[{\"@type\":\"ReadAction\",\"target\":[\"https:\/\/www.friseur-hopmann.de\/?product=kerastase-chroma-absolu-bain-chroma-respect-500-ml-shampoo\"]}]},{\"@type\":\"ImageObject\",\"inLanguage\":\"de\",\"@id\":\"https:\/\/www.friseur-hopmann.de\/?product=kerastase-chroma-absolu-bain-chroma-respect-500-ml-shampoo#primaryimage\",\"url\":\"https:\/\/www.friseur-hopmann.de\/wp-content\/uploads\/2022\/08\/Bain-Chroma-absolu-Respect-500ml.jpg\",\"contentUrl\":\"https:\/\/www.friseur-hopmann.de\/wp-content\/uploads\/2022\/08\/Bain-Chroma-absolu-Respect-500ml.jpg\",\"width\":500,\"height\":500},{\"@type\":\"BreadcrumbList\",\"@id\":\"https:\/\/www.friseur-hopmann.de\/?product=kerastase-chroma-absolu-bain-chroma-respect-500-ml-shampoo#breadcrumb\",\"itemListElement\":[{\"@type\":\"ListItem\",\"position\":1,\"name\":\"Startseite\",\"item\":\"https:\/\/www.friseur-hopmann.de\/\"},{\"@type\":\"ListItem\",\"position\":2,\"name\":\"Produkte\",\"item\":\"https:\/\/www.friseur-hopmann.de\/?post_type=product\"},{\"@type\":\"ListItem\",\"position\":3,\"name\":\"K\u00e9rastase Chroma Absolu Bain Chroma Respect 500 ml (Shampoo)\"}]},{\"@type\":\"WebSite\",\"@id\":\"https:\/\/www.friseur-hopmann.de\/#website\",\"url\":\"https:\/\/www.friseur-hopmann.de\/\",\"name\":\"Friseur Hopmann Hairstyling\",\"description\":\"Ihr Friseur in Nordhorn\",\"potentialAction\":[{\"@type\":\"SearchAction\",\"target\":{\"@type\":\"EntryPoint\",\"urlTemplate\":\"https:\/\/www.friseur-hopmann.de\/?s={search_term_string}\"},\"query-input\":{\"@type\":\"PropertyValueSpecification\",\"valueRequired\":true,\"valueName\":\"search_term_string\"}}],\"inLanguage\":\"de\"}]}<\/script>\n<!-- \/ Yoast SEO plugin. -->","yoast_head_json":{"title":"\"NEU\" REFLECTION Bain Chromatique (Shampoo) 250 ml","robots":{"index":"index","follow":"follow","max-snippet":"max-snippet:-1","max-image-preview":"max-image-preview:large","max-video-preview":"max-video-preview:-1"},"canonical":"https:\/\/www.friseur-hopmann.de\/?product=kerastase-chroma-absolu-bain-chroma-respect-500-ml-shampoo","og_locale":"de_DE","og_type":"article","og_title":"\"NEU\" REFLECTION Bain Chromatique (Shampoo) 250 ml","og_description":".Das\u00a0K\u00e9rastase Chroma Absolu Bain Chroma Respect ist ein\u00a0Feuchtigkeit spendendes, sch\u00fctzendes Haarbad f\u00fcr feines bis mittelstarkes coloriertes, gesch\u00e4digtes oder sensibilisiertes Haar. Es regeneriert die Elastizit\u00e4t und er m\u00f6glicht ein leichtes Styling. Der Glanz und schimmernde Reflexe werden bewahrt.","og_url":"https:\/\/www.friseur-hopmann.de\/?product=kerastase-chroma-absolu-bain-chroma-respect-500-ml-shampoo","og_site_name":"Friseur Hopmann Hairstyling","article_modified_time":"2025-04-14T18:33:23+00:00","og_image":[{"width":500,"height":500,"url":"http:\/\/www.friseur-hopmann.de\/wp-content\/uploads\/2022\/08\/Bain-Chroma-absolu-Respect-500ml.jpg","type":"image\/jpeg"}],"twitter_card":"summary_large_image","twitter_misc":{"Gesch\u00e4tzte Lesezeit":"1\u00a0Minute"},"schema":{"@context":"https:\/\/schema.org","@graph":[{"@type":"WebPage","@id":"https:\/\/www.friseur-hopmann.de\/?product=kerastase-chroma-absolu-bain-chroma-respect-500-ml-shampoo","url":"https:\/\/www.friseur-hopmann.de\/?product=kerastase-chroma-absolu-bain-chroma-respect-500-ml-shampoo","name":"\"NEU\" REFLECTION Bain Chromatique (Shampoo) 250 ml","isPartOf":{"@id":"https:\/\/www.friseur-hopmann.de\/#website"},"primaryImageOfPage":{"@id":"https:\/\/www.friseur-hopmann.de\/?product=kerastase-chroma-absolu-bain-chroma-respect-500-ml-shampoo#primaryimage"},"image":{"@id":"https:\/\/www.friseur-hopmann.de\/?product=kerastase-chroma-absolu-bain-chroma-respect-500-ml-shampoo#primaryimage"},"thumbnailUrl":"https:\/\/www.friseur-hopmann.de\/wp-content\/uploads\/2022\/08\/Bain-Chroma-absolu-Respect-500ml.jpg","datePublished":"2022-08-05T13:55:54+00:00","dateModified":"2025-04-14T18:33:23+00:00","breadcrumb":{"@id":"https:\/\/www.friseur-hopmann.de\/?product=kerastase-chroma-absolu-bain-chroma-respect-500-ml-shampoo#breadcrumb"},"inLanguage":"de","potentialAction":[{"@type":"ReadAction","target":["https:\/\/www.friseur-hopmann.de\/?product=kerastase-chroma-absolu-bain-chroma-respect-500-ml-shampoo"]}]},{"@type":"ImageObject","inLanguage":"de","@id":"https:\/\/www.friseur-hopmann.de\/?product=kerastase-chroma-absolu-bain-chroma-respect-500-ml-shampoo#primaryimage","url":"https:\/\/www.friseur-hopmann.de\/wp-content\/uploads\/2022\/08\/Bain-Chroma-absolu-Respect-500ml.jpg","contentUrl":"https:\/\/www.friseur-hopmann.de\/wp-content\/uploads\/2022\/08\/Bain-Chroma-absolu-Respect-500ml.jpg","width":500,"height":500},{"@type":"BreadcrumbList","@id":"https:\/\/www.friseur-hopmann.de\/?product=kerastase-chroma-absolu-bain-chroma-respect-500-ml-shampoo#breadcrumb","itemListElement":[{"@type":"ListItem","position":1,"name":"Startseite","item":"https:\/\/www.friseur-hopmann.de\/"},{"@type":"ListItem","position":2,"name":"Produkte","item":"https:\/\/www.friseur-hopmann.de\/?post_type=product"},{"@type":"ListItem","position":3,"name":"K\u00e9rastase Chroma Absolu Bain Chroma Respect 500 ml (Shampoo)"}]},{"@type":"WebSite","@id":"https:\/\/www.friseur-hopmann.de\/#website","url":"https:\/\/www.friseur-hopmann.de\/","name":"Friseur Hopmann Hairstyling","description":"Ihr Friseur in Nordhorn","potentialAction":[{"@type":"SearchAction","target":{"@type":"EntryPoint","urlTemplate":"https:\/\/www.friseur-hopmann.de\/?s={search_term_string}"},"query-input":{"@type":"PropertyValueSpecification","valueRequired":true,"valueName":"search_term_string"}}],"inLanguage":"de"}]}},"brands":[],"_links":{"self":[{"href":"https:\/\/www.friseur-hopmann.de\/index.php?rest_route=\/wp\/v2\/product\/20037","targetHints":{"allow":["GET"]}}],"collection":[{"href":"https:\/\/www.friseur-hopmann.de\/index.php?rest_route=\/wp\/v2\/product"}],"about":[{"href":"https:\/\/www.friseur-hopmann.de\/index.php?rest_route=\/wp\/v2\/types\/product"}],"replies":[{"embeddable":true,"href":"https:\/\/www.friseur-hopmann.de\/index.php?rest_route=%2Fwp%2Fv2%2Fcomments&post=20037"}],"wp:featuredmedia":[{"embeddable":true,"href":"https:\/\/www.friseur-hopmann.de\/index.php?rest_route=\/wp\/v2\/media\/20038"}],"wp:attachment":[{"href":"https:\/\/www.friseur-hopmann.de\/index.php?rest_route=%2Fwp%2Fv2%2Fmedia&parent=20037"}],"wp:term":[{"taxonomy":"pwb-brand","embeddable":true,"href":"https:\/\/www.friseur-hopmann.de\/index.php?rest_route=%2Fwp%2Fv2%2Fpwb-brand&post=20037"},{"taxonomy":"product_brand","embeddable":true,"href":"https:\/\/www.friseur-hopmann.de\/index.php?rest_route=%2Fwp%2Fv2%2Fproduct_brand&post=20037"},{"taxonomy":"product_cat","embeddable":true,"href":"https:\/\/www.friseur-hopmann.de\/index.php?rest_route=%2Fwp%2Fv2%2Fproduct_cat&post=20037"},{"taxonomy":"product_tag","embeddable":true,"href":"https:\/\/www.friseur-hopmann.de\/index.php?rest_route=%2Fwp%2Fv2%2Fproduct_tag&post=20037"}],"curies":[{"name":"wp","href":"https:\/\/api.w.org\/{rel}","templated":true}]}}