{"id":19769,"date":"2022-05-26T14:26:19","date_gmt":"2022-05-26T12:26:19","guid":{"rendered":"http:\/\/www.friseur-hopmann.de\/?post_type=product&#038;p=19769"},"modified":"2026-03-06T18:51:16","modified_gmt":"2026-03-06T16:51:16","slug":"kerastase-genesis-homme-bain-de-masse-epaississant-1000-ml-shampoo","status":"publish","type":"product","link":"https:\/\/www.friseur-hopmann.de\/?product=kerastase-genesis-homme-bain-de-masse-epaississant-1000-ml-shampoo","title":{"rendered":"K\u00e9rastase Genesis Homme Bain de Masse Epaississant 1000 ml (Shampoo)"},"content":{"rendered":"<h2>K\u00e9rastase Genesis Homme Bain de Masse Epaississant 1000 ml<\/h2>\n<p>Das\u00a0<strong>K\u00e9rastase Genesis Homme Bain de Masse Epaississant (Shampoo)<\/strong>verleiht Volumen und Textur f\u00fcr Haar und Bart. Sofortiger Effekt f\u00fcr ein volleres Haargef\u00fchl und zu St\u00e4rkung der Haardichte. Es spendet Feuchtigkeit und Geschmeidigikeit.<\/p>\n<h2>Eigenschaften des\u00a0K\u00e9rastase Genesis Homme Bain de Masse Epaississant<\/h2>\n<ul>\n<li>Reinigt Kopfhaut, Haar und Bart sanft<\/li>\n<li>Verleiht Volumen und Textur<\/li>\n<li>St\u00e4rkend gegen Haarausfall<\/li>\n<li>F\u00fcr geschw\u00e4chtes Haar, welches zu Haarausfall neigt<\/li>\n<li>Creatin + Ingwerwurzel<\/li>\n<\/ul>\n<h3>Anwendung des\u00a0K\u00e9rastase Genesis Homme Bain de Masse Epaississant<\/h3>\n<p>Auf handtuchtrockene L\u00e4ngen und Spitzen\u00a0gleichm\u00e4\u00dfig auftragen. Danach wie gewohnt f\u00f6hnen.<\/p>\n<p><strong>Hinweis<\/strong>:\u00a0bei Kontakt mit den Augen sofort gr\u00fcndlich mit Wasser sp\u00fclen.<\/p>\n<p><strong>Inhalt: 1000 ml<\/strong><\/p>\n","protected":false},"excerpt":{"rendered":"<p><strong>Hinweis:<\/strong><\/p>\n<p><em><strong>Bild zeigt Produkt mit 250 ml Inhalt<\/strong><\/em><\/p>\n<p>Das\u00a0<strong>K\u00e9rastase Genesis Homme Bain de Masse Epaississant (Shampoo)<\/strong>verleiht Volumen und Textur f\u00fcr Haar und Bart. Sofortiger Effekt f\u00fcr ein volleres Haargef\u00fchl und zu St\u00e4rkung der Haardichte. Es spendet Feuchtigkeit und Geschmeidigikeit.<\/p>\n","protected":false},"featured_media":19768,"comment_status":"closed","ping_status":"closed","template":"","meta":{"_exactmetrics_skip_tracking":false,"_exactmetrics_sitenote_active":false,"_exactmetrics_sitenote_note":"","_exactmetrics_sitenote_category":0,"_monsterinsights_skip_tracking":false,"_monsterinsights_sitenote_active":false,"_monsterinsights_sitenote_note":"","_monsterinsights_sitenote_category":0},"pwb-brand":[],"product_brand":[],"product_cat":[491,550,548,941,693,967],"product_tag":[754,701,675],"class_list":{"0":"post-19769","1":"product","2":"type-product","3":"status-publish","4":"has-post-thumbnail","6":"product_cat-kerastase","7":"product_cat-kerastase-haarausfall","8":"product_cat-kerastase-shampoo","9":"product_cat-1000ml","10":"product_cat-genesis","11":"product_cat-genesis-homme","12":"product_tag-anti-haarausfall","13":"product_tag-pflegeshampoo","14":"product_tag-shampoo","16":"first","17":"instock","18":"sold-individually","19":"taxable","20":"shipping-taxable","21":"purchasable","22":"product-type-simple"},"yoast_head":"<!-- This site is optimized with the Yoast SEO plugin v24.6 - https:\/\/yoast.com\/wordpress\/plugins\/seo\/ -->\n<title>K\u00e9rastase Genesis Homme Bain de Masse Epaississant 1000 ml (Shampoo) - Friseur Hopmann Hairstyling<\/title>\n<meta name=\"robots\" content=\"index, follow, max-snippet:-1, max-image-preview:large, max-video-preview:-1\" \/>\n<link rel=\"canonical\" href=\"https:\/\/www.friseur-hopmann.de\/?product=kerastase-genesis-homme-bain-de-masse-epaississant-1000-ml-shampoo\" \/>\n<meta property=\"og:locale\" content=\"de_DE\" \/>\n<meta property=\"og:type\" content=\"article\" \/>\n<meta property=\"og:title\" content=\"K\u00e9rastase Genesis Homme Bain de Masse Epaississant 1000 ml (Shampoo) - Friseur Hopmann Hairstyling\" \/>\n<meta property=\"og:description\" content=\"Hinweis:  Bild zeigt Produkt mit 250 ml Inhalt  Das\u00a0K\u00e9rastase Genesis Homme Bain de Masse Epaississant (Shampoo)verleiht Volumen und Textur f\u00fcr Haar und Bart. Sofortiger Effekt f\u00fcr ein volleres Haargef\u00fchl und zu St\u00e4rkung der Haardichte. Es spendet Feuchtigkeit und Geschmeidigikeit.\" \/>\n<meta property=\"og:url\" content=\"https:\/\/www.friseur-hopmann.de\/?product=kerastase-genesis-homme-bain-de-masse-epaississant-1000-ml-shampoo\" \/>\n<meta property=\"og:site_name\" content=\"Friseur Hopmann Hairstyling\" \/>\n<meta property=\"article:modified_time\" content=\"2026-03-06T16:51:16+00:00\" \/>\n<meta property=\"og:image\" content=\"http:\/\/www.friseur-hopmann.de\/wp-content\/uploads\/2022\/05\/bain-genesis-homme-de-masse-epaissis-250-ml-1.jpg\" \/>\n\t<meta property=\"og:image:width\" content=\"500\" \/>\n\t<meta property=\"og:image:height\" content=\"500\" \/>\n\t<meta property=\"og:image:type\" content=\"image\/jpeg\" \/>\n<meta name=\"twitter:card\" content=\"summary_large_image\" \/>\n<meta name=\"twitter:label1\" content=\"Gesch\u00e4tzte Lesezeit\" \/>\n\t<meta name=\"twitter:data1\" content=\"1\u00a0Minute\" \/>\n<script type=\"application\/ld+json\" class=\"yoast-schema-graph\">{\"@context\":\"https:\/\/schema.org\",\"@graph\":[{\"@type\":\"WebPage\",\"@id\":\"https:\/\/www.friseur-hopmann.de\/?product=kerastase-genesis-homme-bain-de-masse-epaississant-1000-ml-shampoo\",\"url\":\"https:\/\/www.friseur-hopmann.de\/?product=kerastase-genesis-homme-bain-de-masse-epaississant-1000-ml-shampoo\",\"name\":\"K\u00e9rastase Genesis Homme Bain de Masse Epaississant 1000 ml (Shampoo) - Friseur Hopmann Hairstyling\",\"isPartOf\":{\"@id\":\"https:\/\/www.friseur-hopmann.de\/#website\"},\"primaryImageOfPage\":{\"@id\":\"https:\/\/www.friseur-hopmann.de\/?product=kerastase-genesis-homme-bain-de-masse-epaississant-1000-ml-shampoo#primaryimage\"},\"image\":{\"@id\":\"https:\/\/www.friseur-hopmann.de\/?product=kerastase-genesis-homme-bain-de-masse-epaississant-1000-ml-shampoo#primaryimage\"},\"thumbnailUrl\":\"https:\/\/www.friseur-hopmann.de\/wp-content\/uploads\/2022\/05\/bain-genesis-homme-de-masse-epaissis-250-ml-1.jpg\",\"datePublished\":\"2022-05-26T12:26:19+00:00\",\"dateModified\":\"2026-03-06T16:51:16+00:00\",\"breadcrumb\":{\"@id\":\"https:\/\/www.friseur-hopmann.de\/?product=kerastase-genesis-homme-bain-de-masse-epaississant-1000-ml-shampoo#breadcrumb\"},\"inLanguage\":\"de\",\"potentialAction\":[{\"@type\":\"ReadAction\",\"target\":[\"https:\/\/www.friseur-hopmann.de\/?product=kerastase-genesis-homme-bain-de-masse-epaississant-1000-ml-shampoo\"]}]},{\"@type\":\"ImageObject\",\"inLanguage\":\"de\",\"@id\":\"https:\/\/www.friseur-hopmann.de\/?product=kerastase-genesis-homme-bain-de-masse-epaississant-1000-ml-shampoo#primaryimage\",\"url\":\"https:\/\/www.friseur-hopmann.de\/wp-content\/uploads\/2022\/05\/bain-genesis-homme-de-masse-epaissis-250-ml-1.jpg\",\"contentUrl\":\"https:\/\/www.friseur-hopmann.de\/wp-content\/uploads\/2022\/05\/bain-genesis-homme-de-masse-epaissis-250-ml-1.jpg\",\"width\":500,\"height\":500},{\"@type\":\"BreadcrumbList\",\"@id\":\"https:\/\/www.friseur-hopmann.de\/?product=kerastase-genesis-homme-bain-de-masse-epaississant-1000-ml-shampoo#breadcrumb\",\"itemListElement\":[{\"@type\":\"ListItem\",\"position\":1,\"name\":\"Startseite\",\"item\":\"https:\/\/www.friseur-hopmann.de\/\"},{\"@type\":\"ListItem\",\"position\":2,\"name\":\"Produkte\",\"item\":\"https:\/\/www.friseur-hopmann.de\/?post_type=product\"},{\"@type\":\"ListItem\",\"position\":3,\"name\":\"K\u00e9rastase Genesis Homme Bain de Masse Epaississant 1000 ml (Shampoo)\"}]},{\"@type\":\"WebSite\",\"@id\":\"https:\/\/www.friseur-hopmann.de\/#website\",\"url\":\"https:\/\/www.friseur-hopmann.de\/\",\"name\":\"Friseur Hopmann Hairstyling\",\"description\":\"Ihr Friseur in Nordhorn\",\"potentialAction\":[{\"@type\":\"SearchAction\",\"target\":{\"@type\":\"EntryPoint\",\"urlTemplate\":\"https:\/\/www.friseur-hopmann.de\/?s={search_term_string}\"},\"query-input\":{\"@type\":\"PropertyValueSpecification\",\"valueRequired\":true,\"valueName\":\"search_term_string\"}}],\"inLanguage\":\"de\"}]}<\/script>\n<!-- \/ Yoast SEO plugin. -->","yoast_head_json":{"title":"K\u00e9rastase Genesis Homme Bain de Masse Epaississant 1000 ml (Shampoo) - Friseur Hopmann Hairstyling","robots":{"index":"index","follow":"follow","max-snippet":"max-snippet:-1","max-image-preview":"max-image-preview:large","max-video-preview":"max-video-preview:-1"},"canonical":"https:\/\/www.friseur-hopmann.de\/?product=kerastase-genesis-homme-bain-de-masse-epaississant-1000-ml-shampoo","og_locale":"de_DE","og_type":"article","og_title":"K\u00e9rastase Genesis Homme Bain de Masse Epaississant 1000 ml (Shampoo) - Friseur Hopmann Hairstyling","og_description":"Hinweis:  Bild zeigt Produkt mit 250 ml Inhalt  Das\u00a0K\u00e9rastase Genesis Homme Bain de Masse Epaississant (Shampoo)verleiht Volumen und Textur f\u00fcr Haar und Bart. Sofortiger Effekt f\u00fcr ein volleres Haargef\u00fchl und zu St\u00e4rkung der Haardichte. Es spendet Feuchtigkeit und Geschmeidigikeit.","og_url":"https:\/\/www.friseur-hopmann.de\/?product=kerastase-genesis-homme-bain-de-masse-epaississant-1000-ml-shampoo","og_site_name":"Friseur Hopmann Hairstyling","article_modified_time":"2026-03-06T16:51:16+00:00","og_image":[{"width":500,"height":500,"url":"http:\/\/www.friseur-hopmann.de\/wp-content\/uploads\/2022\/05\/bain-genesis-homme-de-masse-epaissis-250-ml-1.jpg","type":"image\/jpeg"}],"twitter_card":"summary_large_image","twitter_misc":{"Gesch\u00e4tzte Lesezeit":"1\u00a0Minute"},"schema":{"@context":"https:\/\/schema.org","@graph":[{"@type":"WebPage","@id":"https:\/\/www.friseur-hopmann.de\/?product=kerastase-genesis-homme-bain-de-masse-epaississant-1000-ml-shampoo","url":"https:\/\/www.friseur-hopmann.de\/?product=kerastase-genesis-homme-bain-de-masse-epaississant-1000-ml-shampoo","name":"K\u00e9rastase Genesis Homme Bain de Masse Epaississant 1000 ml (Shampoo) - Friseur Hopmann Hairstyling","isPartOf":{"@id":"https:\/\/www.friseur-hopmann.de\/#website"},"primaryImageOfPage":{"@id":"https:\/\/www.friseur-hopmann.de\/?product=kerastase-genesis-homme-bain-de-masse-epaississant-1000-ml-shampoo#primaryimage"},"image":{"@id":"https:\/\/www.friseur-hopmann.de\/?product=kerastase-genesis-homme-bain-de-masse-epaississant-1000-ml-shampoo#primaryimage"},"thumbnailUrl":"https:\/\/www.friseur-hopmann.de\/wp-content\/uploads\/2022\/05\/bain-genesis-homme-de-masse-epaissis-250-ml-1.jpg","datePublished":"2022-05-26T12:26:19+00:00","dateModified":"2026-03-06T16:51:16+00:00","breadcrumb":{"@id":"https:\/\/www.friseur-hopmann.de\/?product=kerastase-genesis-homme-bain-de-masse-epaississant-1000-ml-shampoo#breadcrumb"},"inLanguage":"de","potentialAction":[{"@type":"ReadAction","target":["https:\/\/www.friseur-hopmann.de\/?product=kerastase-genesis-homme-bain-de-masse-epaississant-1000-ml-shampoo"]}]},{"@type":"ImageObject","inLanguage":"de","@id":"https:\/\/www.friseur-hopmann.de\/?product=kerastase-genesis-homme-bain-de-masse-epaississant-1000-ml-shampoo#primaryimage","url":"https:\/\/www.friseur-hopmann.de\/wp-content\/uploads\/2022\/05\/bain-genesis-homme-de-masse-epaissis-250-ml-1.jpg","contentUrl":"https:\/\/www.friseur-hopmann.de\/wp-content\/uploads\/2022\/05\/bain-genesis-homme-de-masse-epaissis-250-ml-1.jpg","width":500,"height":500},{"@type":"BreadcrumbList","@id":"https:\/\/www.friseur-hopmann.de\/?product=kerastase-genesis-homme-bain-de-masse-epaississant-1000-ml-shampoo#breadcrumb","itemListElement":[{"@type":"ListItem","position":1,"name":"Startseite","item":"https:\/\/www.friseur-hopmann.de\/"},{"@type":"ListItem","position":2,"name":"Produkte","item":"https:\/\/www.friseur-hopmann.de\/?post_type=product"},{"@type":"ListItem","position":3,"name":"K\u00e9rastase Genesis Homme Bain de Masse Epaississant 1000 ml (Shampoo)"}]},{"@type":"WebSite","@id":"https:\/\/www.friseur-hopmann.de\/#website","url":"https:\/\/www.friseur-hopmann.de\/","name":"Friseur Hopmann Hairstyling","description":"Ihr Friseur in Nordhorn","potentialAction":[{"@type":"SearchAction","target":{"@type":"EntryPoint","urlTemplate":"https:\/\/www.friseur-hopmann.de\/?s={search_term_string}"},"query-input":{"@type":"PropertyValueSpecification","valueRequired":true,"valueName":"search_term_string"}}],"inLanguage":"de"}]}},"brands":[],"_links":{"self":[{"href":"https:\/\/www.friseur-hopmann.de\/index.php?rest_route=\/wp\/v2\/product\/19769","targetHints":{"allow":["GET"]}}],"collection":[{"href":"https:\/\/www.friseur-hopmann.de\/index.php?rest_route=\/wp\/v2\/product"}],"about":[{"href":"https:\/\/www.friseur-hopmann.de\/index.php?rest_route=\/wp\/v2\/types\/product"}],"replies":[{"embeddable":true,"href":"https:\/\/www.friseur-hopmann.de\/index.php?rest_route=%2Fwp%2Fv2%2Fcomments&post=19769"}],"wp:featuredmedia":[{"embeddable":true,"href":"https:\/\/www.friseur-hopmann.de\/index.php?rest_route=\/wp\/v2\/media\/19768"}],"wp:attachment":[{"href":"https:\/\/www.friseur-hopmann.de\/index.php?rest_route=%2Fwp%2Fv2%2Fmedia&parent=19769"}],"wp:term":[{"taxonomy":"pwb-brand","embeddable":true,"href":"https:\/\/www.friseur-hopmann.de\/index.php?rest_route=%2Fwp%2Fv2%2Fpwb-brand&post=19769"},{"taxonomy":"product_brand","embeddable":true,"href":"https:\/\/www.friseur-hopmann.de\/index.php?rest_route=%2Fwp%2Fv2%2Fproduct_brand&post=19769"},{"taxonomy":"product_cat","embeddable":true,"href":"https:\/\/www.friseur-hopmann.de\/index.php?rest_route=%2Fwp%2Fv2%2Fproduct_cat&post=19769"},{"taxonomy":"product_tag","embeddable":true,"href":"https:\/\/www.friseur-hopmann.de\/index.php?rest_route=%2Fwp%2Fv2%2Fproduct_tag&post=19769"}],"curies":[{"name":"wp","href":"https:\/\/api.w.org\/{rel}","templated":true}]}}