{"id":16023,"date":"2021-05-24T16:57:16","date_gmt":"2021-05-24T14:57:16","guid":{"rendered":"https:\/\/friseur-hopmann.de\/?post_type=product&#038;p=16023"},"modified":"2026-03-09T18:52:24","modified_gmt":"2026-03-09T16:52:24","slug":"kerastase-curl-manifesto-refresh-absolu-190-ml","status":"publish","type":"product","link":"https:\/\/www.friseur-hopmann.de\/?product=kerastase-curl-manifesto-refresh-absolu-190-ml","title":{"rendered":"K\u00e9rastase Curl Manifesto Refresh Absolu 190 ml"},"content":{"rendered":"<h2>K\u00e9rastase Curl Manifesto Refresh Absolu 190 ml<\/h2>\n<p class=\"lead\"><strong>Produktbeschreibung:<\/strong><\/p>\n<p>Das <em><strong>K\u00e9rastase Curl Manifesto Refresh Absolu<\/strong><\/em> frischt das Haar auf und\u00a0f\u00f6rdert die nat\u00fcrliche\u00a0Form.<\/p>\n<p class=\"lead\"><strong>Eigenschaften:<\/strong><\/p>\n<ul>\n<li>Leichte Konsistenz f\u00fcr eine Anwendung ohne R\u00fcckst\u00e4nde\u00a0und ohne zu beschweren<\/li>\n<li>Spendet intensive Feuchtigkeit, verleiht Geschmeidigkeit\u00a0und Glanz<\/li>\n<li>Unterst\u00fctzt die nat\u00fcrliche Form der Locken<\/li>\n<li>Frizz-reduzierender Effekt auch bei hoher Luftfeuchtigkeit<\/li>\n<\/ul>\n<p class=\"lead\"><strong>Anwendung:<\/strong><\/p>\n<p>Sch\u00fctteln und danach auf das Haar spr\u00fchen.\u00a0Produkt mit den Fingern einarbeiten. An der Luft trocknen\u00a0lassen oder bei niedriger Hitze f\u00f6hnen.<\/p>\n<p class=\"lead\"><strong>Inhalt:<\/strong> 190 ml<\/p>\n","protected":false},"excerpt":{"rendered":"<p>Locken-Auffrischungsspray frischt das Haar auf und f\u00f6rdert die nat\u00fcrliche Form. Leichte Konsistenz f\u00fcr eine Anwendung ohne R\u00fcckst\u00e4nde und ohne zu beschweren.Spendet intensive Feuchtigkeit, verleiht Geschmeidigkeit und Glanz.Unterst\u00fctzt die nat\u00fcrliche Form der LockenFrizz-reduzierender Effekt auch bei hoher Luftfeuchtigkeit<\/p>\n","protected":false},"featured_media":16024,"comment_status":"closed","ping_status":"closed","template":"","meta":{"_exactmetrics_skip_tracking":false,"_exactmetrics_sitenote_active":false,"_exactmetrics_sitenote_note":"","_exactmetrics_sitenote_category":0,"_monsterinsights_skip_tracking":false,"_monsterinsights_sitenote_active":false,"_monsterinsights_sitenote_note":"","_monsterinsights_sitenote_category":0},"pwb-brand":[],"product_brand":[615],"product_cat":[600,491,544,547,671],"product_tag":[905,903,902,904],"class_list":{"0":"post-16023","1":"product","2":"type-product","3":"status-publish","4":"has-post-thumbnail","6":"product_brand-kerastase-2","7":"product_cat-curl-manifesto","8":"product_cat-kerastase","9":"product_cat-kerastase-haarpflege","10":"product_cat-kerastase-pflegelotion","11":"product_cat-unkategorisiert","12":"product_tag-definiert-lockiges-haar","13":"product_tag-hairfresh","14":"product_tag-pflege-fuer-lockiges-haar","15":"product_tag-sprungkraft","17":"first","18":"instock","19":"taxable","20":"shipping-taxable","21":"purchasable","22":"product-type-simple"},"yoast_head":"<!-- This site is optimized with the Yoast SEO plugin v24.6 - https:\/\/yoast.com\/wordpress\/plugins\/seo\/ -->\n<title>K\u00e9rastase Curl Manifesto Refresh Absolu 190 ml - Friseur Hopmann Hairstyling<\/title>\n<meta name=\"robots\" content=\"index, follow, max-snippet:-1, max-image-preview:large, max-video-preview:-1\" \/>\n<link rel=\"canonical\" href=\"https:\/\/www.friseur-hopmann.de\/?product=kerastase-curl-manifesto-refresh-absolu-190-ml\" \/>\n<meta property=\"og:locale\" content=\"de_DE\" \/>\n<meta property=\"og:type\" content=\"article\" \/>\n<meta property=\"og:title\" content=\"K\u00e9rastase Curl Manifesto Refresh Absolu 190 ml - Friseur Hopmann Hairstyling\" \/>\n<meta property=\"og:description\" content=\"Locken-Auffrischungsspray frischt das Haar auf und f\u00f6rdert die nat\u00fcrliche Form. Leichte Konsistenz f\u00fcr eine Anwendung ohne R\u00fcckst\u00e4nde und ohne zu beschweren.Spendet intensive Feuchtigkeit, verleiht Geschmeidigkeit und Glanz.Unterst\u00fctzt die nat\u00fcrliche Form der LockenFrizz-reduzierender Effekt auch bei hoher Luftfeuchtigkeit\" \/>\n<meta property=\"og:url\" content=\"https:\/\/www.friseur-hopmann.de\/?product=kerastase-curl-manifesto-refresh-absolu-190-ml\" \/>\n<meta property=\"og:site_name\" content=\"Friseur Hopmann Hairstyling\" \/>\n<meta property=\"article:modified_time\" content=\"2026-03-09T16:52:24+00:00\" \/>\n<meta property=\"og:image\" content=\"http:\/\/www.friseur-hopmann.de\/wp-content\/uploads\/2021\/05\/Curl-Manifesto-Refresh-190ml.jpg\" \/>\n\t<meta property=\"og:image:width\" content=\"500\" \/>\n\t<meta property=\"og:image:height\" content=\"500\" \/>\n\t<meta property=\"og:image:type\" content=\"image\/jpeg\" \/>\n<meta name=\"twitter:card\" content=\"summary_large_image\" \/>\n<script type=\"application\/ld+json\" class=\"yoast-schema-graph\">{\"@context\":\"https:\/\/schema.org\",\"@graph\":[{\"@type\":\"WebPage\",\"@id\":\"https:\/\/www.friseur-hopmann.de\/?product=kerastase-curl-manifesto-refresh-absolu-190-ml\",\"url\":\"https:\/\/www.friseur-hopmann.de\/?product=kerastase-curl-manifesto-refresh-absolu-190-ml\",\"name\":\"K\u00e9rastase Curl Manifesto Refresh Absolu 190 ml - Friseur Hopmann Hairstyling\",\"isPartOf\":{\"@id\":\"https:\/\/www.friseur-hopmann.de\/#website\"},\"primaryImageOfPage\":{\"@id\":\"https:\/\/www.friseur-hopmann.de\/?product=kerastase-curl-manifesto-refresh-absolu-190-ml#primaryimage\"},\"image\":{\"@id\":\"https:\/\/www.friseur-hopmann.de\/?product=kerastase-curl-manifesto-refresh-absolu-190-ml#primaryimage\"},\"thumbnailUrl\":\"https:\/\/www.friseur-hopmann.de\/wp-content\/uploads\/2021\/05\/Curl-Manifesto-Refresh-190ml.jpg\",\"datePublished\":\"2021-05-24T14:57:16+00:00\",\"dateModified\":\"2026-03-09T16:52:24+00:00\",\"breadcrumb\":{\"@id\":\"https:\/\/www.friseur-hopmann.de\/?product=kerastase-curl-manifesto-refresh-absolu-190-ml#breadcrumb\"},\"inLanguage\":\"de\",\"potentialAction\":[{\"@type\":\"ReadAction\",\"target\":[\"https:\/\/www.friseur-hopmann.de\/?product=kerastase-curl-manifesto-refresh-absolu-190-ml\"]}]},{\"@type\":\"ImageObject\",\"inLanguage\":\"de\",\"@id\":\"https:\/\/www.friseur-hopmann.de\/?product=kerastase-curl-manifesto-refresh-absolu-190-ml#primaryimage\",\"url\":\"https:\/\/www.friseur-hopmann.de\/wp-content\/uploads\/2021\/05\/Curl-Manifesto-Refresh-190ml.jpg\",\"contentUrl\":\"https:\/\/www.friseur-hopmann.de\/wp-content\/uploads\/2021\/05\/Curl-Manifesto-Refresh-190ml.jpg\",\"width\":500,\"height\":500},{\"@type\":\"BreadcrumbList\",\"@id\":\"https:\/\/www.friseur-hopmann.de\/?product=kerastase-curl-manifesto-refresh-absolu-190-ml#breadcrumb\",\"itemListElement\":[{\"@type\":\"ListItem\",\"position\":1,\"name\":\"Startseite\",\"item\":\"https:\/\/www.friseur-hopmann.de\/\"},{\"@type\":\"ListItem\",\"position\":2,\"name\":\"Produkte\",\"item\":\"https:\/\/www.friseur-hopmann.de\/?post_type=product\"},{\"@type\":\"ListItem\",\"position\":3,\"name\":\"K\u00e9rastase Curl Manifesto Refresh Absolu 190 ml\"}]},{\"@type\":\"WebSite\",\"@id\":\"https:\/\/www.friseur-hopmann.de\/#website\",\"url\":\"https:\/\/www.friseur-hopmann.de\/\",\"name\":\"Friseur Hopmann Hairstyling\",\"description\":\"Ihr Friseur in Nordhorn\",\"potentialAction\":[{\"@type\":\"SearchAction\",\"target\":{\"@type\":\"EntryPoint\",\"urlTemplate\":\"https:\/\/www.friseur-hopmann.de\/?s={search_term_string}\"},\"query-input\":{\"@type\":\"PropertyValueSpecification\",\"valueRequired\":true,\"valueName\":\"search_term_string\"}}],\"inLanguage\":\"de\"}]}<\/script>\n<!-- \/ Yoast SEO plugin. -->","yoast_head_json":{"title":"K\u00e9rastase Curl Manifesto Refresh Absolu 190 ml - Friseur Hopmann Hairstyling","robots":{"index":"index","follow":"follow","max-snippet":"max-snippet:-1","max-image-preview":"max-image-preview:large","max-video-preview":"max-video-preview:-1"},"canonical":"https:\/\/www.friseur-hopmann.de\/?product=kerastase-curl-manifesto-refresh-absolu-190-ml","og_locale":"de_DE","og_type":"article","og_title":"K\u00e9rastase Curl Manifesto Refresh Absolu 190 ml - Friseur Hopmann Hairstyling","og_description":"Locken-Auffrischungsspray frischt das Haar auf und f\u00f6rdert die nat\u00fcrliche Form. Leichte Konsistenz f\u00fcr eine Anwendung ohne R\u00fcckst\u00e4nde und ohne zu beschweren.Spendet intensive Feuchtigkeit, verleiht Geschmeidigkeit und Glanz.Unterst\u00fctzt die nat\u00fcrliche Form der LockenFrizz-reduzierender Effekt auch bei hoher Luftfeuchtigkeit","og_url":"https:\/\/www.friseur-hopmann.de\/?product=kerastase-curl-manifesto-refresh-absolu-190-ml","og_site_name":"Friseur Hopmann Hairstyling","article_modified_time":"2026-03-09T16:52:24+00:00","og_image":[{"width":500,"height":500,"url":"http:\/\/www.friseur-hopmann.de\/wp-content\/uploads\/2021\/05\/Curl-Manifesto-Refresh-190ml.jpg","type":"image\/jpeg"}],"twitter_card":"summary_large_image","schema":{"@context":"https:\/\/schema.org","@graph":[{"@type":"WebPage","@id":"https:\/\/www.friseur-hopmann.de\/?product=kerastase-curl-manifesto-refresh-absolu-190-ml","url":"https:\/\/www.friseur-hopmann.de\/?product=kerastase-curl-manifesto-refresh-absolu-190-ml","name":"K\u00e9rastase Curl Manifesto Refresh Absolu 190 ml - Friseur Hopmann Hairstyling","isPartOf":{"@id":"https:\/\/www.friseur-hopmann.de\/#website"},"primaryImageOfPage":{"@id":"https:\/\/www.friseur-hopmann.de\/?product=kerastase-curl-manifesto-refresh-absolu-190-ml#primaryimage"},"image":{"@id":"https:\/\/www.friseur-hopmann.de\/?product=kerastase-curl-manifesto-refresh-absolu-190-ml#primaryimage"},"thumbnailUrl":"https:\/\/www.friseur-hopmann.de\/wp-content\/uploads\/2021\/05\/Curl-Manifesto-Refresh-190ml.jpg","datePublished":"2021-05-24T14:57:16+00:00","dateModified":"2026-03-09T16:52:24+00:00","breadcrumb":{"@id":"https:\/\/www.friseur-hopmann.de\/?product=kerastase-curl-manifesto-refresh-absolu-190-ml#breadcrumb"},"inLanguage":"de","potentialAction":[{"@type":"ReadAction","target":["https:\/\/www.friseur-hopmann.de\/?product=kerastase-curl-manifesto-refresh-absolu-190-ml"]}]},{"@type":"ImageObject","inLanguage":"de","@id":"https:\/\/www.friseur-hopmann.de\/?product=kerastase-curl-manifesto-refresh-absolu-190-ml#primaryimage","url":"https:\/\/www.friseur-hopmann.de\/wp-content\/uploads\/2021\/05\/Curl-Manifesto-Refresh-190ml.jpg","contentUrl":"https:\/\/www.friseur-hopmann.de\/wp-content\/uploads\/2021\/05\/Curl-Manifesto-Refresh-190ml.jpg","width":500,"height":500},{"@type":"BreadcrumbList","@id":"https:\/\/www.friseur-hopmann.de\/?product=kerastase-curl-manifesto-refresh-absolu-190-ml#breadcrumb","itemListElement":[{"@type":"ListItem","position":1,"name":"Startseite","item":"https:\/\/www.friseur-hopmann.de\/"},{"@type":"ListItem","position":2,"name":"Produkte","item":"https:\/\/www.friseur-hopmann.de\/?post_type=product"},{"@type":"ListItem","position":3,"name":"K\u00e9rastase Curl Manifesto Refresh Absolu 190 ml"}]},{"@type":"WebSite","@id":"https:\/\/www.friseur-hopmann.de\/#website","url":"https:\/\/www.friseur-hopmann.de\/","name":"Friseur Hopmann Hairstyling","description":"Ihr Friseur in Nordhorn","potentialAction":[{"@type":"SearchAction","target":{"@type":"EntryPoint","urlTemplate":"https:\/\/www.friseur-hopmann.de\/?s={search_term_string}"},"query-input":{"@type":"PropertyValueSpecification","valueRequired":true,"valueName":"search_term_string"}}],"inLanguage":"de"}]}},"brands":[],"_links":{"self":[{"href":"https:\/\/www.friseur-hopmann.de\/index.php?rest_route=\/wp\/v2\/product\/16023","targetHints":{"allow":["GET"]}}],"collection":[{"href":"https:\/\/www.friseur-hopmann.de\/index.php?rest_route=\/wp\/v2\/product"}],"about":[{"href":"https:\/\/www.friseur-hopmann.de\/index.php?rest_route=\/wp\/v2\/types\/product"}],"replies":[{"embeddable":true,"href":"https:\/\/www.friseur-hopmann.de\/index.php?rest_route=%2Fwp%2Fv2%2Fcomments&post=16023"}],"wp:featuredmedia":[{"embeddable":true,"href":"https:\/\/www.friseur-hopmann.de\/index.php?rest_route=\/wp\/v2\/media\/16024"}],"wp:attachment":[{"href":"https:\/\/www.friseur-hopmann.de\/index.php?rest_route=%2Fwp%2Fv2%2Fmedia&parent=16023"}],"wp:term":[{"taxonomy":"pwb-brand","embeddable":true,"href":"https:\/\/www.friseur-hopmann.de\/index.php?rest_route=%2Fwp%2Fv2%2Fpwb-brand&post=16023"},{"taxonomy":"product_brand","embeddable":true,"href":"https:\/\/www.friseur-hopmann.de\/index.php?rest_route=%2Fwp%2Fv2%2Fproduct_brand&post=16023"},{"taxonomy":"product_cat","embeddable":true,"href":"https:\/\/www.friseur-hopmann.de\/index.php?rest_route=%2Fwp%2Fv2%2Fproduct_cat&post=16023"},{"taxonomy":"product_tag","embeddable":true,"href":"https:\/\/www.friseur-hopmann.de\/index.php?rest_route=%2Fwp%2Fv2%2Fproduct_tag&post=16023"}],"curies":[{"name":"wp","href":"https:\/\/api.w.org\/{rel}","templated":true}]}}