{"id":16018,"date":"2021-05-28T23:14:59","date_gmt":"2021-05-28T21:14:59","guid":{"rendered":"https:\/\/friseur-hopmann.de\/?post_type=product&#038;p=16018"},"modified":"2026-03-09T18:51:31","modified_gmt":"2026-03-09T16:51:31","slug":"kerastase-curl-manifesto-creme-de-jour-fondamentale-150-ml","status":"publish","type":"product","link":"https:\/\/www.friseur-hopmann.de\/?product=kerastase-curl-manifesto-creme-de-jour-fondamentale-150-ml","title":{"rendered":"K\u00e9rastase Curl Manifesto Creme de Jour Fondamentale 150 ml"},"content":{"rendered":"<div class=\"std col-lg-8 col-lg-offset-2 col-md-10 col-md-offset-1\">\n<h2>K\u00e9rastase Curl Manifesto Creme de Jour Fondamentale 150 ml<\/h2>\n<p class=\"lead\"><strong>Produktbeschreibung:<\/strong><\/p>\n<p>Die<em> <strong>K\u00e9rastase Curl Manifesto Creme de Jour Fondamentale<\/strong> <\/em>ist eine pflegende, ultraleichte\u00a0und frizz-reduzierende\u00a0Creme, die\u00a0das Haar intensiv pflegt, Frizz reduziert\u00a0ohne zu\u00a0beschweren und\u00a0Geschmeidigkeit verleiht.<\/p>\n<p class=\"lead\"><strong>Eigenschaften:<\/strong><\/p>\n<ul>\n<li>Pflegt das Haar und spendet intensive Feuchtigkeit ohne zu\u00a0beschweren<\/li>\n<li>Wirkt frizz-reduzierend und sch\u00fctzt bis zu 24h auch vor hoher\u00a0Luftfeuchtigkeit<\/li>\n<li>Sch\u00fctzt das Haar vor Hitze<\/li>\n<li>Verleiht Geschmeidigkeit<\/li>\n<li>F\u00fcr geschmeidige, formdefinierte Locken mit Glanz<\/li>\n<\/ul>\n<p class=\"lead\"><strong>Anwendung:<\/strong><\/p>\n<p>Auf handtuchtrockene L\u00e4ngen und Spitzen gleichm\u00e4\u00dfig\u00a0auftragen. Danach wie gewohnt stylen.<\/p>\n<\/div>\n","protected":false},"excerpt":{"rendered":"<p>K\u00e9rastase Curl Manifesto Creme de Jour Fondamentale 150 ml Produktbeschreibung: Die K\u00e9rastase Curl Manifesto Creme de Jour Fondamentale ist eine pflegende, ultraleichte\u00a0und frizz-reduzierende\u00a0Creme, die\u00a0das Haar intensiv pflegt, Frizz reduziert\u00a0ohne zu\u00a0beschweren und\u00a0Geschmeidigkeit verleiht. Eigenschaften: Pflegt das Haar und spendet intensive Feuchtigkeit ohne zu\u00a0beschweren Wirkt frizz-reduzierend und sch\u00fctzt bis zu 24h auch vor hoher\u00a0Luftfeuchtigkeit Sch\u00fctzt das Haar [&#8230;]\n","protected":false},"featured_media":16021,"comment_status":"closed","ping_status":"closed","template":"","meta":{"_exactmetrics_skip_tracking":false,"_exactmetrics_sitenote_active":false,"_exactmetrics_sitenote_note":"","_exactmetrics_sitenote_category":0,"_monsterinsights_skip_tracking":false,"_monsterinsights_sitenote_active":false,"_monsterinsights_sitenote_note":"","_monsterinsights_sitenote_category":0},"pwb-brand":[],"product_brand":[615],"product_cat":[600,491,544,547],"product_tag":[],"class_list":{"0":"post-16018","1":"product","2":"type-product","3":"status-publish","4":"has-post-thumbnail","6":"product_brand-kerastase-2","7":"product_cat-curl-manifesto","8":"product_cat-kerastase","9":"product_cat-kerastase-haarpflege","10":"product_cat-kerastase-pflegelotion","12":"first","13":"instock","14":"taxable","15":"shipping-taxable","16":"purchasable","17":"product-type-simple"},"yoast_head":"<!-- This site is optimized with the Yoast SEO plugin v24.6 - https:\/\/yoast.com\/wordpress\/plugins\/seo\/ -->\n<title>K\u00e9rastase Curl Manifesto Creme de Jour Fondamentale 150 ml - Friseur Hopmann Hairstyling<\/title>\n<meta name=\"robots\" content=\"index, follow, max-snippet:-1, max-image-preview:large, max-video-preview:-1\" \/>\n<link rel=\"canonical\" href=\"https:\/\/www.friseur-hopmann.de\/?product=kerastase-curl-manifesto-creme-de-jour-fondamentale-150-ml\" \/>\n<meta property=\"og:locale\" content=\"de_DE\" \/>\n<meta property=\"og:type\" content=\"article\" \/>\n<meta property=\"og:title\" content=\"K\u00e9rastase Curl Manifesto Creme de Jour Fondamentale 150 ml - Friseur Hopmann Hairstyling\" \/>\n<meta property=\"og:description\" content=\"K\u00e9rastase Curl Manifesto Creme de Jour Fondamentale 150 ml Produktbeschreibung: Die K\u00e9rastase Curl Manifesto Creme de Jour Fondamentale ist eine pflegende, ultraleichte\u00a0und frizz-reduzierende\u00a0Creme, die\u00a0das Haar intensiv pflegt, Frizz reduziert\u00a0ohne zu\u00a0beschweren und\u00a0Geschmeidigkeit verleiht. Eigenschaften: Pflegt das Haar und spendet intensive Feuchtigkeit ohne zu\u00a0beschweren Wirkt frizz-reduzierend und sch\u00fctzt bis zu 24h auch vor hoher\u00a0Luftfeuchtigkeit Sch\u00fctzt das Haar [...]\" \/>\n<meta property=\"og:url\" content=\"https:\/\/www.friseur-hopmann.de\/?product=kerastase-curl-manifesto-creme-de-jour-fondamentale-150-ml\" \/>\n<meta property=\"og:site_name\" content=\"Friseur Hopmann Hairstyling\" \/>\n<meta property=\"article:modified_time\" content=\"2026-03-09T16:51:31+00:00\" \/>\n<meta property=\"og:image\" content=\"http:\/\/www.friseur-hopmann.de\/wp-content\/uploads\/2021\/05\/Curl-Manifesto-Cream-150ml.jpg\" \/>\n\t<meta property=\"og:image:width\" content=\"500\" \/>\n\t<meta property=\"og:image:height\" content=\"500\" \/>\n\t<meta property=\"og:image:type\" content=\"image\/jpeg\" \/>\n<meta name=\"twitter:card\" content=\"summary_large_image\" \/>\n<script type=\"application\/ld+json\" class=\"yoast-schema-graph\">{\"@context\":\"https:\/\/schema.org\",\"@graph\":[{\"@type\":\"WebPage\",\"@id\":\"https:\/\/www.friseur-hopmann.de\/?product=kerastase-curl-manifesto-creme-de-jour-fondamentale-150-ml\",\"url\":\"https:\/\/www.friseur-hopmann.de\/?product=kerastase-curl-manifesto-creme-de-jour-fondamentale-150-ml\",\"name\":\"K\u00e9rastase Curl Manifesto Creme de Jour Fondamentale 150 ml - Friseur Hopmann Hairstyling\",\"isPartOf\":{\"@id\":\"https:\/\/www.friseur-hopmann.de\/#website\"},\"primaryImageOfPage\":{\"@id\":\"https:\/\/www.friseur-hopmann.de\/?product=kerastase-curl-manifesto-creme-de-jour-fondamentale-150-ml#primaryimage\"},\"image\":{\"@id\":\"https:\/\/www.friseur-hopmann.de\/?product=kerastase-curl-manifesto-creme-de-jour-fondamentale-150-ml#primaryimage\"},\"thumbnailUrl\":\"https:\/\/www.friseur-hopmann.de\/wp-content\/uploads\/2021\/05\/Curl-Manifesto-Cream-150ml.jpg\",\"datePublished\":\"2021-05-28T21:14:59+00:00\",\"dateModified\":\"2026-03-09T16:51:31+00:00\",\"breadcrumb\":{\"@id\":\"https:\/\/www.friseur-hopmann.de\/?product=kerastase-curl-manifesto-creme-de-jour-fondamentale-150-ml#breadcrumb\"},\"inLanguage\":\"de\",\"potentialAction\":[{\"@type\":\"ReadAction\",\"target\":[\"https:\/\/www.friseur-hopmann.de\/?product=kerastase-curl-manifesto-creme-de-jour-fondamentale-150-ml\"]}]},{\"@type\":\"ImageObject\",\"inLanguage\":\"de\",\"@id\":\"https:\/\/www.friseur-hopmann.de\/?product=kerastase-curl-manifesto-creme-de-jour-fondamentale-150-ml#primaryimage\",\"url\":\"https:\/\/www.friseur-hopmann.de\/wp-content\/uploads\/2021\/05\/Curl-Manifesto-Cream-150ml.jpg\",\"contentUrl\":\"https:\/\/www.friseur-hopmann.de\/wp-content\/uploads\/2021\/05\/Curl-Manifesto-Cream-150ml.jpg\",\"width\":500,\"height\":500},{\"@type\":\"BreadcrumbList\",\"@id\":\"https:\/\/www.friseur-hopmann.de\/?product=kerastase-curl-manifesto-creme-de-jour-fondamentale-150-ml#breadcrumb\",\"itemListElement\":[{\"@type\":\"ListItem\",\"position\":1,\"name\":\"Startseite\",\"item\":\"https:\/\/www.friseur-hopmann.de\/\"},{\"@type\":\"ListItem\",\"position\":2,\"name\":\"Produkte\",\"item\":\"https:\/\/www.friseur-hopmann.de\/?post_type=product\"},{\"@type\":\"ListItem\",\"position\":3,\"name\":\"K\u00e9rastase Curl Manifesto Creme de Jour Fondamentale 150 ml\"}]},{\"@type\":\"WebSite\",\"@id\":\"https:\/\/www.friseur-hopmann.de\/#website\",\"url\":\"https:\/\/www.friseur-hopmann.de\/\",\"name\":\"Friseur Hopmann Hairstyling\",\"description\":\"Ihr Friseur in Nordhorn\",\"potentialAction\":[{\"@type\":\"SearchAction\",\"target\":{\"@type\":\"EntryPoint\",\"urlTemplate\":\"https:\/\/www.friseur-hopmann.de\/?s={search_term_string}\"},\"query-input\":{\"@type\":\"PropertyValueSpecification\",\"valueRequired\":true,\"valueName\":\"search_term_string\"}}],\"inLanguage\":\"de\"}]}<\/script>\n<!-- \/ Yoast SEO plugin. -->","yoast_head_json":{"title":"K\u00e9rastase Curl Manifesto Creme de Jour Fondamentale 150 ml - Friseur Hopmann Hairstyling","robots":{"index":"index","follow":"follow","max-snippet":"max-snippet:-1","max-image-preview":"max-image-preview:large","max-video-preview":"max-video-preview:-1"},"canonical":"https:\/\/www.friseur-hopmann.de\/?product=kerastase-curl-manifesto-creme-de-jour-fondamentale-150-ml","og_locale":"de_DE","og_type":"article","og_title":"K\u00e9rastase Curl Manifesto Creme de Jour Fondamentale 150 ml - Friseur Hopmann Hairstyling","og_description":"K\u00e9rastase Curl Manifesto Creme de Jour Fondamentale 150 ml Produktbeschreibung: Die K\u00e9rastase Curl Manifesto Creme de Jour Fondamentale ist eine pflegende, ultraleichte\u00a0und frizz-reduzierende\u00a0Creme, die\u00a0das Haar intensiv pflegt, Frizz reduziert\u00a0ohne zu\u00a0beschweren und\u00a0Geschmeidigkeit verleiht. Eigenschaften: Pflegt das Haar und spendet intensive Feuchtigkeit ohne zu\u00a0beschweren Wirkt frizz-reduzierend und sch\u00fctzt bis zu 24h auch vor hoher\u00a0Luftfeuchtigkeit Sch\u00fctzt das Haar [...]","og_url":"https:\/\/www.friseur-hopmann.de\/?product=kerastase-curl-manifesto-creme-de-jour-fondamentale-150-ml","og_site_name":"Friseur Hopmann Hairstyling","article_modified_time":"2026-03-09T16:51:31+00:00","og_image":[{"width":500,"height":500,"url":"http:\/\/www.friseur-hopmann.de\/wp-content\/uploads\/2021\/05\/Curl-Manifesto-Cream-150ml.jpg","type":"image\/jpeg"}],"twitter_card":"summary_large_image","schema":{"@context":"https:\/\/schema.org","@graph":[{"@type":"WebPage","@id":"https:\/\/www.friseur-hopmann.de\/?product=kerastase-curl-manifesto-creme-de-jour-fondamentale-150-ml","url":"https:\/\/www.friseur-hopmann.de\/?product=kerastase-curl-manifesto-creme-de-jour-fondamentale-150-ml","name":"K\u00e9rastase Curl Manifesto Creme de Jour Fondamentale 150 ml - Friseur Hopmann Hairstyling","isPartOf":{"@id":"https:\/\/www.friseur-hopmann.de\/#website"},"primaryImageOfPage":{"@id":"https:\/\/www.friseur-hopmann.de\/?product=kerastase-curl-manifesto-creme-de-jour-fondamentale-150-ml#primaryimage"},"image":{"@id":"https:\/\/www.friseur-hopmann.de\/?product=kerastase-curl-manifesto-creme-de-jour-fondamentale-150-ml#primaryimage"},"thumbnailUrl":"https:\/\/www.friseur-hopmann.de\/wp-content\/uploads\/2021\/05\/Curl-Manifesto-Cream-150ml.jpg","datePublished":"2021-05-28T21:14:59+00:00","dateModified":"2026-03-09T16:51:31+00:00","breadcrumb":{"@id":"https:\/\/www.friseur-hopmann.de\/?product=kerastase-curl-manifesto-creme-de-jour-fondamentale-150-ml#breadcrumb"},"inLanguage":"de","potentialAction":[{"@type":"ReadAction","target":["https:\/\/www.friseur-hopmann.de\/?product=kerastase-curl-manifesto-creme-de-jour-fondamentale-150-ml"]}]},{"@type":"ImageObject","inLanguage":"de","@id":"https:\/\/www.friseur-hopmann.de\/?product=kerastase-curl-manifesto-creme-de-jour-fondamentale-150-ml#primaryimage","url":"https:\/\/www.friseur-hopmann.de\/wp-content\/uploads\/2021\/05\/Curl-Manifesto-Cream-150ml.jpg","contentUrl":"https:\/\/www.friseur-hopmann.de\/wp-content\/uploads\/2021\/05\/Curl-Manifesto-Cream-150ml.jpg","width":500,"height":500},{"@type":"BreadcrumbList","@id":"https:\/\/www.friseur-hopmann.de\/?product=kerastase-curl-manifesto-creme-de-jour-fondamentale-150-ml#breadcrumb","itemListElement":[{"@type":"ListItem","position":1,"name":"Startseite","item":"https:\/\/www.friseur-hopmann.de\/"},{"@type":"ListItem","position":2,"name":"Produkte","item":"https:\/\/www.friseur-hopmann.de\/?post_type=product"},{"@type":"ListItem","position":3,"name":"K\u00e9rastase Curl Manifesto Creme de Jour Fondamentale 150 ml"}]},{"@type":"WebSite","@id":"https:\/\/www.friseur-hopmann.de\/#website","url":"https:\/\/www.friseur-hopmann.de\/","name":"Friseur Hopmann Hairstyling","description":"Ihr Friseur in Nordhorn","potentialAction":[{"@type":"SearchAction","target":{"@type":"EntryPoint","urlTemplate":"https:\/\/www.friseur-hopmann.de\/?s={search_term_string}"},"query-input":{"@type":"PropertyValueSpecification","valueRequired":true,"valueName":"search_term_string"}}],"inLanguage":"de"}]}},"brands":[],"_links":{"self":[{"href":"https:\/\/www.friseur-hopmann.de\/index.php?rest_route=\/wp\/v2\/product\/16018","targetHints":{"allow":["GET"]}}],"collection":[{"href":"https:\/\/www.friseur-hopmann.de\/index.php?rest_route=\/wp\/v2\/product"}],"about":[{"href":"https:\/\/www.friseur-hopmann.de\/index.php?rest_route=\/wp\/v2\/types\/product"}],"replies":[{"embeddable":true,"href":"https:\/\/www.friseur-hopmann.de\/index.php?rest_route=%2Fwp%2Fv2%2Fcomments&post=16018"}],"wp:featuredmedia":[{"embeddable":true,"href":"https:\/\/www.friseur-hopmann.de\/index.php?rest_route=\/wp\/v2\/media\/16021"}],"wp:attachment":[{"href":"https:\/\/www.friseur-hopmann.de\/index.php?rest_route=%2Fwp%2Fv2%2Fmedia&parent=16018"}],"wp:term":[{"taxonomy":"pwb-brand","embeddable":true,"href":"https:\/\/www.friseur-hopmann.de\/index.php?rest_route=%2Fwp%2Fv2%2Fpwb-brand&post=16018"},{"taxonomy":"product_brand","embeddable":true,"href":"https:\/\/www.friseur-hopmann.de\/index.php?rest_route=%2Fwp%2Fv2%2Fproduct_brand&post=16018"},{"taxonomy":"product_cat","embeddable":true,"href":"https:\/\/www.friseur-hopmann.de\/index.php?rest_route=%2Fwp%2Fv2%2Fproduct_cat&post=16018"},{"taxonomy":"product_tag","embeddable":true,"href":"https:\/\/www.friseur-hopmann.de\/index.php?rest_route=%2Fwp%2Fv2%2Fproduct_tag&post=16018"}],"curies":[{"name":"wp","href":"https:\/\/api.w.org\/{rel}","templated":true}]}}