{"id":16012,"date":"2021-05-24T16:10:41","date_gmt":"2021-05-24T14:10:41","guid":{"rendered":"https:\/\/friseur-hopmann.de\/?post_type=product&#038;p=16012"},"modified":"2026-03-09T18:52:59","modified_gmt":"2026-03-09T16:52:59","slug":"kerastase-curl-manifesto-bain-hydration-douceur-250-ml","status":"publish","type":"product","link":"https:\/\/www.friseur-hopmann.de\/?product=kerastase-curl-manifesto-bain-hydration-douceur-250-ml","title":{"rendered":"K\u00e9rastase Curl Manifesto Bain Hydration Douceur 250 ml435507"},"content":{"rendered":"<h2>K\u00e9rastase Curl Manifesto Bain Hydration Douceur 250 ml<\/h2>\n<p><strong>Produkbeschreibung:<\/strong><\/p>\n<p>Das<em><strong> K\u00e9rastase Curl Manifesto Bain Hydration Douceur<\/strong><\/em> ist ein feuchtigkeitsspendendes\u00a0Creme-Haarbad, das\u00a0intensive\u00a0Feuchtigkeit verleiht, das\u00a0Haar pflegt und es\u00a0sanft reinigt.<\/p>\n<h2>Eigenschaften:<strong><br \/>\n<\/strong><\/h2>\n<ul>\n<li>Sanfte Reinigung von Kopfhaut und Haar.<\/li>\n<li>L\u00f6st\u00a0\u00fcbersch\u00fcssigen Sebum\/Talg und Ablagerungen, ohne den\u00a0nat\u00fcrlichen Lipidhaushalt zu ver\u00e4ndern<\/li>\n<li>Spendet intensive Feuchtigkeit ohne das Haar zu\u00a0beschweren<\/li>\n<li>Verleiht den Locken Glanz<\/li>\n<\/ul>\n<h3>Anwendung:<strong><br \/>\n<\/strong><\/h3>\n<p>Auf das feuchte Haar auftragen, emulgieren\u00a0und einmassieren. Gr\u00fcndlich aussp\u00fclen.<\/p>\n<p><strong>Inhalt<\/strong>:<\/p>\n<p>250 ml<\/p>\n","protected":false},"excerpt":{"rendered":"<p>Feuchtigkeitsspendendes Creme-Haarbad pflegt das Haar und reinigt es sanft. L\u00f6st \u00fcbersch\u00fcssigen Sebum\/Talg und Ablagerungen, ohne den nat\u00fcrlichen Lipidhaushalt zu ver\u00e4ndern.Verleiht den Locken Glanz.<\/p>\n","protected":false},"featured_media":16013,"comment_status":"closed","ping_status":"closed","template":"","meta":{"_exactmetrics_skip_tracking":false,"_exactmetrics_sitenote_active":false,"_exactmetrics_sitenote_note":"","_exactmetrics_sitenote_category":0,"_monsterinsights_skip_tracking":false,"_monsterinsights_sitenote_active":false,"_monsterinsights_sitenote_note":"","_monsterinsights_sitenote_category":0},"pwb-brand":[],"product_brand":[615],"product_cat":[600,491,548],"product_tag":[854,701,856],"class_list":{"0":"post-16012","1":"product","2":"type-product","3":"status-publish","4":"has-post-thumbnail","6":"product_brand-kerastase-2","7":"product_cat-curl-manifesto","8":"product_cat-kerastase","9":"product_cat-kerastase-shampoo","10":"product_tag-gewelltes-haar","11":"product_tag-pflegeshampoo","12":"product_tag-shampoo-f-lockiges-haar","14":"first","15":"instock","16":"taxable","17":"shipping-taxable","18":"purchasable","19":"product-type-simple"},"yoast_head":"<!-- This site is optimized with the Yoast SEO plugin v24.6 - https:\/\/yoast.com\/wordpress\/plugins\/seo\/ -->\n<title>K\u00e9rastase Curl Manifesto Bain Hydration Douceur 250 ml435507 - Friseur Hopmann Hairstyling<\/title>\n<meta name=\"robots\" content=\"index, follow, max-snippet:-1, max-image-preview:large, max-video-preview:-1\" \/>\n<link rel=\"canonical\" href=\"https:\/\/www.friseur-hopmann.de\/?product=kerastase-curl-manifesto-bain-hydration-douceur-250-ml\" \/>\n<meta property=\"og:locale\" content=\"de_DE\" \/>\n<meta property=\"og:type\" content=\"article\" \/>\n<meta property=\"og:title\" content=\"K\u00e9rastase Curl Manifesto Bain Hydration Douceur 250 ml435507 - Friseur Hopmann Hairstyling\" \/>\n<meta property=\"og:description\" content=\"Feuchtigkeitsspendendes Creme-Haarbad pflegt das Haar und reinigt es sanft. L\u00f6st \u00fcbersch\u00fcssigen Sebum\/Talg und Ablagerungen, ohne den nat\u00fcrlichen Lipidhaushalt zu ver\u00e4ndern.Verleiht den Locken Glanz.\" \/>\n<meta property=\"og:url\" content=\"https:\/\/www.friseur-hopmann.de\/?product=kerastase-curl-manifesto-bain-hydration-douceur-250-ml\" \/>\n<meta property=\"og:site_name\" content=\"Friseur Hopmann Hairstyling\" \/>\n<meta property=\"article:modified_time\" content=\"2026-03-09T16:52:59+00:00\" \/>\n<meta property=\"og:image\" content=\"http:\/\/www.friseur-hopmann.de\/wp-content\/uploads\/2021\/05\/Bain-Curl-Manifesto-250-ml.jpg\" \/>\n\t<meta property=\"og:image:width\" content=\"500\" \/>\n\t<meta property=\"og:image:height\" content=\"500\" \/>\n\t<meta property=\"og:image:type\" content=\"image\/jpeg\" \/>\n<meta name=\"twitter:card\" content=\"summary_large_image\" \/>\n<script type=\"application\/ld+json\" class=\"yoast-schema-graph\">{\"@context\":\"https:\/\/schema.org\",\"@graph\":[{\"@type\":\"WebPage\",\"@id\":\"https:\/\/www.friseur-hopmann.de\/?product=kerastase-curl-manifesto-bain-hydration-douceur-250-ml\",\"url\":\"https:\/\/www.friseur-hopmann.de\/?product=kerastase-curl-manifesto-bain-hydration-douceur-250-ml\",\"name\":\"K\u00e9rastase Curl Manifesto Bain Hydration Douceur 250 ml435507 - Friseur Hopmann Hairstyling\",\"isPartOf\":{\"@id\":\"https:\/\/www.friseur-hopmann.de\/#website\"},\"primaryImageOfPage\":{\"@id\":\"https:\/\/www.friseur-hopmann.de\/?product=kerastase-curl-manifesto-bain-hydration-douceur-250-ml#primaryimage\"},\"image\":{\"@id\":\"https:\/\/www.friseur-hopmann.de\/?product=kerastase-curl-manifesto-bain-hydration-douceur-250-ml#primaryimage\"},\"thumbnailUrl\":\"https:\/\/www.friseur-hopmann.de\/wp-content\/uploads\/2021\/05\/Bain-Curl-Manifesto-250-ml.jpg\",\"datePublished\":\"2021-05-24T14:10:41+00:00\",\"dateModified\":\"2026-03-09T16:52:59+00:00\",\"breadcrumb\":{\"@id\":\"https:\/\/www.friseur-hopmann.de\/?product=kerastase-curl-manifesto-bain-hydration-douceur-250-ml#breadcrumb\"},\"inLanguage\":\"de\",\"potentialAction\":[{\"@type\":\"ReadAction\",\"target\":[\"https:\/\/www.friseur-hopmann.de\/?product=kerastase-curl-manifesto-bain-hydration-douceur-250-ml\"]}]},{\"@type\":\"ImageObject\",\"inLanguage\":\"de\",\"@id\":\"https:\/\/www.friseur-hopmann.de\/?product=kerastase-curl-manifesto-bain-hydration-douceur-250-ml#primaryimage\",\"url\":\"https:\/\/www.friseur-hopmann.de\/wp-content\/uploads\/2021\/05\/Bain-Curl-Manifesto-250-ml.jpg\",\"contentUrl\":\"https:\/\/www.friseur-hopmann.de\/wp-content\/uploads\/2021\/05\/Bain-Curl-Manifesto-250-ml.jpg\",\"width\":500,\"height\":500},{\"@type\":\"BreadcrumbList\",\"@id\":\"https:\/\/www.friseur-hopmann.de\/?product=kerastase-curl-manifesto-bain-hydration-douceur-250-ml#breadcrumb\",\"itemListElement\":[{\"@type\":\"ListItem\",\"position\":1,\"name\":\"Startseite\",\"item\":\"https:\/\/www.friseur-hopmann.de\/\"},{\"@type\":\"ListItem\",\"position\":2,\"name\":\"Produkte\",\"item\":\"https:\/\/www.friseur-hopmann.de\/?post_type=product\"},{\"@type\":\"ListItem\",\"position\":3,\"name\":\"K\u00e9rastase Curl Manifesto Bain Hydration Douceur 250 ml435507\"}]},{\"@type\":\"WebSite\",\"@id\":\"https:\/\/www.friseur-hopmann.de\/#website\",\"url\":\"https:\/\/www.friseur-hopmann.de\/\",\"name\":\"Friseur Hopmann Hairstyling\",\"description\":\"Ihr Friseur in Nordhorn\",\"potentialAction\":[{\"@type\":\"SearchAction\",\"target\":{\"@type\":\"EntryPoint\",\"urlTemplate\":\"https:\/\/www.friseur-hopmann.de\/?s={search_term_string}\"},\"query-input\":{\"@type\":\"PropertyValueSpecification\",\"valueRequired\":true,\"valueName\":\"search_term_string\"}}],\"inLanguage\":\"de\"}]}<\/script>\n<!-- \/ Yoast SEO plugin. -->","yoast_head_json":{"title":"K\u00e9rastase Curl Manifesto Bain Hydration Douceur 250 ml435507 - Friseur Hopmann Hairstyling","robots":{"index":"index","follow":"follow","max-snippet":"max-snippet:-1","max-image-preview":"max-image-preview:large","max-video-preview":"max-video-preview:-1"},"canonical":"https:\/\/www.friseur-hopmann.de\/?product=kerastase-curl-manifesto-bain-hydration-douceur-250-ml","og_locale":"de_DE","og_type":"article","og_title":"K\u00e9rastase Curl Manifesto Bain Hydration Douceur 250 ml435507 - Friseur Hopmann Hairstyling","og_description":"Feuchtigkeitsspendendes Creme-Haarbad pflegt das Haar und reinigt es sanft. L\u00f6st \u00fcbersch\u00fcssigen Sebum\/Talg und Ablagerungen, ohne den nat\u00fcrlichen Lipidhaushalt zu ver\u00e4ndern.Verleiht den Locken Glanz.","og_url":"https:\/\/www.friseur-hopmann.de\/?product=kerastase-curl-manifesto-bain-hydration-douceur-250-ml","og_site_name":"Friseur Hopmann Hairstyling","article_modified_time":"2026-03-09T16:52:59+00:00","og_image":[{"width":500,"height":500,"url":"http:\/\/www.friseur-hopmann.de\/wp-content\/uploads\/2021\/05\/Bain-Curl-Manifesto-250-ml.jpg","type":"image\/jpeg"}],"twitter_card":"summary_large_image","schema":{"@context":"https:\/\/schema.org","@graph":[{"@type":"WebPage","@id":"https:\/\/www.friseur-hopmann.de\/?product=kerastase-curl-manifesto-bain-hydration-douceur-250-ml","url":"https:\/\/www.friseur-hopmann.de\/?product=kerastase-curl-manifesto-bain-hydration-douceur-250-ml","name":"K\u00e9rastase Curl Manifesto Bain Hydration Douceur 250 ml435507 - Friseur Hopmann Hairstyling","isPartOf":{"@id":"https:\/\/www.friseur-hopmann.de\/#website"},"primaryImageOfPage":{"@id":"https:\/\/www.friseur-hopmann.de\/?product=kerastase-curl-manifesto-bain-hydration-douceur-250-ml#primaryimage"},"image":{"@id":"https:\/\/www.friseur-hopmann.de\/?product=kerastase-curl-manifesto-bain-hydration-douceur-250-ml#primaryimage"},"thumbnailUrl":"https:\/\/www.friseur-hopmann.de\/wp-content\/uploads\/2021\/05\/Bain-Curl-Manifesto-250-ml.jpg","datePublished":"2021-05-24T14:10:41+00:00","dateModified":"2026-03-09T16:52:59+00:00","breadcrumb":{"@id":"https:\/\/www.friseur-hopmann.de\/?product=kerastase-curl-manifesto-bain-hydration-douceur-250-ml#breadcrumb"},"inLanguage":"de","potentialAction":[{"@type":"ReadAction","target":["https:\/\/www.friseur-hopmann.de\/?product=kerastase-curl-manifesto-bain-hydration-douceur-250-ml"]}]},{"@type":"ImageObject","inLanguage":"de","@id":"https:\/\/www.friseur-hopmann.de\/?product=kerastase-curl-manifesto-bain-hydration-douceur-250-ml#primaryimage","url":"https:\/\/www.friseur-hopmann.de\/wp-content\/uploads\/2021\/05\/Bain-Curl-Manifesto-250-ml.jpg","contentUrl":"https:\/\/www.friseur-hopmann.de\/wp-content\/uploads\/2021\/05\/Bain-Curl-Manifesto-250-ml.jpg","width":500,"height":500},{"@type":"BreadcrumbList","@id":"https:\/\/www.friseur-hopmann.de\/?product=kerastase-curl-manifesto-bain-hydration-douceur-250-ml#breadcrumb","itemListElement":[{"@type":"ListItem","position":1,"name":"Startseite","item":"https:\/\/www.friseur-hopmann.de\/"},{"@type":"ListItem","position":2,"name":"Produkte","item":"https:\/\/www.friseur-hopmann.de\/?post_type=product"},{"@type":"ListItem","position":3,"name":"K\u00e9rastase Curl Manifesto Bain Hydration Douceur 250 ml435507"}]},{"@type":"WebSite","@id":"https:\/\/www.friseur-hopmann.de\/#website","url":"https:\/\/www.friseur-hopmann.de\/","name":"Friseur Hopmann Hairstyling","description":"Ihr Friseur in Nordhorn","potentialAction":[{"@type":"SearchAction","target":{"@type":"EntryPoint","urlTemplate":"https:\/\/www.friseur-hopmann.de\/?s={search_term_string}"},"query-input":{"@type":"PropertyValueSpecification","valueRequired":true,"valueName":"search_term_string"}}],"inLanguage":"de"}]}},"brands":[],"_links":{"self":[{"href":"https:\/\/www.friseur-hopmann.de\/index.php?rest_route=\/wp\/v2\/product\/16012","targetHints":{"allow":["GET"]}}],"collection":[{"href":"https:\/\/www.friseur-hopmann.de\/index.php?rest_route=\/wp\/v2\/product"}],"about":[{"href":"https:\/\/www.friseur-hopmann.de\/index.php?rest_route=\/wp\/v2\/types\/product"}],"replies":[{"embeddable":true,"href":"https:\/\/www.friseur-hopmann.de\/index.php?rest_route=%2Fwp%2Fv2%2Fcomments&post=16012"}],"wp:featuredmedia":[{"embeddable":true,"href":"https:\/\/www.friseur-hopmann.de\/index.php?rest_route=\/wp\/v2\/media\/16013"}],"wp:attachment":[{"href":"https:\/\/www.friseur-hopmann.de\/index.php?rest_route=%2Fwp%2Fv2%2Fmedia&parent=16012"}],"wp:term":[{"taxonomy":"pwb-brand","embeddable":true,"href":"https:\/\/www.friseur-hopmann.de\/index.php?rest_route=%2Fwp%2Fv2%2Fpwb-brand&post=16012"},{"taxonomy":"product_brand","embeddable":true,"href":"https:\/\/www.friseur-hopmann.de\/index.php?rest_route=%2Fwp%2Fv2%2Fproduct_brand&post=16012"},{"taxonomy":"product_cat","embeddable":true,"href":"https:\/\/www.friseur-hopmann.de\/index.php?rest_route=%2Fwp%2Fv2%2Fproduct_cat&post=16012"},{"taxonomy":"product_tag","embeddable":true,"href":"https:\/\/www.friseur-hopmann.de\/index.php?rest_route=%2Fwp%2Fv2%2Fproduct_tag&post=16012"}],"curies":[{"name":"wp","href":"https:\/\/api.w.org\/{rel}","templated":true}]}}