{"id":15752,"date":"2021-04-17T23:05:58","date_gmt":"2021-04-17T21:05:58","guid":{"rendered":"https:\/\/friseur-hopmann.de\/?post_type=product&#038;p=15752"},"modified":"2022-09-10T22:41:58","modified_gmt":"2022-09-10T20:41:58","slug":"seb-man-the-groom-oils-haar-und-bartoel","status":"publish","type":"product","link":"https:\/\/www.friseur-hopmann.de\/?product=seb-man-the-groom-oils-haar-und-bartoel","title":{"rendered":"SEB MAN The Groom Oils  Haar und Bart\u00f6l"},"content":{"rendered":"<h2>Produktbeschreibung:<\/h2>\n<h2>SEB MAN The Groom Oil 30 ml<\/h2>\n<p>Das <em><strong>SEB MAN The Groom Oil<\/strong><\/em> ist ein Pflege\u00f6l fu\u0308r Geschmeidigkeit, Definition und Glanz. Es ist geeignet f\u00fcr Haar und Bart.<\/p>\n<h2>Anwendung:<\/h2>\n<p>Eine kleine Menge in den H\u00e4nden verreiben und gleichm\u00e4\u00dfig auf Haar und Bart verteilen.<\/p>\n<h2>Inhaltsstoffe:<\/h2>\n<p>Eine exklusive Mischung, mit Traubenkern-, Jojoba-, Mandel- und Argan\u00f6l.<\/p>\n<p class=\"thin-font lead\"><strong>Inhalt: 30 ml<\/strong><\/p>\n","protected":false},"excerpt":{"rendered":"<h2>SEB MAN The Groom Oil 30 ml<\/h2>\n<p>Das<em> <strong>SEB MAN The Groom Oil<\/strong><\/em> ist ein Pflege\u00f6l fu\u0308r Geschmeidigkeit, Definition und Glanz. Es ist geeignet f\u00fcr Haar &amp; Bart.<\/p>\n","protected":false},"featured_media":15753,"comment_status":"closed","ping_status":"closed","template":"","meta":{"_exactmetrics_skip_tracking":false,"_exactmetrics_sitenote_active":false,"_exactmetrics_sitenote_note":"","_exactmetrics_sitenote_category":0,"_monsterinsights_skip_tracking":false,"_monsterinsights_sitenote_active":false,"_monsterinsights_sitenote_note":"","_monsterinsights_sitenote_category":0},"pwb-brand":[],"product_brand":[],"product_cat":[498,507,880],"product_tag":[897,896,881,895],"class_list":{"0":"post-15752","1":"product","2":"type-product","3":"status-publish","4":"has-post-thumbnail","6":"product_cat-just-men","7":"product_cat-wella","8":"product_cat-seb-man","9":"product_tag-bartoel","10":"product_tag-haarpflege-fuer-den-mann","11":"product_tag-man","12":"product_tag-man-produkte","14":"first","15":"instock","16":"taxable","17":"shipping-taxable","18":"purchasable","19":"product-type-simple"},"yoast_head":"<!-- This site is optimized with the Yoast SEO plugin v24.6 - https:\/\/yoast.com\/wordpress\/plugins\/seo\/ -->\n<title>SEB MAN The Groom Oils Haar und Bart\u00f6l - Friseur Hopmann Hairstyling<\/title>\n<meta name=\"robots\" content=\"index, follow, max-snippet:-1, max-image-preview:large, max-video-preview:-1\" \/>\n<link rel=\"canonical\" href=\"https:\/\/www.friseur-hopmann.de\/?product=seb-man-the-groom-oils-haar-und-bartoel\" \/>\n<meta property=\"og:locale\" content=\"de_DE\" \/>\n<meta property=\"og:type\" content=\"article\" \/>\n<meta property=\"og:title\" content=\"SEB MAN The Groom Oils Haar und Bart\u00f6l - Friseur Hopmann Hairstyling\" \/>\n<meta property=\"og:description\" content=\"SEB MAN The Groom Oil 30 ml Das SEB MAN The Groom Oil ist ein Pflege\u00f6l fu\u0308r Geschmeidigkeit, Definition und Glanz. Es ist geeignet f\u00fcr Haar &amp; Bart.\" \/>\n<meta property=\"og:url\" content=\"https:\/\/www.friseur-hopmann.de\/?product=seb-man-the-groom-oils-haar-und-bartoel\" \/>\n<meta property=\"og:site_name\" content=\"Friseur Hopmann Hairstyling\" \/>\n<meta property=\"article:modified_time\" content=\"2022-09-10T20:41:58+00:00\" \/>\n<meta property=\"og:image\" content=\"https:\/\/www.friseur-hopmann.de\/wp-content\/uploads\/2021\/04\/SebMan-The-Groom-Baartoel.jpg\" \/>\n\t<meta property=\"og:image:width\" content=\"500\" \/>\n\t<meta property=\"og:image:height\" content=\"500\" \/>\n\t<meta property=\"og:image:type\" content=\"image\/jpeg\" \/>\n<meta name=\"twitter:card\" content=\"summary_large_image\" \/>\n<script type=\"application\/ld+json\" class=\"yoast-schema-graph\">{\"@context\":\"https:\/\/schema.org\",\"@graph\":[{\"@type\":\"WebPage\",\"@id\":\"https:\/\/www.friseur-hopmann.de\/?product=seb-man-the-groom-oils-haar-und-bartoel\",\"url\":\"https:\/\/www.friseur-hopmann.de\/?product=seb-man-the-groom-oils-haar-und-bartoel\",\"name\":\"SEB MAN The Groom Oils Haar und Bart\u00f6l - Friseur Hopmann Hairstyling\",\"isPartOf\":{\"@id\":\"https:\/\/www.friseur-hopmann.de\/#website\"},\"primaryImageOfPage\":{\"@id\":\"https:\/\/www.friseur-hopmann.de\/?product=seb-man-the-groom-oils-haar-und-bartoel#primaryimage\"},\"image\":{\"@id\":\"https:\/\/www.friseur-hopmann.de\/?product=seb-man-the-groom-oils-haar-und-bartoel#primaryimage\"},\"thumbnailUrl\":\"https:\/\/www.friseur-hopmann.de\/wp-content\/uploads\/2021\/04\/SebMan-The-Groom-Baartoel.jpg\",\"datePublished\":\"2021-04-17T21:05:58+00:00\",\"dateModified\":\"2022-09-10T20:41:58+00:00\",\"breadcrumb\":{\"@id\":\"https:\/\/www.friseur-hopmann.de\/?product=seb-man-the-groom-oils-haar-und-bartoel#breadcrumb\"},\"inLanguage\":\"de\",\"potentialAction\":[{\"@type\":\"ReadAction\",\"target\":[\"https:\/\/www.friseur-hopmann.de\/?product=seb-man-the-groom-oils-haar-und-bartoel\"]}]},{\"@type\":\"ImageObject\",\"inLanguage\":\"de\",\"@id\":\"https:\/\/www.friseur-hopmann.de\/?product=seb-man-the-groom-oils-haar-und-bartoel#primaryimage\",\"url\":\"https:\/\/www.friseur-hopmann.de\/wp-content\/uploads\/2021\/04\/SebMan-The-Groom-Baartoel.jpg\",\"contentUrl\":\"https:\/\/www.friseur-hopmann.de\/wp-content\/uploads\/2021\/04\/SebMan-The-Groom-Baartoel.jpg\",\"width\":500,\"height\":500},{\"@type\":\"BreadcrumbList\",\"@id\":\"https:\/\/www.friseur-hopmann.de\/?product=seb-man-the-groom-oils-haar-und-bartoel#breadcrumb\",\"itemListElement\":[{\"@type\":\"ListItem\",\"position\":1,\"name\":\"Startseite\",\"item\":\"https:\/\/www.friseur-hopmann.de\/\"},{\"@type\":\"ListItem\",\"position\":2,\"name\":\"Produkte\",\"item\":\"https:\/\/www.friseur-hopmann.de\/?post_type=product\"},{\"@type\":\"ListItem\",\"position\":3,\"name\":\"SEB MAN The Groom Oils Haar und Bart\u00f6l\"}]},{\"@type\":\"WebSite\",\"@id\":\"https:\/\/www.friseur-hopmann.de\/#website\",\"url\":\"https:\/\/www.friseur-hopmann.de\/\",\"name\":\"Friseur Hopmann Hairstyling\",\"description\":\"Ihr Friseur in Nordhorn\",\"potentialAction\":[{\"@type\":\"SearchAction\",\"target\":{\"@type\":\"EntryPoint\",\"urlTemplate\":\"https:\/\/www.friseur-hopmann.de\/?s={search_term_string}\"},\"query-input\":{\"@type\":\"PropertyValueSpecification\",\"valueRequired\":true,\"valueName\":\"search_term_string\"}}],\"inLanguage\":\"de\"}]}<\/script>\n<!-- \/ Yoast SEO plugin. -->","yoast_head_json":{"title":"SEB MAN The Groom Oils Haar und Bart\u00f6l - Friseur Hopmann Hairstyling","robots":{"index":"index","follow":"follow","max-snippet":"max-snippet:-1","max-image-preview":"max-image-preview:large","max-video-preview":"max-video-preview:-1"},"canonical":"https:\/\/www.friseur-hopmann.de\/?product=seb-man-the-groom-oils-haar-und-bartoel","og_locale":"de_DE","og_type":"article","og_title":"SEB MAN The Groom Oils Haar und Bart\u00f6l - Friseur Hopmann Hairstyling","og_description":"SEB MAN The Groom Oil 30 ml Das SEB MAN The Groom Oil ist ein Pflege\u00f6l fu\u0308r Geschmeidigkeit, Definition und Glanz. Es ist geeignet f\u00fcr Haar &amp; Bart.","og_url":"https:\/\/www.friseur-hopmann.de\/?product=seb-man-the-groom-oils-haar-und-bartoel","og_site_name":"Friseur Hopmann Hairstyling","article_modified_time":"2022-09-10T20:41:58+00:00","og_image":[{"width":500,"height":500,"url":"https:\/\/www.friseur-hopmann.de\/wp-content\/uploads\/2021\/04\/SebMan-The-Groom-Baartoel.jpg","type":"image\/jpeg"}],"twitter_card":"summary_large_image","schema":{"@context":"https:\/\/schema.org","@graph":[{"@type":"WebPage","@id":"https:\/\/www.friseur-hopmann.de\/?product=seb-man-the-groom-oils-haar-und-bartoel","url":"https:\/\/www.friseur-hopmann.de\/?product=seb-man-the-groom-oils-haar-und-bartoel","name":"SEB MAN The Groom Oils Haar und Bart\u00f6l - Friseur Hopmann Hairstyling","isPartOf":{"@id":"https:\/\/www.friseur-hopmann.de\/#website"},"primaryImageOfPage":{"@id":"https:\/\/www.friseur-hopmann.de\/?product=seb-man-the-groom-oils-haar-und-bartoel#primaryimage"},"image":{"@id":"https:\/\/www.friseur-hopmann.de\/?product=seb-man-the-groom-oils-haar-und-bartoel#primaryimage"},"thumbnailUrl":"https:\/\/www.friseur-hopmann.de\/wp-content\/uploads\/2021\/04\/SebMan-The-Groom-Baartoel.jpg","datePublished":"2021-04-17T21:05:58+00:00","dateModified":"2022-09-10T20:41:58+00:00","breadcrumb":{"@id":"https:\/\/www.friseur-hopmann.de\/?product=seb-man-the-groom-oils-haar-und-bartoel#breadcrumb"},"inLanguage":"de","potentialAction":[{"@type":"ReadAction","target":["https:\/\/www.friseur-hopmann.de\/?product=seb-man-the-groom-oils-haar-und-bartoel"]}]},{"@type":"ImageObject","inLanguage":"de","@id":"https:\/\/www.friseur-hopmann.de\/?product=seb-man-the-groom-oils-haar-und-bartoel#primaryimage","url":"https:\/\/www.friseur-hopmann.de\/wp-content\/uploads\/2021\/04\/SebMan-The-Groom-Baartoel.jpg","contentUrl":"https:\/\/www.friseur-hopmann.de\/wp-content\/uploads\/2021\/04\/SebMan-The-Groom-Baartoel.jpg","width":500,"height":500},{"@type":"BreadcrumbList","@id":"https:\/\/www.friseur-hopmann.de\/?product=seb-man-the-groom-oils-haar-und-bartoel#breadcrumb","itemListElement":[{"@type":"ListItem","position":1,"name":"Startseite","item":"https:\/\/www.friseur-hopmann.de\/"},{"@type":"ListItem","position":2,"name":"Produkte","item":"https:\/\/www.friseur-hopmann.de\/?post_type=product"},{"@type":"ListItem","position":3,"name":"SEB MAN The Groom Oils Haar und Bart\u00f6l"}]},{"@type":"WebSite","@id":"https:\/\/www.friseur-hopmann.de\/#website","url":"https:\/\/www.friseur-hopmann.de\/","name":"Friseur Hopmann Hairstyling","description":"Ihr Friseur in Nordhorn","potentialAction":[{"@type":"SearchAction","target":{"@type":"EntryPoint","urlTemplate":"https:\/\/www.friseur-hopmann.de\/?s={search_term_string}"},"query-input":{"@type":"PropertyValueSpecification","valueRequired":true,"valueName":"search_term_string"}}],"inLanguage":"de"}]}},"brands":[],"_links":{"self":[{"href":"https:\/\/www.friseur-hopmann.de\/index.php?rest_route=\/wp\/v2\/product\/15752","targetHints":{"allow":["GET"]}}],"collection":[{"href":"https:\/\/www.friseur-hopmann.de\/index.php?rest_route=\/wp\/v2\/product"}],"about":[{"href":"https:\/\/www.friseur-hopmann.de\/index.php?rest_route=\/wp\/v2\/types\/product"}],"replies":[{"embeddable":true,"href":"https:\/\/www.friseur-hopmann.de\/index.php?rest_route=%2Fwp%2Fv2%2Fcomments&post=15752"}],"wp:featuredmedia":[{"embeddable":true,"href":"https:\/\/www.friseur-hopmann.de\/index.php?rest_route=\/wp\/v2\/media\/15753"}],"wp:attachment":[{"href":"https:\/\/www.friseur-hopmann.de\/index.php?rest_route=%2Fwp%2Fv2%2Fmedia&parent=15752"}],"wp:term":[{"taxonomy":"pwb-brand","embeddable":true,"href":"https:\/\/www.friseur-hopmann.de\/index.php?rest_route=%2Fwp%2Fv2%2Fpwb-brand&post=15752"},{"taxonomy":"product_brand","embeddable":true,"href":"https:\/\/www.friseur-hopmann.de\/index.php?rest_route=%2Fwp%2Fv2%2Fproduct_brand&post=15752"},{"taxonomy":"product_cat","embeddable":true,"href":"https:\/\/www.friseur-hopmann.de\/index.php?rest_route=%2Fwp%2Fv2%2Fproduct_cat&post=15752"},{"taxonomy":"product_tag","embeddable":true,"href":"https:\/\/www.friseur-hopmann.de\/index.php?rest_route=%2Fwp%2Fv2%2Fproduct_tag&post=15752"}],"curies":[{"name":"wp","href":"https:\/\/api.w.org\/{rel}","templated":true}]}}