{"id":13762,"date":"2020-09-04T22:28:19","date_gmt":"2020-09-04T20:28:19","guid":{"rendered":"https:\/\/friseur-hopmann.de\/?post_type=product&#038;p=13762"},"modified":"2026-04-18T09:12:20","modified_gmt":"2026-04-18T07:12:20","slug":"kerastase-chronologiste-masque-intense-regenerant-500-ml-bild-zeigt-200-ml","status":"publish","type":"product","link":"https:\/\/www.friseur-hopmann.de\/?product=kerastase-chronologiste-masque-intense-regenerant-500-ml-bild-zeigt-200-ml","title":{"rendered":"K\u00e9rastase Chronologiste Masque Intense R\u00e9g\u00e9n\u00e9rant (Luxus-Pflege-Maske)500 ml (Bild zeigt 200 ml)"},"content":{"rendered":"<h2>K\u00e9rastase Chronologiste Masque Intense R\u00e9g\u00e9n\u00e9rant 500 ml<\/h2>\n<p>Die\u00a0<strong>K\u00e9rastase Chronologiste Masque Intense R\u00e9g\u00e9n\u00e9rant<\/strong> st\u00e4rkt und regeneriert die Haarfaser, f\u00fcr eine intensive Tiefenpflege. Die hochwertige Formulierung ist angereichert mit Hyalurons\u00e4ure, Abyssine und Vitamin E. Die Maske versorgt das Haar langanhaltend mit Feuchtigkeit und sorgt f\u00fcr Geschmeidigkeit, Leichtigkeit und strahlenden Glanz.<\/p>\n<h2>Eigenschaften der\u00a0K\u00e9rastase Chronologiste Masque Intense R\u00e9g\u00e9n\u00e9rant<\/h2>\n<ul>\n<li>St\u00e4rkt und regeneriert die Haarfasern<\/li>\n<li>Versorgt das Haar langanhaltend mit Feuchtigkeit<\/li>\n<li>Verleiht Geschmeidigkeit, Leichtigkeit und Glanz<\/li>\n<\/ul>\n<h3>Anwendung der\u00a0K\u00e9rastase Chronologiste Masque Intense R\u00e9g\u00e9n\u00e9rant<\/h3>\n<p>Auf das gewaschene, handtuchtrockene Haar auftragen. In die\u00a0L\u00e4ngen &amp; Spitzen einmassieren, f\u00fcr 5-10 Minuten einwirken lassen und aussp\u00fclen.<\/p>\n<p><em><strong>Inhalt: 500 ml<\/strong><\/em><\/p>\n<p>&nbsp;<\/p>\n","protected":false},"excerpt":{"rendered":"<p>Die\u00a0<strong>K\u00e9rastase Chronologiste Masque Intense R\u00e9g\u00e9n\u00e9rant<\/strong> st\u00e4rkt und regeneriert die Haarfaser, f\u00fcr eine intensive Tiefenpflege. Die hochwertige Formulierung ist angereichert mit Hyalurons\u00e4ure, Abyssine und Vitamin E. Die Maske versorgt das Haar langanhaltend mit Feuchtigkeit und sorgt f\u00fcr Geschmeidigkeit, Leichtigkeit und strahlenden Glanz.<\/p>\n","protected":false},"featured_media":13763,"comment_status":"closed","ping_status":"closed","template":"","meta":{"_exactmetrics_skip_tracking":false,"_exactmetrics_sitenote_active":false,"_exactmetrics_sitenote_note":"","_exactmetrics_sitenote_category":0,"_monsterinsights_skip_tracking":false,"_monsterinsights_sitenote_active":false,"_monsterinsights_sitenote_note":"","_monsterinsights_sitenote_category":0},"pwb-brand":[],"product_brand":[],"product_cat":[514,491,544],"product_tag":[697,664,669,741],"class_list":{"0":"post-13762","1":"product","2":"type-product","3":"status-publish","4":"has-post-thumbnail","6":"product_cat-chronologiste","7":"product_cat-kerastase","8":"product_cat-kerastase-haarpflege","9":"product_tag-haarkur","10":"product_tag-haarmaske","11":"product_tag-intensiv-haarpflege","12":"product_tag-wellnes","14":"first","15":"instock","16":"taxable","17":"shipping-taxable","18":"purchasable","19":"product-type-simple"},"yoast_head":"<!-- This site is optimized with the Yoast SEO plugin v24.6 - https:\/\/yoast.com\/wordpress\/plugins\/seo\/ -->\n<title>K\u00e9rastase Chronologiste Masque Intense R\u00e9g\u00e9n\u00e9rant (Luxus-Pflege-Maske)500 ml (Bild zeigt 200 ml) - Friseur Hopmann Hairstyling<\/title>\n<meta name=\"robots\" content=\"index, follow, max-snippet:-1, max-image-preview:large, max-video-preview:-1\" \/>\n<link rel=\"canonical\" href=\"https:\/\/www.friseur-hopmann.de\/?product=kerastase-chronologiste-masque-intense-regenerant-500-ml-bild-zeigt-200-ml\" \/>\n<meta property=\"og:locale\" content=\"de_DE\" \/>\n<meta property=\"og:type\" content=\"article\" \/>\n<meta property=\"og:title\" content=\"K\u00e9rastase Chronologiste Masque Intense R\u00e9g\u00e9n\u00e9rant (Luxus-Pflege-Maske)500 ml (Bild zeigt 200 ml) - Friseur Hopmann Hairstyling\" \/>\n<meta property=\"og:description\" content=\"Die\u00a0K\u00e9rastase Chronologiste Masque Intense R\u00e9g\u00e9n\u00e9rant st\u00e4rkt und regeneriert die Haarfaser, f\u00fcr eine intensive Tiefenpflege. Die hochwertige Formulierung ist angereichert mit Hyalurons\u00e4ure, Abyssine und Vitamin E. Die Maske versorgt das Haar langanhaltend mit Feuchtigkeit und sorgt f\u00fcr Geschmeidigkeit, Leichtigkeit und strahlenden Glanz.\" \/>\n<meta property=\"og:url\" content=\"https:\/\/www.friseur-hopmann.de\/?product=kerastase-chronologiste-masque-intense-regenerant-500-ml-bild-zeigt-200-ml\" \/>\n<meta property=\"og:site_name\" content=\"Friseur Hopmann Hairstyling\" \/>\n<meta property=\"article:modified_time\" content=\"2026-04-18T07:12:20+00:00\" \/>\n<meta property=\"og:image\" content=\"http:\/\/www.friseur-hopmann.de\/wp-content\/uploads\/2020\/09\/MasqueCronologisteNeu200ml.jpg\" \/>\n\t<meta property=\"og:image:width\" content=\"500\" \/>\n\t<meta property=\"og:image:height\" content=\"500\" \/>\n\t<meta property=\"og:image:type\" content=\"image\/jpeg\" \/>\n<meta name=\"twitter:card\" content=\"summary_large_image\" \/>\n<meta name=\"twitter:label1\" content=\"Gesch\u00e4tzte Lesezeit\" \/>\n\t<meta name=\"twitter:data1\" content=\"1\u00a0Minute\" \/>\n<script type=\"application\/ld+json\" class=\"yoast-schema-graph\">{\"@context\":\"https:\/\/schema.org\",\"@graph\":[{\"@type\":\"WebPage\",\"@id\":\"https:\/\/www.friseur-hopmann.de\/?product=kerastase-chronologiste-masque-intense-regenerant-500-ml-bild-zeigt-200-ml\",\"url\":\"https:\/\/www.friseur-hopmann.de\/?product=kerastase-chronologiste-masque-intense-regenerant-500-ml-bild-zeigt-200-ml\",\"name\":\"K\u00e9rastase Chronologiste Masque Intense R\u00e9g\u00e9n\u00e9rant (Luxus-Pflege-Maske)500 ml (Bild zeigt 200 ml) - Friseur Hopmann Hairstyling\",\"isPartOf\":{\"@id\":\"https:\/\/www.friseur-hopmann.de\/#website\"},\"primaryImageOfPage\":{\"@id\":\"https:\/\/www.friseur-hopmann.de\/?product=kerastase-chronologiste-masque-intense-regenerant-500-ml-bild-zeigt-200-ml#primaryimage\"},\"image\":{\"@id\":\"https:\/\/www.friseur-hopmann.de\/?product=kerastase-chronologiste-masque-intense-regenerant-500-ml-bild-zeigt-200-ml#primaryimage\"},\"thumbnailUrl\":\"https:\/\/www.friseur-hopmann.de\/wp-content\/uploads\/2020\/09\/MasqueCronologisteNeu200ml.jpg\",\"datePublished\":\"2020-09-04T20:28:19+00:00\",\"dateModified\":\"2026-04-18T07:12:20+00:00\",\"breadcrumb\":{\"@id\":\"https:\/\/www.friseur-hopmann.de\/?product=kerastase-chronologiste-masque-intense-regenerant-500-ml-bild-zeigt-200-ml#breadcrumb\"},\"inLanguage\":\"de\",\"potentialAction\":[{\"@type\":\"ReadAction\",\"target\":[\"https:\/\/www.friseur-hopmann.de\/?product=kerastase-chronologiste-masque-intense-regenerant-500-ml-bild-zeigt-200-ml\"]}]},{\"@type\":\"ImageObject\",\"inLanguage\":\"de\",\"@id\":\"https:\/\/www.friseur-hopmann.de\/?product=kerastase-chronologiste-masque-intense-regenerant-500-ml-bild-zeigt-200-ml#primaryimage\",\"url\":\"https:\/\/www.friseur-hopmann.de\/wp-content\/uploads\/2020\/09\/MasqueCronologisteNeu200ml.jpg\",\"contentUrl\":\"https:\/\/www.friseur-hopmann.de\/wp-content\/uploads\/2020\/09\/MasqueCronologisteNeu200ml.jpg\",\"width\":500,\"height\":500},{\"@type\":\"BreadcrumbList\",\"@id\":\"https:\/\/www.friseur-hopmann.de\/?product=kerastase-chronologiste-masque-intense-regenerant-500-ml-bild-zeigt-200-ml#breadcrumb\",\"itemListElement\":[{\"@type\":\"ListItem\",\"position\":1,\"name\":\"Startseite\",\"item\":\"https:\/\/www.friseur-hopmann.de\/\"},{\"@type\":\"ListItem\",\"position\":2,\"name\":\"Produkte\",\"item\":\"https:\/\/www.friseur-hopmann.de\/?post_type=product\"},{\"@type\":\"ListItem\",\"position\":3,\"name\":\"K\u00e9rastase Chronologiste Masque Intense R\u00e9g\u00e9n\u00e9rant (Luxus-Pflege-Maske)500 ml (Bild zeigt 200 ml)\"}]},{\"@type\":\"WebSite\",\"@id\":\"https:\/\/www.friseur-hopmann.de\/#website\",\"url\":\"https:\/\/www.friseur-hopmann.de\/\",\"name\":\"Friseur Hopmann Hairstyling\",\"description\":\"Ihr Friseur in Nordhorn\",\"potentialAction\":[{\"@type\":\"SearchAction\",\"target\":{\"@type\":\"EntryPoint\",\"urlTemplate\":\"https:\/\/www.friseur-hopmann.de\/?s={search_term_string}\"},\"query-input\":{\"@type\":\"PropertyValueSpecification\",\"valueRequired\":true,\"valueName\":\"search_term_string\"}}],\"inLanguage\":\"de\"}]}<\/script>\n<!-- \/ Yoast SEO plugin. -->","yoast_head_json":{"title":"K\u00e9rastase Chronologiste Masque Intense R\u00e9g\u00e9n\u00e9rant (Luxus-Pflege-Maske)500 ml (Bild zeigt 200 ml) - Friseur Hopmann Hairstyling","robots":{"index":"index","follow":"follow","max-snippet":"max-snippet:-1","max-image-preview":"max-image-preview:large","max-video-preview":"max-video-preview:-1"},"canonical":"https:\/\/www.friseur-hopmann.de\/?product=kerastase-chronologiste-masque-intense-regenerant-500-ml-bild-zeigt-200-ml","og_locale":"de_DE","og_type":"article","og_title":"K\u00e9rastase Chronologiste Masque Intense R\u00e9g\u00e9n\u00e9rant (Luxus-Pflege-Maske)500 ml (Bild zeigt 200 ml) - Friseur Hopmann Hairstyling","og_description":"Die\u00a0K\u00e9rastase Chronologiste Masque Intense R\u00e9g\u00e9n\u00e9rant st\u00e4rkt und regeneriert die Haarfaser, f\u00fcr eine intensive Tiefenpflege. Die hochwertige Formulierung ist angereichert mit Hyalurons\u00e4ure, Abyssine und Vitamin E. Die Maske versorgt das Haar langanhaltend mit Feuchtigkeit und sorgt f\u00fcr Geschmeidigkeit, Leichtigkeit und strahlenden Glanz.","og_url":"https:\/\/www.friseur-hopmann.de\/?product=kerastase-chronologiste-masque-intense-regenerant-500-ml-bild-zeigt-200-ml","og_site_name":"Friseur Hopmann Hairstyling","article_modified_time":"2026-04-18T07:12:20+00:00","og_image":[{"width":500,"height":500,"url":"http:\/\/www.friseur-hopmann.de\/wp-content\/uploads\/2020\/09\/MasqueCronologisteNeu200ml.jpg","type":"image\/jpeg"}],"twitter_card":"summary_large_image","twitter_misc":{"Gesch\u00e4tzte Lesezeit":"1\u00a0Minute"},"schema":{"@context":"https:\/\/schema.org","@graph":[{"@type":"WebPage","@id":"https:\/\/www.friseur-hopmann.de\/?product=kerastase-chronologiste-masque-intense-regenerant-500-ml-bild-zeigt-200-ml","url":"https:\/\/www.friseur-hopmann.de\/?product=kerastase-chronologiste-masque-intense-regenerant-500-ml-bild-zeigt-200-ml","name":"K\u00e9rastase Chronologiste Masque Intense R\u00e9g\u00e9n\u00e9rant (Luxus-Pflege-Maske)500 ml (Bild zeigt 200 ml) - Friseur Hopmann Hairstyling","isPartOf":{"@id":"https:\/\/www.friseur-hopmann.de\/#website"},"primaryImageOfPage":{"@id":"https:\/\/www.friseur-hopmann.de\/?product=kerastase-chronologiste-masque-intense-regenerant-500-ml-bild-zeigt-200-ml#primaryimage"},"image":{"@id":"https:\/\/www.friseur-hopmann.de\/?product=kerastase-chronologiste-masque-intense-regenerant-500-ml-bild-zeigt-200-ml#primaryimage"},"thumbnailUrl":"https:\/\/www.friseur-hopmann.de\/wp-content\/uploads\/2020\/09\/MasqueCronologisteNeu200ml.jpg","datePublished":"2020-09-04T20:28:19+00:00","dateModified":"2026-04-18T07:12:20+00:00","breadcrumb":{"@id":"https:\/\/www.friseur-hopmann.de\/?product=kerastase-chronologiste-masque-intense-regenerant-500-ml-bild-zeigt-200-ml#breadcrumb"},"inLanguage":"de","potentialAction":[{"@type":"ReadAction","target":["https:\/\/www.friseur-hopmann.de\/?product=kerastase-chronologiste-masque-intense-regenerant-500-ml-bild-zeigt-200-ml"]}]},{"@type":"ImageObject","inLanguage":"de","@id":"https:\/\/www.friseur-hopmann.de\/?product=kerastase-chronologiste-masque-intense-regenerant-500-ml-bild-zeigt-200-ml#primaryimage","url":"https:\/\/www.friseur-hopmann.de\/wp-content\/uploads\/2020\/09\/MasqueCronologisteNeu200ml.jpg","contentUrl":"https:\/\/www.friseur-hopmann.de\/wp-content\/uploads\/2020\/09\/MasqueCronologisteNeu200ml.jpg","width":500,"height":500},{"@type":"BreadcrumbList","@id":"https:\/\/www.friseur-hopmann.de\/?product=kerastase-chronologiste-masque-intense-regenerant-500-ml-bild-zeigt-200-ml#breadcrumb","itemListElement":[{"@type":"ListItem","position":1,"name":"Startseite","item":"https:\/\/www.friseur-hopmann.de\/"},{"@type":"ListItem","position":2,"name":"Produkte","item":"https:\/\/www.friseur-hopmann.de\/?post_type=product"},{"@type":"ListItem","position":3,"name":"K\u00e9rastase Chronologiste Masque Intense R\u00e9g\u00e9n\u00e9rant (Luxus-Pflege-Maske)500 ml (Bild zeigt 200 ml)"}]},{"@type":"WebSite","@id":"https:\/\/www.friseur-hopmann.de\/#website","url":"https:\/\/www.friseur-hopmann.de\/","name":"Friseur Hopmann Hairstyling","description":"Ihr Friseur in Nordhorn","potentialAction":[{"@type":"SearchAction","target":{"@type":"EntryPoint","urlTemplate":"https:\/\/www.friseur-hopmann.de\/?s={search_term_string}"},"query-input":{"@type":"PropertyValueSpecification","valueRequired":true,"valueName":"search_term_string"}}],"inLanguage":"de"}]}},"brands":[],"_links":{"self":[{"href":"https:\/\/www.friseur-hopmann.de\/index.php?rest_route=\/wp\/v2\/product\/13762","targetHints":{"allow":["GET"]}}],"collection":[{"href":"https:\/\/www.friseur-hopmann.de\/index.php?rest_route=\/wp\/v2\/product"}],"about":[{"href":"https:\/\/www.friseur-hopmann.de\/index.php?rest_route=\/wp\/v2\/types\/product"}],"replies":[{"embeddable":true,"href":"https:\/\/www.friseur-hopmann.de\/index.php?rest_route=%2Fwp%2Fv2%2Fcomments&post=13762"}],"wp:featuredmedia":[{"embeddable":true,"href":"https:\/\/www.friseur-hopmann.de\/index.php?rest_route=\/wp\/v2\/media\/13763"}],"wp:attachment":[{"href":"https:\/\/www.friseur-hopmann.de\/index.php?rest_route=%2Fwp%2Fv2%2Fmedia&parent=13762"}],"wp:term":[{"taxonomy":"pwb-brand","embeddable":true,"href":"https:\/\/www.friseur-hopmann.de\/index.php?rest_route=%2Fwp%2Fv2%2Fpwb-brand&post=13762"},{"taxonomy":"product_brand","embeddable":true,"href":"https:\/\/www.friseur-hopmann.de\/index.php?rest_route=%2Fwp%2Fv2%2Fproduct_brand&post=13762"},{"taxonomy":"product_cat","embeddable":true,"href":"https:\/\/www.friseur-hopmann.de\/index.php?rest_route=%2Fwp%2Fv2%2Fproduct_cat&post=13762"},{"taxonomy":"product_tag","embeddable":true,"href":"https:\/\/www.friseur-hopmann.de\/index.php?rest_route=%2Fwp%2Fv2%2Fproduct_tag&post=13762"}],"curies":[{"name":"wp","href":"https:\/\/api.w.org\/{rel}","templated":true}]}}