{"id":13138,"date":"2020-01-29T13:23:03","date_gmt":"2020-01-29T11:23:03","guid":{"rendered":"https:\/\/friseur-hopmann.de\/?post_type=product&#038;p=13138"},"modified":"2026-03-07T14:16:14","modified_gmt":"2026-03-07T12:16:14","slug":"kerastase-genesis-fondant-renforcateur-conditioner-1000ml","status":"publish","type":"product","link":"https:\/\/www.friseur-hopmann.de\/?product=kerastase-genesis-fondant-renforcateur-conditioner-1000ml","title":{"rendered":"K\u00e9rastase Genesis Fondant Renfor\u00e7ateur (Conditioner) 1000ml"},"content":{"rendered":"<h2>Anti-Haarverlust<\/h2>\n<p><strong>Produktbeschreibung:<\/strong><\/p>\n<div class=\"product-name\">Fondant Renfor\u00e7ateur<\/div>\n<div class=\"collection-name\">Genesis<\/div>\n<p class=\"product-description-text\">Der Fondant Renfor\u00e7ateur ist ein rekonstruierender Anti-Haarverlust Fondant f\u00fcr Haar, das zu Haarverlust durch Haarbruch neigt. Durch die st\u00e4rkende Pflege wird die Haarfaser widerstandsf\u00e4higer gegen Haarverlust durch Haarbruch. Die schwerelose Pflege des Fondants kr\u00e4ftigt und st\u00e4rkt die Haarfaser sofort. Er verleiht mehr Widerstandsf\u00e4higkeit, um das Risiko von Haarverlust durch Haarbruch zu reduzieren. Zudem verleiht er der Haarfaser mehr Vitalit\u00e4t, Geschmeidigkeit und verbessert K\u00e4mmbarkeit &amp; Glanz.<\/p>\n<div class=\"column col-sm-6\">\n<ul>\n<li>Versorgt das Haar langanhaltend mit Feuchtigkeit und intensivem Glanz<\/li>\n<li>8x mehr Glanz (bei Anwendung in Kombination mit Cicaflash)<\/li>\n<li>Entfernt Verschmutzungen und freie Radikale<\/li>\n<li>11x st\u00e4rkeres Haar (bei Anwendung in Kombination mit Cicaflash)<\/li>\n<li>24h Feuchtigkeit (bei Anwendung in Kombination mit Cicaflash oder Masque Ultra-Violet)<\/li>\n<li>F\u00fcr sofortigen, 24h langanhaltenden Glanz<\/li>\n<\/ul>\n<\/div>\n<p><strong>Inhaltsstoffe:<\/strong><\/p>\n<p>Eine einzigartige Kombination von Hyalurons\u00e4ure und Edelwei\u00df:<br \/>\n<strong>Hyalurons\u00e4ure<\/strong> repariert strukturgesch\u00e4digtes Haar von Innen und sorgt f\u00fcr eine intensive, mit Feuchtigkeit versorgte Haarfaser. Gleichzeitig st\u00e4rkt sie das Haar und sch\u00fctzt es vor weiteren Sch\u00e4den.<br \/>\n<strong>Edelwei\u00df<\/strong>\u00a0ist reich an Antioxidantien, die das Haar zus\u00e4tzlich vor t\u00e4glichen Sch\u00e4den sch\u00fctzen. Sensibilisierte Haarfasern werden beruhigt und gegl\u00e4ttet. F\u00fcr ein geschmeidiges Haargef\u00fchl.<\/p>\n<p><strong>Anwendung:<\/strong><\/p>\n<p>Auf die handtuchtrockenen L\u00e4ngen und Spitzen auftragen. Einarbeiten und die einzelnen Str\u00e4hnen dabei twisten.<\/p>\n<p>2-3 Minuten einwirken lassen. Emulgieren und gr\u00fcndlich aussp\u00fclen.<\/p>\n<p><strong>Inhalt: 1000<\/strong> <strong>ml<\/strong><\/p>\n","protected":false},"excerpt":{"rendered":"<p>Der Fondant Renfor\u00e7ateur ist ein rekonstruierender Anti-Haarverlust Fondant f\u00fcr Haar, das zu Haarverlust durch Haarbruch neigt. Durch die st\u00e4rkende Pflege wird die Haarfaser widerstandsf\u00e4higer gegen Haarverlust durch Haarbruch. Die schwerelose Pflege des Fondants kr\u00e4ftigt und st\u00e4rkt die Haarfaser sofort.<\/p>\n<p><em><strong>Hinweis: Bild zeigt Produkt mit Inhalt 200 ml<\/strong><\/em><\/p>\n","protected":false},"featured_media":13115,"comment_status":"closed","ping_status":"closed","template":"","meta":{"_exactmetrics_skip_tracking":false,"_exactmetrics_sitenote_active":false,"_exactmetrics_sitenote_note":"","_exactmetrics_sitenote_category":0,"_monsterinsights_skip_tracking":false,"_monsterinsights_sitenote_active":false,"_monsterinsights_sitenote_note":"","_monsterinsights_sitenote_category":0},"pwb-brand":[],"product_brand":[],"product_cat":[491,542,544,941,693],"product_tag":[695,696],"class_list":{"0":"post-13138","1":"product","2":"type-product","3":"status-publish","4":"has-post-thumbnail","6":"product_cat-kerastase","7":"product_cat-kerastase-conditioner","8":"product_cat-kerastase-haarpflege","9":"product_cat-1000ml","10":"product_cat-genesis","11":"product_tag-conditioner","12":"product_tag-schnellpflege","14":"first","15":"outofstock","16":"sold-individually","17":"taxable","18":"shipping-taxable","19":"purchasable","20":"product-type-simple"},"yoast_head":"<!-- This site is optimized with the Yoast SEO plugin v24.6 - https:\/\/yoast.com\/wordpress\/plugins\/seo\/ -->\n<title>K\u00e9rastase Genesis Fondant Renfor\u00e7ateur (Conditioner) 1000ml - Friseur Hopmann Hairstyling<\/title>\n<meta name=\"robots\" content=\"index, follow, max-snippet:-1, max-image-preview:large, max-video-preview:-1\" \/>\n<link rel=\"canonical\" href=\"https:\/\/www.friseur-hopmann.de\/?product=kerastase-genesis-fondant-renforcateur-conditioner-1000ml\" \/>\n<meta property=\"og:locale\" content=\"de_DE\" \/>\n<meta property=\"og:type\" content=\"article\" \/>\n<meta property=\"og:title\" content=\"K\u00e9rastase Genesis Fondant Renfor\u00e7ateur (Conditioner) 1000ml - Friseur Hopmann Hairstyling\" \/>\n<meta property=\"og:description\" content=\"Der Fondant Renfor\u00e7ateur ist ein rekonstruierender Anti-Haarverlust Fondant f\u00fcr Haar, das zu Haarverlust durch Haarbruch neigt. Durch die st\u00e4rkende Pflege wird die Haarfaser widerstandsf\u00e4higer gegen Haarverlust durch Haarbruch. Die schwerelose Pflege des Fondants kr\u00e4ftigt und st\u00e4rkt die Haarfaser sofort.  Hinweis: Bild zeigt Produkt mit Inhalt 200 ml\" \/>\n<meta property=\"og:url\" content=\"https:\/\/www.friseur-hopmann.de\/?product=kerastase-genesis-fondant-renforcateur-conditioner-1000ml\" \/>\n<meta property=\"og:site_name\" content=\"Friseur Hopmann Hairstyling\" \/>\n<meta property=\"article:modified_time\" content=\"2026-03-07T12:16:14+00:00\" \/>\n<meta property=\"og:image\" content=\"http:\/\/www.friseur-hopmann.de\/wp-content\/uploads\/2020\/01\/Genesi-Fondant-200ml.jpg\" \/>\n\t<meta property=\"og:image:width\" content=\"500\" \/>\n\t<meta property=\"og:image:height\" content=\"500\" \/>\n\t<meta property=\"og:image:type\" content=\"image\/jpeg\" \/>\n<meta name=\"twitter:card\" content=\"summary_large_image\" \/>\n<meta name=\"twitter:label1\" content=\"Gesch\u00e4tzte Lesezeit\" \/>\n\t<meta name=\"twitter:data1\" content=\"2\u00a0Minuten\" \/>\n<script type=\"application\/ld+json\" class=\"yoast-schema-graph\">{\"@context\":\"https:\/\/schema.org\",\"@graph\":[{\"@type\":\"WebPage\",\"@id\":\"https:\/\/www.friseur-hopmann.de\/?product=kerastase-genesis-fondant-renforcateur-conditioner-1000ml\",\"url\":\"https:\/\/www.friseur-hopmann.de\/?product=kerastase-genesis-fondant-renforcateur-conditioner-1000ml\",\"name\":\"K\u00e9rastase Genesis Fondant Renfor\u00e7ateur (Conditioner) 1000ml - Friseur Hopmann Hairstyling\",\"isPartOf\":{\"@id\":\"https:\/\/www.friseur-hopmann.de\/#website\"},\"primaryImageOfPage\":{\"@id\":\"https:\/\/www.friseur-hopmann.de\/?product=kerastase-genesis-fondant-renforcateur-conditioner-1000ml#primaryimage\"},\"image\":{\"@id\":\"https:\/\/www.friseur-hopmann.de\/?product=kerastase-genesis-fondant-renforcateur-conditioner-1000ml#primaryimage\"},\"thumbnailUrl\":\"https:\/\/www.friseur-hopmann.de\/wp-content\/uploads\/2020\/01\/Genesi-Fondant-200ml.jpg\",\"datePublished\":\"2020-01-29T11:23:03+00:00\",\"dateModified\":\"2026-03-07T12:16:14+00:00\",\"breadcrumb\":{\"@id\":\"https:\/\/www.friseur-hopmann.de\/?product=kerastase-genesis-fondant-renforcateur-conditioner-1000ml#breadcrumb\"},\"inLanguage\":\"de\",\"potentialAction\":[{\"@type\":\"ReadAction\",\"target\":[\"https:\/\/www.friseur-hopmann.de\/?product=kerastase-genesis-fondant-renforcateur-conditioner-1000ml\"]}]},{\"@type\":\"ImageObject\",\"inLanguage\":\"de\",\"@id\":\"https:\/\/www.friseur-hopmann.de\/?product=kerastase-genesis-fondant-renforcateur-conditioner-1000ml#primaryimage\",\"url\":\"https:\/\/www.friseur-hopmann.de\/wp-content\/uploads\/2020\/01\/Genesi-Fondant-200ml.jpg\",\"contentUrl\":\"https:\/\/www.friseur-hopmann.de\/wp-content\/uploads\/2020\/01\/Genesi-Fondant-200ml.jpg\",\"width\":500,\"height\":500},{\"@type\":\"BreadcrumbList\",\"@id\":\"https:\/\/www.friseur-hopmann.de\/?product=kerastase-genesis-fondant-renforcateur-conditioner-1000ml#breadcrumb\",\"itemListElement\":[{\"@type\":\"ListItem\",\"position\":1,\"name\":\"Startseite\",\"item\":\"https:\/\/www.friseur-hopmann.de\/\"},{\"@type\":\"ListItem\",\"position\":2,\"name\":\"Produkte\",\"item\":\"https:\/\/www.friseur-hopmann.de\/?post_type=product\"},{\"@type\":\"ListItem\",\"position\":3,\"name\":\"K\u00e9rastase Genesis Fondant Renfor\u00e7ateur (Conditioner) 1000ml\"}]},{\"@type\":\"WebSite\",\"@id\":\"https:\/\/www.friseur-hopmann.de\/#website\",\"url\":\"https:\/\/www.friseur-hopmann.de\/\",\"name\":\"Friseur Hopmann Hairstyling\",\"description\":\"Ihr Friseur in Nordhorn\",\"potentialAction\":[{\"@type\":\"SearchAction\",\"target\":{\"@type\":\"EntryPoint\",\"urlTemplate\":\"https:\/\/www.friseur-hopmann.de\/?s={search_term_string}\"},\"query-input\":{\"@type\":\"PropertyValueSpecification\",\"valueRequired\":true,\"valueName\":\"search_term_string\"}}],\"inLanguage\":\"de\"}]}<\/script>\n<!-- \/ Yoast SEO plugin. -->","yoast_head_json":{"title":"K\u00e9rastase Genesis Fondant Renfor\u00e7ateur (Conditioner) 1000ml - Friseur Hopmann Hairstyling","robots":{"index":"index","follow":"follow","max-snippet":"max-snippet:-1","max-image-preview":"max-image-preview:large","max-video-preview":"max-video-preview:-1"},"canonical":"https:\/\/www.friseur-hopmann.de\/?product=kerastase-genesis-fondant-renforcateur-conditioner-1000ml","og_locale":"de_DE","og_type":"article","og_title":"K\u00e9rastase Genesis Fondant Renfor\u00e7ateur (Conditioner) 1000ml - Friseur Hopmann Hairstyling","og_description":"Der Fondant Renfor\u00e7ateur ist ein rekonstruierender Anti-Haarverlust Fondant f\u00fcr Haar, das zu Haarverlust durch Haarbruch neigt. Durch die st\u00e4rkende Pflege wird die Haarfaser widerstandsf\u00e4higer gegen Haarverlust durch Haarbruch. Die schwerelose Pflege des Fondants kr\u00e4ftigt und st\u00e4rkt die Haarfaser sofort.  Hinweis: Bild zeigt Produkt mit Inhalt 200 ml","og_url":"https:\/\/www.friseur-hopmann.de\/?product=kerastase-genesis-fondant-renforcateur-conditioner-1000ml","og_site_name":"Friseur Hopmann Hairstyling","article_modified_time":"2026-03-07T12:16:14+00:00","og_image":[{"width":500,"height":500,"url":"http:\/\/www.friseur-hopmann.de\/wp-content\/uploads\/2020\/01\/Genesi-Fondant-200ml.jpg","type":"image\/jpeg"}],"twitter_card":"summary_large_image","twitter_misc":{"Gesch\u00e4tzte Lesezeit":"2\u00a0Minuten"},"schema":{"@context":"https:\/\/schema.org","@graph":[{"@type":"WebPage","@id":"https:\/\/www.friseur-hopmann.de\/?product=kerastase-genesis-fondant-renforcateur-conditioner-1000ml","url":"https:\/\/www.friseur-hopmann.de\/?product=kerastase-genesis-fondant-renforcateur-conditioner-1000ml","name":"K\u00e9rastase Genesis Fondant Renfor\u00e7ateur (Conditioner) 1000ml - Friseur Hopmann Hairstyling","isPartOf":{"@id":"https:\/\/www.friseur-hopmann.de\/#website"},"primaryImageOfPage":{"@id":"https:\/\/www.friseur-hopmann.de\/?product=kerastase-genesis-fondant-renforcateur-conditioner-1000ml#primaryimage"},"image":{"@id":"https:\/\/www.friseur-hopmann.de\/?product=kerastase-genesis-fondant-renforcateur-conditioner-1000ml#primaryimage"},"thumbnailUrl":"https:\/\/www.friseur-hopmann.de\/wp-content\/uploads\/2020\/01\/Genesi-Fondant-200ml.jpg","datePublished":"2020-01-29T11:23:03+00:00","dateModified":"2026-03-07T12:16:14+00:00","breadcrumb":{"@id":"https:\/\/www.friseur-hopmann.de\/?product=kerastase-genesis-fondant-renforcateur-conditioner-1000ml#breadcrumb"},"inLanguage":"de","potentialAction":[{"@type":"ReadAction","target":["https:\/\/www.friseur-hopmann.de\/?product=kerastase-genesis-fondant-renforcateur-conditioner-1000ml"]}]},{"@type":"ImageObject","inLanguage":"de","@id":"https:\/\/www.friseur-hopmann.de\/?product=kerastase-genesis-fondant-renforcateur-conditioner-1000ml#primaryimage","url":"https:\/\/www.friseur-hopmann.de\/wp-content\/uploads\/2020\/01\/Genesi-Fondant-200ml.jpg","contentUrl":"https:\/\/www.friseur-hopmann.de\/wp-content\/uploads\/2020\/01\/Genesi-Fondant-200ml.jpg","width":500,"height":500},{"@type":"BreadcrumbList","@id":"https:\/\/www.friseur-hopmann.de\/?product=kerastase-genesis-fondant-renforcateur-conditioner-1000ml#breadcrumb","itemListElement":[{"@type":"ListItem","position":1,"name":"Startseite","item":"https:\/\/www.friseur-hopmann.de\/"},{"@type":"ListItem","position":2,"name":"Produkte","item":"https:\/\/www.friseur-hopmann.de\/?post_type=product"},{"@type":"ListItem","position":3,"name":"K\u00e9rastase Genesis Fondant Renfor\u00e7ateur (Conditioner) 1000ml"}]},{"@type":"WebSite","@id":"https:\/\/www.friseur-hopmann.de\/#website","url":"https:\/\/www.friseur-hopmann.de\/","name":"Friseur Hopmann Hairstyling","description":"Ihr Friseur in Nordhorn","potentialAction":[{"@type":"SearchAction","target":{"@type":"EntryPoint","urlTemplate":"https:\/\/www.friseur-hopmann.de\/?s={search_term_string}"},"query-input":{"@type":"PropertyValueSpecification","valueRequired":true,"valueName":"search_term_string"}}],"inLanguage":"de"}]}},"brands":[],"_links":{"self":[{"href":"https:\/\/www.friseur-hopmann.de\/index.php?rest_route=\/wp\/v2\/product\/13138","targetHints":{"allow":["GET"]}}],"collection":[{"href":"https:\/\/www.friseur-hopmann.de\/index.php?rest_route=\/wp\/v2\/product"}],"about":[{"href":"https:\/\/www.friseur-hopmann.de\/index.php?rest_route=\/wp\/v2\/types\/product"}],"replies":[{"embeddable":true,"href":"https:\/\/www.friseur-hopmann.de\/index.php?rest_route=%2Fwp%2Fv2%2Fcomments&post=13138"}],"wp:featuredmedia":[{"embeddable":true,"href":"https:\/\/www.friseur-hopmann.de\/index.php?rest_route=\/wp\/v2\/media\/13115"}],"wp:attachment":[{"href":"https:\/\/www.friseur-hopmann.de\/index.php?rest_route=%2Fwp%2Fv2%2Fmedia&parent=13138"}],"wp:term":[{"taxonomy":"pwb-brand","embeddable":true,"href":"https:\/\/www.friseur-hopmann.de\/index.php?rest_route=%2Fwp%2Fv2%2Fpwb-brand&post=13138"},{"taxonomy":"product_brand","embeddable":true,"href":"https:\/\/www.friseur-hopmann.de\/index.php?rest_route=%2Fwp%2Fv2%2Fproduct_brand&post=13138"},{"taxonomy":"product_cat","embeddable":true,"href":"https:\/\/www.friseur-hopmann.de\/index.php?rest_route=%2Fwp%2Fv2%2Fproduct_cat&post=13138"},{"taxonomy":"product_tag","embeddable":true,"href":"https:\/\/www.friseur-hopmann.de\/index.php?rest_route=%2Fwp%2Fv2%2Fproduct_tag&post=13138"}],"curies":[{"name":"wp","href":"https:\/\/api.w.org\/{rel}","templated":true}]}}