{"id":13120,"date":"2020-01-27T21:59:43","date_gmt":"2020-01-27T19:59:43","guid":{"rendered":"https:\/\/friseur-hopmann.de\/?post_type=product&#038;p=13120"},"modified":"2026-02-06T22:44:40","modified_gmt":"2026-02-06T20:44:40","slug":"kerastase-genesis-defense-thermique-150-ml","status":"publish","type":"product","link":"https:\/\/www.friseur-hopmann.de\/?product=kerastase-genesis-defense-thermique-150-ml","title":{"rendered":"K\u00e9rastase Genesis D\u00e9fense Thermique 150 ml"},"content":{"rendered":"<h2>Anti-Haarverlust<\/h2>\n<p><strong>Produktbeschreibung:<\/strong><\/p>\n<div class=\"product-name\">D\u00e9fense Thermique<\/div>\n<div class=\"collection-name\">Genesis<\/div>\n<p class=\"product-description-text\">Das D\u00e9fense Thermique ist ein kr\u00e4ftigendes Anti-Haarverlust Leave-In mit Hitzeschutz f\u00fcr das Haar, welches zu Haarverlust durch Haarbruch neigt. Es kr\u00e4ftigt das Haar und versorgt es intensiv mit Feuchtigkeit, ohne zu Beschweren. Es sch\u00fctzt das Haar vor Hitze, vereinfacht das Hitzestyling und bietet einen Hitzeschutz bis zu 220\u00b0. Das Haar wird vor externen Einfl\u00fcssen gesch\u00fctzt und das Risiko von Haarbruch wird reduziert. Die Haarfaser l\u00e4sst sich einfacher k\u00e4mmen und wird mit Feuchtigkeit versorgt, ohne zu kr\u00e4useln und schwer zu sein. Das Leave-In hilft, Spliss zu vermeiden und verleiht dem Haar Geschmeidigkeit und Glanz.<\/p>\n<p><strong>Inhaltsstoffe:<\/strong><\/p>\n<div class=\"column col-sm-6\">\n<p>Eine einzigartige Kombination aus Ingwerwurzel und Edelweiss:<\/p>\n<p><strong>Ingwerwurzel<\/strong> sch\u00fctzt das Haar vor t\u00e4glichen, \u00e4u\u00dferen Einfl\u00fcssen.<br \/>\n<strong>Edelweiss<\/strong> verleiht dem Haar Widerstandskraft, selbst unter extremsten Bedingungen.<\/p>\n<p><strong>Anwendung:<\/strong><\/p>\n<p>Verwenden Sie dieses kr\u00e4ftigende Leave-In mit Hitzeschutz, bevor Sie Stylingprodukte benutzen, um Ihr Haar vor Hitze bis zu 220\u00b0C zu sch\u00fctzen. Sie k\u00f6nnen es auch auf trockenem Haar anwenden, um Frizz zu vermeiden und das Haar geschmeidiger zu machen.<\/p>\n<p>Auf das gewaschene und handtuchtrockene Haar auftragen, auf die L\u00e4ngen und Spitzen aufspr\u00fchen. Nicht aussp\u00fclen und wie gewohnt stylen.<\/p>\n<p><strong>Inhalt:<\/strong> 150 ml<\/p>\n<\/div>\n","protected":false},"excerpt":{"rendered":"<p>Das D\u00e9fense Thermique ist ein kr\u00e4ftigendes Anti-Haarverlust Leave-In mit Hitzeschutz f\u00fcr das Haar, welches zu Haarverlust durch Haarbruch neigt<\/p>\n","protected":false},"featured_media":13121,"comment_status":"closed","ping_status":"closed","template":"","meta":{"_exactmetrics_skip_tracking":false,"_exactmetrics_sitenote_active":false,"_exactmetrics_sitenote_note":"","_exactmetrics_sitenote_category":0,"_monsterinsights_skip_tracking":false,"_monsterinsights_sitenote_active":false,"_monsterinsights_sitenote_note":"","_monsterinsights_sitenote_category":0},"pwb-brand":[],"product_brand":[],"product_cat":[491,550,544,547,693],"product_tag":[754,699,696],"class_list":{"0":"post-13120","1":"product","2":"type-product","3":"status-publish","4":"has-post-thumbnail","6":"product_cat-kerastase","7":"product_cat-kerastase-haarausfall","8":"product_cat-kerastase-haarpflege","9":"product_cat-kerastase-pflegelotion","10":"product_cat-genesis","11":"product_tag-anti-haarausfall","12":"product_tag-hitzeschutz","13":"product_tag-schnellpflege","15":"first","16":"instock","17":"taxable","18":"shipping-taxable","19":"purchasable","20":"product-type-simple"},"yoast_head":"<!-- This site is optimized with the Yoast SEO plugin v24.6 - https:\/\/yoast.com\/wordpress\/plugins\/seo\/ -->\n<title>K\u00e9rastase Genesis D\u00e9fense Thermique 150 ml - Friseur Hopmann Hairstyling<\/title>\n<meta name=\"robots\" content=\"index, follow, max-snippet:-1, max-image-preview:large, max-video-preview:-1\" \/>\n<link rel=\"canonical\" href=\"https:\/\/www.friseur-hopmann.de\/?product=kerastase-genesis-defense-thermique-150-ml\" \/>\n<meta property=\"og:locale\" content=\"de_DE\" \/>\n<meta property=\"og:type\" content=\"article\" \/>\n<meta property=\"og:title\" content=\"K\u00e9rastase Genesis D\u00e9fense Thermique 150 ml - Friseur Hopmann Hairstyling\" \/>\n<meta property=\"og:description\" content=\"Das D\u00e9fense Thermique ist ein kr\u00e4ftigendes Anti-Haarverlust Leave-In mit Hitzeschutz f\u00fcr das Haar, welches zu Haarverlust durch Haarbruch neigt\" \/>\n<meta property=\"og:url\" content=\"https:\/\/www.friseur-hopmann.de\/?product=kerastase-genesis-defense-thermique-150-ml\" \/>\n<meta property=\"og:site_name\" content=\"Friseur Hopmann Hairstyling\" \/>\n<meta property=\"article:modified_time\" content=\"2026-02-06T20:44:40+00:00\" \/>\n<meta property=\"og:image\" content=\"http:\/\/www.friseur-hopmann.de\/wp-content\/uploads\/2020\/01\/Genesis-Thermic-150ml.jpg\" \/>\n\t<meta property=\"og:image:width\" content=\"500\" \/>\n\t<meta property=\"og:image:height\" content=\"500\" \/>\n\t<meta property=\"og:image:type\" content=\"image\/jpeg\" \/>\n<meta name=\"twitter:card\" content=\"summary_large_image\" \/>\n<meta name=\"twitter:label1\" content=\"Gesch\u00e4tzte Lesezeit\" \/>\n\t<meta name=\"twitter:data1\" content=\"1\u00a0Minute\" \/>\n<script type=\"application\/ld+json\" class=\"yoast-schema-graph\">{\"@context\":\"https:\/\/schema.org\",\"@graph\":[{\"@type\":\"WebPage\",\"@id\":\"https:\/\/www.friseur-hopmann.de\/?product=kerastase-genesis-defense-thermique-150-ml\",\"url\":\"https:\/\/www.friseur-hopmann.de\/?product=kerastase-genesis-defense-thermique-150-ml\",\"name\":\"K\u00e9rastase Genesis D\u00e9fense Thermique 150 ml - Friseur Hopmann Hairstyling\",\"isPartOf\":{\"@id\":\"https:\/\/www.friseur-hopmann.de\/#website\"},\"primaryImageOfPage\":{\"@id\":\"https:\/\/www.friseur-hopmann.de\/?product=kerastase-genesis-defense-thermique-150-ml#primaryimage\"},\"image\":{\"@id\":\"https:\/\/www.friseur-hopmann.de\/?product=kerastase-genesis-defense-thermique-150-ml#primaryimage\"},\"thumbnailUrl\":\"https:\/\/www.friseur-hopmann.de\/wp-content\/uploads\/2020\/01\/Genesis-Thermic-150ml.jpg\",\"datePublished\":\"2020-01-27T19:59:43+00:00\",\"dateModified\":\"2026-02-06T20:44:40+00:00\",\"breadcrumb\":{\"@id\":\"https:\/\/www.friseur-hopmann.de\/?product=kerastase-genesis-defense-thermique-150-ml#breadcrumb\"},\"inLanguage\":\"de\",\"potentialAction\":[{\"@type\":\"ReadAction\",\"target\":[\"https:\/\/www.friseur-hopmann.de\/?product=kerastase-genesis-defense-thermique-150-ml\"]}]},{\"@type\":\"ImageObject\",\"inLanguage\":\"de\",\"@id\":\"https:\/\/www.friseur-hopmann.de\/?product=kerastase-genesis-defense-thermique-150-ml#primaryimage\",\"url\":\"https:\/\/www.friseur-hopmann.de\/wp-content\/uploads\/2020\/01\/Genesis-Thermic-150ml.jpg\",\"contentUrl\":\"https:\/\/www.friseur-hopmann.de\/wp-content\/uploads\/2020\/01\/Genesis-Thermic-150ml.jpg\",\"width\":500,\"height\":500},{\"@type\":\"BreadcrumbList\",\"@id\":\"https:\/\/www.friseur-hopmann.de\/?product=kerastase-genesis-defense-thermique-150-ml#breadcrumb\",\"itemListElement\":[{\"@type\":\"ListItem\",\"position\":1,\"name\":\"Startseite\",\"item\":\"https:\/\/www.friseur-hopmann.de\/\"},{\"@type\":\"ListItem\",\"position\":2,\"name\":\"Produkte\",\"item\":\"https:\/\/www.friseur-hopmann.de\/?post_type=product\"},{\"@type\":\"ListItem\",\"position\":3,\"name\":\"K\u00e9rastase Genesis D\u00e9fense Thermique 150 ml\"}]},{\"@type\":\"WebSite\",\"@id\":\"https:\/\/www.friseur-hopmann.de\/#website\",\"url\":\"https:\/\/www.friseur-hopmann.de\/\",\"name\":\"Friseur Hopmann Hairstyling\",\"description\":\"Ihr Friseur in Nordhorn\",\"potentialAction\":[{\"@type\":\"SearchAction\",\"target\":{\"@type\":\"EntryPoint\",\"urlTemplate\":\"https:\/\/www.friseur-hopmann.de\/?s={search_term_string}\"},\"query-input\":{\"@type\":\"PropertyValueSpecification\",\"valueRequired\":true,\"valueName\":\"search_term_string\"}}],\"inLanguage\":\"de\"}]}<\/script>\n<!-- \/ Yoast SEO plugin. -->","yoast_head_json":{"title":"K\u00e9rastase Genesis D\u00e9fense Thermique 150 ml - Friseur Hopmann Hairstyling","robots":{"index":"index","follow":"follow","max-snippet":"max-snippet:-1","max-image-preview":"max-image-preview:large","max-video-preview":"max-video-preview:-1"},"canonical":"https:\/\/www.friseur-hopmann.de\/?product=kerastase-genesis-defense-thermique-150-ml","og_locale":"de_DE","og_type":"article","og_title":"K\u00e9rastase Genesis D\u00e9fense Thermique 150 ml - Friseur Hopmann Hairstyling","og_description":"Das D\u00e9fense Thermique ist ein kr\u00e4ftigendes Anti-Haarverlust Leave-In mit Hitzeschutz f\u00fcr das Haar, welches zu Haarverlust durch Haarbruch neigt","og_url":"https:\/\/www.friseur-hopmann.de\/?product=kerastase-genesis-defense-thermique-150-ml","og_site_name":"Friseur Hopmann Hairstyling","article_modified_time":"2026-02-06T20:44:40+00:00","og_image":[{"width":500,"height":500,"url":"http:\/\/www.friseur-hopmann.de\/wp-content\/uploads\/2020\/01\/Genesis-Thermic-150ml.jpg","type":"image\/jpeg"}],"twitter_card":"summary_large_image","twitter_misc":{"Gesch\u00e4tzte Lesezeit":"1\u00a0Minute"},"schema":{"@context":"https:\/\/schema.org","@graph":[{"@type":"WebPage","@id":"https:\/\/www.friseur-hopmann.de\/?product=kerastase-genesis-defense-thermique-150-ml","url":"https:\/\/www.friseur-hopmann.de\/?product=kerastase-genesis-defense-thermique-150-ml","name":"K\u00e9rastase Genesis D\u00e9fense Thermique 150 ml - Friseur Hopmann Hairstyling","isPartOf":{"@id":"https:\/\/www.friseur-hopmann.de\/#website"},"primaryImageOfPage":{"@id":"https:\/\/www.friseur-hopmann.de\/?product=kerastase-genesis-defense-thermique-150-ml#primaryimage"},"image":{"@id":"https:\/\/www.friseur-hopmann.de\/?product=kerastase-genesis-defense-thermique-150-ml#primaryimage"},"thumbnailUrl":"https:\/\/www.friseur-hopmann.de\/wp-content\/uploads\/2020\/01\/Genesis-Thermic-150ml.jpg","datePublished":"2020-01-27T19:59:43+00:00","dateModified":"2026-02-06T20:44:40+00:00","breadcrumb":{"@id":"https:\/\/www.friseur-hopmann.de\/?product=kerastase-genesis-defense-thermique-150-ml#breadcrumb"},"inLanguage":"de","potentialAction":[{"@type":"ReadAction","target":["https:\/\/www.friseur-hopmann.de\/?product=kerastase-genesis-defense-thermique-150-ml"]}]},{"@type":"ImageObject","inLanguage":"de","@id":"https:\/\/www.friseur-hopmann.de\/?product=kerastase-genesis-defense-thermique-150-ml#primaryimage","url":"https:\/\/www.friseur-hopmann.de\/wp-content\/uploads\/2020\/01\/Genesis-Thermic-150ml.jpg","contentUrl":"https:\/\/www.friseur-hopmann.de\/wp-content\/uploads\/2020\/01\/Genesis-Thermic-150ml.jpg","width":500,"height":500},{"@type":"BreadcrumbList","@id":"https:\/\/www.friseur-hopmann.de\/?product=kerastase-genesis-defense-thermique-150-ml#breadcrumb","itemListElement":[{"@type":"ListItem","position":1,"name":"Startseite","item":"https:\/\/www.friseur-hopmann.de\/"},{"@type":"ListItem","position":2,"name":"Produkte","item":"https:\/\/www.friseur-hopmann.de\/?post_type=product"},{"@type":"ListItem","position":3,"name":"K\u00e9rastase Genesis D\u00e9fense Thermique 150 ml"}]},{"@type":"WebSite","@id":"https:\/\/www.friseur-hopmann.de\/#website","url":"https:\/\/www.friseur-hopmann.de\/","name":"Friseur Hopmann Hairstyling","description":"Ihr Friseur in Nordhorn","potentialAction":[{"@type":"SearchAction","target":{"@type":"EntryPoint","urlTemplate":"https:\/\/www.friseur-hopmann.de\/?s={search_term_string}"},"query-input":{"@type":"PropertyValueSpecification","valueRequired":true,"valueName":"search_term_string"}}],"inLanguage":"de"}]}},"brands":[],"_links":{"self":[{"href":"https:\/\/www.friseur-hopmann.de\/index.php?rest_route=\/wp\/v2\/product\/13120","targetHints":{"allow":["GET"]}}],"collection":[{"href":"https:\/\/www.friseur-hopmann.de\/index.php?rest_route=\/wp\/v2\/product"}],"about":[{"href":"https:\/\/www.friseur-hopmann.de\/index.php?rest_route=\/wp\/v2\/types\/product"}],"replies":[{"embeddable":true,"href":"https:\/\/www.friseur-hopmann.de\/index.php?rest_route=%2Fwp%2Fv2%2Fcomments&post=13120"}],"wp:featuredmedia":[{"embeddable":true,"href":"https:\/\/www.friseur-hopmann.de\/index.php?rest_route=\/wp\/v2\/media\/13121"}],"wp:attachment":[{"href":"https:\/\/www.friseur-hopmann.de\/index.php?rest_route=%2Fwp%2Fv2%2Fmedia&parent=13120"}],"wp:term":[{"taxonomy":"pwb-brand","embeddable":true,"href":"https:\/\/www.friseur-hopmann.de\/index.php?rest_route=%2Fwp%2Fv2%2Fpwb-brand&post=13120"},{"taxonomy":"product_brand","embeddable":true,"href":"https:\/\/www.friseur-hopmann.de\/index.php?rest_route=%2Fwp%2Fv2%2Fproduct_brand&post=13120"},{"taxonomy":"product_cat","embeddable":true,"href":"https:\/\/www.friseur-hopmann.de\/index.php?rest_route=%2Fwp%2Fv2%2Fproduct_cat&post=13120"},{"taxonomy":"product_tag","embeddable":true,"href":"https:\/\/www.friseur-hopmann.de\/index.php?rest_route=%2Fwp%2Fv2%2Fproduct_tag&post=13120"}],"curies":[{"name":"wp","href":"https:\/\/api.w.org\/{rel}","templated":true}]}}