{"id":12184,"date":"2018-10-20T08:42:45","date_gmt":"2018-10-20T06:42:45","guid":{"rendered":"http:\/\/friseur-hopmann.de\/?post_type=product&#038;p=12184"},"modified":"2025-01-04T21:01:23","modified_gmt":"2025-01-04T19:01:23","slug":"eimi-dry-me-trockenshampoo","status":"publish","type":"product","link":"https:\/\/www.friseur-hopmann.de\/?product=eimi-dry-me-trockenshampoo","title":{"rendered":"EIMI DRY ME (Trockenshampoo)"},"content":{"rendered":"<div id=\"product_description\">\n<div class=\"std col-lg-8 col-lg-offset-2 col-md-10 col-md-offset-1\">\n<h2>Wella EIMI Dry Me Dry Shampoo 180 ml<\/h2>\n<p>Erschaffen Sie einen Look mit Volumen und einer kontrollierbaren matten Textur. Das Trockenshampoo <strong>Wella EIMI Dry Me Dry Shampoo<\/strong> mit Tapiokast\u00e4rke frischt das Haar auf und befreit es von \u00fcbersch\u00fcssigem Fett. Mit Haltegrad 1 von 4.<\/p>\n<h2>Inhaltsstoffe des Wella EIMI Dry Me Dry Shampoo<\/h2>\n<p>Alcohol Denat., Butane, Propane, Isobutane, Tapioca Starch, Aqua, Silica, Polymethylsilsesquioxane, Parfum, Linalool, Hexyl Cinnamal, Geraniol, Limonene, Citronellol, Alpha-Isomethyl Ionone<\/p>\n<h3>Anwendung des Wella EIMI Dry Me Dry Shampoo<\/h3>\n<p>EIMI Dry Me gut sch\u00fctteln, gleichm\u00e4\u00dfig auf dem trockenen Haar verteilen und durchk\u00e4mmen.<\/p>\n<\/div>\n<\/div>\n<div class=\"col-md-12\">\n<div id=\"related-recs\">\n<div class=\"box-collateral box-up-sell emarsys-widget related\">\n<div class=\"title\"><strong>Inhalt: 180 ml<\/strong><\/div>\n<\/div>\n<\/div>\n<\/div>\n<div><\/div>\n<div><\/div>\n","protected":false},"excerpt":{"rendered":"<p>Erschaffen Sie einen Look mit Volumen und einer kontrollierbaren matten Textur.<\/p>\n<p>Das Trockenshampoo <strong>Wella EIMI Dry Me Dry Shampoo<\/strong> mit Tapiokast\u00e4rke frischt das Haar auf und befreit es von \u00fcbersch\u00fcssigem Fett.<\/p>\n","protected":false},"featured_media":12185,"comment_status":"closed","ping_status":"closed","template":"","meta":{"_exactmetrics_skip_tracking":false,"_exactmetrics_sitenote_active":false,"_exactmetrics_sitenote_note":"","_exactmetrics_sitenote_category":0,"_monsterinsights_skip_tracking":false,"_monsterinsights_sitenote_active":false,"_monsterinsights_sitenote_note":"","_monsterinsights_sitenote_category":0},"pwb-brand":[],"product_brand":[],"product_cat":[507,586,652],"product_tag":[666,667],"class_list":{"0":"post-12184","1":"product","2":"type-product","3":"status-publish","4":"has-post-thumbnail","6":"product_cat-wella","7":"product_cat-wella-professionals-eimi","8":"product_cat-eimi-volume","9":"product_tag-trockenshampoo","10":"product_tag-volumenpowder","12":"first","13":"instock","14":"taxable","15":"shipping-taxable","16":"purchasable","17":"product-type-simple"},"yoast_head":"<!-- This site is optimized with the Yoast SEO plugin v24.6 - https:\/\/yoast.com\/wordpress\/plugins\/seo\/ -->\n<title>EIMI DRY ME (Trockenshampoo) - Friseur Hopmann Hairstyling<\/title>\n<meta name=\"robots\" content=\"index, follow, max-snippet:-1, max-image-preview:large, max-video-preview:-1\" \/>\n<link rel=\"canonical\" href=\"https:\/\/www.friseur-hopmann.de\/?product=eimi-dry-me-trockenshampoo\" \/>\n<meta property=\"og:locale\" content=\"de_DE\" \/>\n<meta property=\"og:type\" content=\"article\" \/>\n<meta property=\"og:title\" content=\"EIMI DRY ME (Trockenshampoo) - Friseur Hopmann Hairstyling\" \/>\n<meta property=\"og:description\" content=\"Erschaffen Sie einen Look mit Volumen und einer kontrollierbaren matten Textur.  Das Trockenshampoo Wella EIMI Dry Me Dry Shampoo mit Tapiokast\u00e4rke frischt das Haar auf und befreit es von \u00fcbersch\u00fcssigem Fett.\" \/>\n<meta property=\"og:url\" content=\"https:\/\/www.friseur-hopmann.de\/?product=eimi-dry-me-trockenshampoo\" \/>\n<meta property=\"og:site_name\" content=\"Friseur Hopmann Hairstyling\" \/>\n<meta property=\"article:modified_time\" content=\"2025-01-04T19:01:23+00:00\" \/>\n<meta property=\"og:image\" content=\"http:\/\/www.friseur-hopmann.de\/wp-content\/uploads\/2018\/10\/Eimi-DryMe180ml.jpg\" \/>\n\t<meta property=\"og:image:width\" content=\"500\" \/>\n\t<meta property=\"og:image:height\" content=\"500\" \/>\n\t<meta property=\"og:image:type\" content=\"image\/jpeg\" \/>\n<meta name=\"twitter:card\" content=\"summary_large_image\" \/>\n<script type=\"application\/ld+json\" class=\"yoast-schema-graph\">{\"@context\":\"https:\/\/schema.org\",\"@graph\":[{\"@type\":\"WebPage\",\"@id\":\"https:\/\/www.friseur-hopmann.de\/?product=eimi-dry-me-trockenshampoo\",\"url\":\"https:\/\/www.friseur-hopmann.de\/?product=eimi-dry-me-trockenshampoo\",\"name\":\"EIMI DRY ME (Trockenshampoo) - Friseur Hopmann Hairstyling\",\"isPartOf\":{\"@id\":\"https:\/\/www.friseur-hopmann.de\/#website\"},\"primaryImageOfPage\":{\"@id\":\"https:\/\/www.friseur-hopmann.de\/?product=eimi-dry-me-trockenshampoo#primaryimage\"},\"image\":{\"@id\":\"https:\/\/www.friseur-hopmann.de\/?product=eimi-dry-me-trockenshampoo#primaryimage\"},\"thumbnailUrl\":\"https:\/\/www.friseur-hopmann.de\/wp-content\/uploads\/2018\/10\/Eimi-DryMe180ml.jpg\",\"datePublished\":\"2018-10-20T06:42:45+00:00\",\"dateModified\":\"2025-01-04T19:01:23+00:00\",\"breadcrumb\":{\"@id\":\"https:\/\/www.friseur-hopmann.de\/?product=eimi-dry-me-trockenshampoo#breadcrumb\"},\"inLanguage\":\"de\",\"potentialAction\":[{\"@type\":\"ReadAction\",\"target\":[\"https:\/\/www.friseur-hopmann.de\/?product=eimi-dry-me-trockenshampoo\"]}]},{\"@type\":\"ImageObject\",\"inLanguage\":\"de\",\"@id\":\"https:\/\/www.friseur-hopmann.de\/?product=eimi-dry-me-trockenshampoo#primaryimage\",\"url\":\"https:\/\/www.friseur-hopmann.de\/wp-content\/uploads\/2018\/10\/Eimi-DryMe180ml.jpg\",\"contentUrl\":\"https:\/\/www.friseur-hopmann.de\/wp-content\/uploads\/2018\/10\/Eimi-DryMe180ml.jpg\",\"width\":500,\"height\":500},{\"@type\":\"BreadcrumbList\",\"@id\":\"https:\/\/www.friseur-hopmann.de\/?product=eimi-dry-me-trockenshampoo#breadcrumb\",\"itemListElement\":[{\"@type\":\"ListItem\",\"position\":1,\"name\":\"Startseite\",\"item\":\"https:\/\/www.friseur-hopmann.de\/\"},{\"@type\":\"ListItem\",\"position\":2,\"name\":\"Produkte\",\"item\":\"https:\/\/www.friseur-hopmann.de\/?post_type=product\"},{\"@type\":\"ListItem\",\"position\":3,\"name\":\"EIMI DRY ME (Trockenshampoo)\"}]},{\"@type\":\"WebSite\",\"@id\":\"https:\/\/www.friseur-hopmann.de\/#website\",\"url\":\"https:\/\/www.friseur-hopmann.de\/\",\"name\":\"Friseur Hopmann Hairstyling\",\"description\":\"Ihr Friseur in Nordhorn\",\"potentialAction\":[{\"@type\":\"SearchAction\",\"target\":{\"@type\":\"EntryPoint\",\"urlTemplate\":\"https:\/\/www.friseur-hopmann.de\/?s={search_term_string}\"},\"query-input\":{\"@type\":\"PropertyValueSpecification\",\"valueRequired\":true,\"valueName\":\"search_term_string\"}}],\"inLanguage\":\"de\"}]}<\/script>\n<!-- \/ Yoast SEO plugin. -->","yoast_head_json":{"title":"EIMI DRY ME (Trockenshampoo) - Friseur Hopmann Hairstyling","robots":{"index":"index","follow":"follow","max-snippet":"max-snippet:-1","max-image-preview":"max-image-preview:large","max-video-preview":"max-video-preview:-1"},"canonical":"https:\/\/www.friseur-hopmann.de\/?product=eimi-dry-me-trockenshampoo","og_locale":"de_DE","og_type":"article","og_title":"EIMI DRY ME (Trockenshampoo) - Friseur Hopmann Hairstyling","og_description":"Erschaffen Sie einen Look mit Volumen und einer kontrollierbaren matten Textur.  Das Trockenshampoo Wella EIMI Dry Me Dry Shampoo mit Tapiokast\u00e4rke frischt das Haar auf und befreit es von \u00fcbersch\u00fcssigem Fett.","og_url":"https:\/\/www.friseur-hopmann.de\/?product=eimi-dry-me-trockenshampoo","og_site_name":"Friseur Hopmann Hairstyling","article_modified_time":"2025-01-04T19:01:23+00:00","og_image":[{"width":500,"height":500,"url":"http:\/\/www.friseur-hopmann.de\/wp-content\/uploads\/2018\/10\/Eimi-DryMe180ml.jpg","type":"image\/jpeg"}],"twitter_card":"summary_large_image","schema":{"@context":"https:\/\/schema.org","@graph":[{"@type":"WebPage","@id":"https:\/\/www.friseur-hopmann.de\/?product=eimi-dry-me-trockenshampoo","url":"https:\/\/www.friseur-hopmann.de\/?product=eimi-dry-me-trockenshampoo","name":"EIMI DRY ME (Trockenshampoo) - Friseur Hopmann Hairstyling","isPartOf":{"@id":"https:\/\/www.friseur-hopmann.de\/#website"},"primaryImageOfPage":{"@id":"https:\/\/www.friseur-hopmann.de\/?product=eimi-dry-me-trockenshampoo#primaryimage"},"image":{"@id":"https:\/\/www.friseur-hopmann.de\/?product=eimi-dry-me-trockenshampoo#primaryimage"},"thumbnailUrl":"https:\/\/www.friseur-hopmann.de\/wp-content\/uploads\/2018\/10\/Eimi-DryMe180ml.jpg","datePublished":"2018-10-20T06:42:45+00:00","dateModified":"2025-01-04T19:01:23+00:00","breadcrumb":{"@id":"https:\/\/www.friseur-hopmann.de\/?product=eimi-dry-me-trockenshampoo#breadcrumb"},"inLanguage":"de","potentialAction":[{"@type":"ReadAction","target":["https:\/\/www.friseur-hopmann.de\/?product=eimi-dry-me-trockenshampoo"]}]},{"@type":"ImageObject","inLanguage":"de","@id":"https:\/\/www.friseur-hopmann.de\/?product=eimi-dry-me-trockenshampoo#primaryimage","url":"https:\/\/www.friseur-hopmann.de\/wp-content\/uploads\/2018\/10\/Eimi-DryMe180ml.jpg","contentUrl":"https:\/\/www.friseur-hopmann.de\/wp-content\/uploads\/2018\/10\/Eimi-DryMe180ml.jpg","width":500,"height":500},{"@type":"BreadcrumbList","@id":"https:\/\/www.friseur-hopmann.de\/?product=eimi-dry-me-trockenshampoo#breadcrumb","itemListElement":[{"@type":"ListItem","position":1,"name":"Startseite","item":"https:\/\/www.friseur-hopmann.de\/"},{"@type":"ListItem","position":2,"name":"Produkte","item":"https:\/\/www.friseur-hopmann.de\/?post_type=product"},{"@type":"ListItem","position":3,"name":"EIMI DRY ME (Trockenshampoo)"}]},{"@type":"WebSite","@id":"https:\/\/www.friseur-hopmann.de\/#website","url":"https:\/\/www.friseur-hopmann.de\/","name":"Friseur Hopmann Hairstyling","description":"Ihr Friseur in Nordhorn","potentialAction":[{"@type":"SearchAction","target":{"@type":"EntryPoint","urlTemplate":"https:\/\/www.friseur-hopmann.de\/?s={search_term_string}"},"query-input":{"@type":"PropertyValueSpecification","valueRequired":true,"valueName":"search_term_string"}}],"inLanguage":"de"}]}},"brands":[],"_links":{"self":[{"href":"https:\/\/www.friseur-hopmann.de\/index.php?rest_route=\/wp\/v2\/product\/12184","targetHints":{"allow":["GET"]}}],"collection":[{"href":"https:\/\/www.friseur-hopmann.de\/index.php?rest_route=\/wp\/v2\/product"}],"about":[{"href":"https:\/\/www.friseur-hopmann.de\/index.php?rest_route=\/wp\/v2\/types\/product"}],"replies":[{"embeddable":true,"href":"https:\/\/www.friseur-hopmann.de\/index.php?rest_route=%2Fwp%2Fv2%2Fcomments&post=12184"}],"wp:featuredmedia":[{"embeddable":true,"href":"https:\/\/www.friseur-hopmann.de\/index.php?rest_route=\/wp\/v2\/media\/12185"}],"wp:attachment":[{"href":"https:\/\/www.friseur-hopmann.de\/index.php?rest_route=%2Fwp%2Fv2%2Fmedia&parent=12184"}],"wp:term":[{"taxonomy":"pwb-brand","embeddable":true,"href":"https:\/\/www.friseur-hopmann.de\/index.php?rest_route=%2Fwp%2Fv2%2Fpwb-brand&post=12184"},{"taxonomy":"product_brand","embeddable":true,"href":"https:\/\/www.friseur-hopmann.de\/index.php?rest_route=%2Fwp%2Fv2%2Fproduct_brand&post=12184"},{"taxonomy":"product_cat","embeddable":true,"href":"https:\/\/www.friseur-hopmann.de\/index.php?rest_route=%2Fwp%2Fv2%2Fproduct_cat&post=12184"},{"taxonomy":"product_tag","embeddable":true,"href":"https:\/\/www.friseur-hopmann.de\/index.php?rest_route=%2Fwp%2Fv2%2Fproduct_tag&post=12184"}],"curies":[{"name":"wp","href":"https:\/\/api.w.org\/{rel}","templated":true}]}}