{"id":11903,"date":"2018-05-24T14:17:06","date_gmt":"2018-05-24T12:17:06","guid":{"rendered":"http:\/\/friseur-hopmann.de\/?post_type=product&#038;p=11903"},"modified":"2026-01-18T15:32:43","modified_gmt":"2026-01-18T13:32:43","slug":"kerastase-resistance-bain-extentioniste","status":"publish","type":"product","link":"https:\/\/www.friseur-hopmann.de\/?product=kerastase-resistance-bain-extentioniste","title":{"rendered":"KERASTASE R\u00c9SISTANCE BAIN EXTENTIONISTE"},"content":{"rendered":"<div class=\"std col-md-7\">\n<h2>Kerastase Resistance Bain Extentioniste 250 ml<\/h2>\n<p>Das\u00a0<strong>Kerastase Resistance Bain Extentioniste<\/strong> ist ein Pflegendes Haarbad zur St\u00e4rkung der Haarfaser und Reduzierung von Haarbruch f\u00fcr strukturver\u00e4ndertes Haar. Es eignet sich ideal f\u00fcr l\u00e4ngere Haare, welches anf\u00e4llig f\u00fcr Haarbruch und Spliss ist.<\/p>\n<h3>Inhaltsstoffe von\u00a0Kerastase Resistance Bain Extentioniste<\/h3>\n<ul>\n<li>Kreatin regeneriert und st\u00e4rkt die empfindlichen Spitzen, wodurch das Haar mehr Stabilit\u00e4t und Vitalit\u00e4t erh\u00e4lt.<\/li>\n<li>Taurin belebt die Kopfhaut und st\u00e4rkt die Haare f\u00fcr einen verbesserten Widerstand der Haarfaser<\/li>\n<\/ul>\n<p><strong>Inhalt: 250 ml<\/strong><\/p>\n<\/div>\n","protected":false},"excerpt":{"rendered":"<div class=\"std col-md-7\">\n<h2>Kerastase Resistance Bain Extentioniste 250 ml<\/h2>\n<p>Das\u00a0<strong>Kerastase Resistance Bain Extentioniste<\/strong> ist ein Pflegendes Haarbad zur St\u00e4rkung der Haarfaser und Reduzierung von Haarbruch f\u00fcr strukturver\u00e4ndertes Haar. Es eignet sich ideal f\u00fcr l\u00e4ngere Haare, welches anf\u00e4llig f\u00fcr Haarbruch und Spliss ist.<\/p>\n<p>&nbsp;<\/p>\n<\/div>\n","protected":false},"featured_media":11905,"comment_status":"open","ping_status":"closed","template":"","meta":{"_exactmetrics_skip_tracking":false,"_exactmetrics_sitenote_active":false,"_exactmetrics_sitenote_note":"","_exactmetrics_sitenote_category":0,"_monsterinsights_skip_tracking":false,"_monsterinsights_sitenote_active":false,"_monsterinsights_sitenote_note":"","_monsterinsights_sitenote_category":0},"pwb-brand":[],"product_brand":[],"product_cat":[491,544,548,516,661],"product_tag":[711,775,800],"class_list":{"0":"post-11903","1":"product","2":"type-product","3":"status-publish","4":"has-post-thumbnail","6":"product_cat-kerastase","7":"product_cat-kerastase-haarpflege","8":"product_cat-kerastase-shampoo","9":"product_cat-r-sistance","10":"product_cat-resistance-extentioniste","11":"product_tag-langhaarpflege","12":"product_tag-shampoo-bes-fuer-langes-haar","13":"product_tag-staerkt-und-festigt-die-haarfaser","15":"first","16":"instock","17":"taxable","18":"shipping-taxable","19":"purchasable","20":"product-type-simple"},"yoast_head":"<!-- This site is optimized with the Yoast SEO plugin v24.6 - https:\/\/yoast.com\/wordpress\/plugins\/seo\/ -->\n<title>KERASTASE R\u00c9SISTANCE BAIN EXTENTIONISTE - Friseur Hopmann Hairstyling<\/title>\n<meta name=\"robots\" content=\"index, follow, max-snippet:-1, max-image-preview:large, max-video-preview:-1\" \/>\n<link rel=\"canonical\" href=\"https:\/\/www.friseur-hopmann.de\/?product=kerastase-resistance-bain-extentioniste\" \/>\n<meta property=\"og:locale\" content=\"de_DE\" \/>\n<meta property=\"og:type\" content=\"article\" \/>\n<meta property=\"og:title\" content=\"KERASTASE R\u00c9SISTANCE BAIN EXTENTIONISTE - Friseur Hopmann Hairstyling\" \/>\n<meta property=\"og:description\" content=\"Kerastase Resistance Bain Extentioniste 250 ml Das\u00a0Kerastase Resistance Bain Extentioniste ist ein Pflegendes Haarbad zur St\u00e4rkung der Haarfaser und Reduzierung von Haarbruch f\u00fcr strukturver\u00e4ndertes Haar. Es eignet sich ideal f\u00fcr l\u00e4ngere Haare, welches anf\u00e4llig f\u00fcr Haarbruch und Spliss ist.  &nbsp;\" \/>\n<meta property=\"og:url\" content=\"https:\/\/www.friseur-hopmann.de\/?product=kerastase-resistance-bain-extentioniste\" \/>\n<meta property=\"og:site_name\" content=\"Friseur Hopmann Hairstyling\" \/>\n<meta property=\"article:modified_time\" content=\"2026-01-18T13:32:43+00:00\" \/>\n<meta property=\"og:image\" content=\"http:\/\/www.friseur-hopmann.de\/wp-content\/uploads\/2018\/05\/Bain-Extentioniste.jpg\" \/>\n\t<meta property=\"og:image:width\" content=\"500\" \/>\n\t<meta property=\"og:image:height\" content=\"500\" \/>\n\t<meta property=\"og:image:type\" content=\"image\/jpeg\" \/>\n<meta name=\"twitter:card\" content=\"summary_large_image\" \/>\n<script type=\"application\/ld+json\" class=\"yoast-schema-graph\">{\"@context\":\"https:\/\/schema.org\",\"@graph\":[{\"@type\":\"WebPage\",\"@id\":\"https:\/\/www.friseur-hopmann.de\/?product=kerastase-resistance-bain-extentioniste\",\"url\":\"https:\/\/www.friseur-hopmann.de\/?product=kerastase-resistance-bain-extentioniste\",\"name\":\"KERASTASE R\u00c9SISTANCE BAIN EXTENTIONISTE - Friseur Hopmann Hairstyling\",\"isPartOf\":{\"@id\":\"https:\/\/www.friseur-hopmann.de\/#website\"},\"primaryImageOfPage\":{\"@id\":\"https:\/\/www.friseur-hopmann.de\/?product=kerastase-resistance-bain-extentioniste#primaryimage\"},\"image\":{\"@id\":\"https:\/\/www.friseur-hopmann.de\/?product=kerastase-resistance-bain-extentioniste#primaryimage\"},\"thumbnailUrl\":\"https:\/\/www.friseur-hopmann.de\/wp-content\/uploads\/2018\/05\/Bain-Extentioniste.jpg\",\"datePublished\":\"2018-05-24T12:17:06+00:00\",\"dateModified\":\"2026-01-18T13:32:43+00:00\",\"breadcrumb\":{\"@id\":\"https:\/\/www.friseur-hopmann.de\/?product=kerastase-resistance-bain-extentioniste#breadcrumb\"},\"inLanguage\":\"de\",\"potentialAction\":[{\"@type\":\"ReadAction\",\"target\":[\"https:\/\/www.friseur-hopmann.de\/?product=kerastase-resistance-bain-extentioniste\"]}]},{\"@type\":\"ImageObject\",\"inLanguage\":\"de\",\"@id\":\"https:\/\/www.friseur-hopmann.de\/?product=kerastase-resistance-bain-extentioniste#primaryimage\",\"url\":\"https:\/\/www.friseur-hopmann.de\/wp-content\/uploads\/2018\/05\/Bain-Extentioniste.jpg\",\"contentUrl\":\"https:\/\/www.friseur-hopmann.de\/wp-content\/uploads\/2018\/05\/Bain-Extentioniste.jpg\",\"width\":500,\"height\":500},{\"@type\":\"BreadcrumbList\",\"@id\":\"https:\/\/www.friseur-hopmann.de\/?product=kerastase-resistance-bain-extentioniste#breadcrumb\",\"itemListElement\":[{\"@type\":\"ListItem\",\"position\":1,\"name\":\"Startseite\",\"item\":\"https:\/\/www.friseur-hopmann.de\/\"},{\"@type\":\"ListItem\",\"position\":2,\"name\":\"Produkte\",\"item\":\"https:\/\/www.friseur-hopmann.de\/?post_type=product\"},{\"@type\":\"ListItem\",\"position\":3,\"name\":\"KERASTASE R\u00c9SISTANCE BAIN EXTENTIONISTE\"}]},{\"@type\":\"WebSite\",\"@id\":\"https:\/\/www.friseur-hopmann.de\/#website\",\"url\":\"https:\/\/www.friseur-hopmann.de\/\",\"name\":\"Friseur Hopmann Hairstyling\",\"description\":\"Ihr Friseur in Nordhorn\",\"potentialAction\":[{\"@type\":\"SearchAction\",\"target\":{\"@type\":\"EntryPoint\",\"urlTemplate\":\"https:\/\/www.friseur-hopmann.de\/?s={search_term_string}\"},\"query-input\":{\"@type\":\"PropertyValueSpecification\",\"valueRequired\":true,\"valueName\":\"search_term_string\"}}],\"inLanguage\":\"de\"}]}<\/script>\n<!-- \/ Yoast SEO plugin. -->","yoast_head_json":{"title":"KERASTASE R\u00c9SISTANCE BAIN EXTENTIONISTE - Friseur Hopmann Hairstyling","robots":{"index":"index","follow":"follow","max-snippet":"max-snippet:-1","max-image-preview":"max-image-preview:large","max-video-preview":"max-video-preview:-1"},"canonical":"https:\/\/www.friseur-hopmann.de\/?product=kerastase-resistance-bain-extentioniste","og_locale":"de_DE","og_type":"article","og_title":"KERASTASE R\u00c9SISTANCE BAIN EXTENTIONISTE - Friseur Hopmann Hairstyling","og_description":"Kerastase Resistance Bain Extentioniste 250 ml Das\u00a0Kerastase Resistance Bain Extentioniste ist ein Pflegendes Haarbad zur St\u00e4rkung der Haarfaser und Reduzierung von Haarbruch f\u00fcr strukturver\u00e4ndertes Haar. Es eignet sich ideal f\u00fcr l\u00e4ngere Haare, welches anf\u00e4llig f\u00fcr Haarbruch und Spliss ist.  &nbsp;","og_url":"https:\/\/www.friseur-hopmann.de\/?product=kerastase-resistance-bain-extentioniste","og_site_name":"Friseur Hopmann Hairstyling","article_modified_time":"2026-01-18T13:32:43+00:00","og_image":[{"width":500,"height":500,"url":"http:\/\/www.friseur-hopmann.de\/wp-content\/uploads\/2018\/05\/Bain-Extentioniste.jpg","type":"image\/jpeg"}],"twitter_card":"summary_large_image","schema":{"@context":"https:\/\/schema.org","@graph":[{"@type":"WebPage","@id":"https:\/\/www.friseur-hopmann.de\/?product=kerastase-resistance-bain-extentioniste","url":"https:\/\/www.friseur-hopmann.de\/?product=kerastase-resistance-bain-extentioniste","name":"KERASTASE R\u00c9SISTANCE BAIN EXTENTIONISTE - Friseur Hopmann Hairstyling","isPartOf":{"@id":"https:\/\/www.friseur-hopmann.de\/#website"},"primaryImageOfPage":{"@id":"https:\/\/www.friseur-hopmann.de\/?product=kerastase-resistance-bain-extentioniste#primaryimage"},"image":{"@id":"https:\/\/www.friseur-hopmann.de\/?product=kerastase-resistance-bain-extentioniste#primaryimage"},"thumbnailUrl":"https:\/\/www.friseur-hopmann.de\/wp-content\/uploads\/2018\/05\/Bain-Extentioniste.jpg","datePublished":"2018-05-24T12:17:06+00:00","dateModified":"2026-01-18T13:32:43+00:00","breadcrumb":{"@id":"https:\/\/www.friseur-hopmann.de\/?product=kerastase-resistance-bain-extentioniste#breadcrumb"},"inLanguage":"de","potentialAction":[{"@type":"ReadAction","target":["https:\/\/www.friseur-hopmann.de\/?product=kerastase-resistance-bain-extentioniste"]}]},{"@type":"ImageObject","inLanguage":"de","@id":"https:\/\/www.friseur-hopmann.de\/?product=kerastase-resistance-bain-extentioniste#primaryimage","url":"https:\/\/www.friseur-hopmann.de\/wp-content\/uploads\/2018\/05\/Bain-Extentioniste.jpg","contentUrl":"https:\/\/www.friseur-hopmann.de\/wp-content\/uploads\/2018\/05\/Bain-Extentioniste.jpg","width":500,"height":500},{"@type":"BreadcrumbList","@id":"https:\/\/www.friseur-hopmann.de\/?product=kerastase-resistance-bain-extentioniste#breadcrumb","itemListElement":[{"@type":"ListItem","position":1,"name":"Startseite","item":"https:\/\/www.friseur-hopmann.de\/"},{"@type":"ListItem","position":2,"name":"Produkte","item":"https:\/\/www.friseur-hopmann.de\/?post_type=product"},{"@type":"ListItem","position":3,"name":"KERASTASE R\u00c9SISTANCE BAIN EXTENTIONISTE"}]},{"@type":"WebSite","@id":"https:\/\/www.friseur-hopmann.de\/#website","url":"https:\/\/www.friseur-hopmann.de\/","name":"Friseur Hopmann Hairstyling","description":"Ihr Friseur in Nordhorn","potentialAction":[{"@type":"SearchAction","target":{"@type":"EntryPoint","urlTemplate":"https:\/\/www.friseur-hopmann.de\/?s={search_term_string}"},"query-input":{"@type":"PropertyValueSpecification","valueRequired":true,"valueName":"search_term_string"}}],"inLanguage":"de"}]}},"brands":[],"_links":{"self":[{"href":"https:\/\/www.friseur-hopmann.de\/index.php?rest_route=\/wp\/v2\/product\/11903","targetHints":{"allow":["GET"]}}],"collection":[{"href":"https:\/\/www.friseur-hopmann.de\/index.php?rest_route=\/wp\/v2\/product"}],"about":[{"href":"https:\/\/www.friseur-hopmann.de\/index.php?rest_route=\/wp\/v2\/types\/product"}],"replies":[{"embeddable":true,"href":"https:\/\/www.friseur-hopmann.de\/index.php?rest_route=%2Fwp%2Fv2%2Fcomments&post=11903"}],"wp:featuredmedia":[{"embeddable":true,"href":"https:\/\/www.friseur-hopmann.de\/index.php?rest_route=\/wp\/v2\/media\/11905"}],"wp:attachment":[{"href":"https:\/\/www.friseur-hopmann.de\/index.php?rest_route=%2Fwp%2Fv2%2Fmedia&parent=11903"}],"wp:term":[{"taxonomy":"pwb-brand","embeddable":true,"href":"https:\/\/www.friseur-hopmann.de\/index.php?rest_route=%2Fwp%2Fv2%2Fpwb-brand&post=11903"},{"taxonomy":"product_brand","embeddable":true,"href":"https:\/\/www.friseur-hopmann.de\/index.php?rest_route=%2Fwp%2Fv2%2Fproduct_brand&post=11903"},{"taxonomy":"product_cat","embeddable":true,"href":"https:\/\/www.friseur-hopmann.de\/index.php?rest_route=%2Fwp%2Fv2%2Fproduct_cat&post=11903"},{"taxonomy":"product_tag","embeddable":true,"href":"https:\/\/www.friseur-hopmann.de\/index.php?rest_route=%2Fwp%2Fv2%2Fproduct_tag&post=11903"}],"curies":[{"name":"wp","href":"https:\/\/api.w.org\/{rel}","templated":true}]}}