{"id":7997,"date":"2017-07-02T22:44:31","date_gmt":"2017-07-02T20:44:31","guid":{"rendered":"http:\/\/www.friseur-hopmann.de\/?page_id=7997"},"modified":"2017-07-02T22:46:25","modified_gmt":"2017-07-02T20:46:25","slug":"beratung","status":"publish","type":"page","link":"https:\/\/www.friseur-hopmann.de\/?page_id=7997","title":{"rendered":"Beratung"},"content":{"rendered":"<div class=\"row row-collapse align-middle row-dashed\"  id=\"row-1827423302\">\n\n\t<div id=\"col-1880095197\" class=\"col small-12 large-12\"  >\n\t\t\t\t<div class=\"col-inner\" style=\"background-color:#264796;\" >\n\t\t\t\n\t\t\t\n\n  <div class=\"banner has-hover\" id=\"banner-2136810687\">\n          <div class=\"banner-inner fill\">\n        <div class=\"banner-bg fill\" >\n                                    <div class=\"overlay\"><\/div>            \n                    <\/div>\n\t\t\n        <div class=\"banner-layers container\">\n            <div class=\"fill banner-link\"><\/div>            \n   <div id=\"text-box-1920136840\" class=\"text-box banner-layer x50 md-x50 lg-x50 y50 md-y50 lg-y50 res-text\">\n                                <div class=\"text-box-content text dark\">\n              \n              <div class=\"text-inner text-center\">\n                  \n<h1 class=\"big\">Beratung<\/h1>\n<p>Individuelle und typgerechte Beratung sind f\u00fcr uns selbstverst\u00e4ndlich. Wir gehen auf Ihre W\u00fcnsche ein und geben Ihnen zus\u00e4tzliche wertvolle Tipps. Schlie\u00dflich wollen wir, dass Sie mit unseren Leistungen zufrieden sind!<\/p>\n              <\/div>\n           <\/div>\n                            \n<style>\n#text-box-1920136840 {\n  width: 60%;\n}\n#text-box-1920136840 .text-box-content {\n  font-size: 100%;\n}\n<\/style>\n    <\/div>\n \n        <\/div>\n      <\/div>\n\n            \n<style>\n#banner-2136810687 {\n  padding-top: 200px;\n}\n#banner-2136810687 .overlay {\n  background-color: rgba(38,71,150,0.15);\n}\n<\/style>\n  <\/div>\n\n\n\t\t<\/div>\n\t\t\t\t\t<\/div>\n\n\t\n\n<style>\n#row-1827423302 > .col > .col-inner {\n  padding: 1p 0px 0px 0px;\n}\n<\/style>\n<\/div>\n<div class=\"container section-title-container\" ><h3 class=\"section-title section-title-center\"><b><\/b><span class=\"section-title-main\" >Sie m\u00f6chten sich ver\u00e4ndern?<\/span><b><\/b><\/h3><\/div>\n<div class=\"row\"  id=\"row-1064678503\">\n\n\t<div id=\"col-1522619188\" class=\"col medium-8 small-12 large-8\"  >\n\t\t\t\t<div class=\"col-inner\"  >\n\t\t\t\n\t\t\t\n<ul>\n<li>Einen neuen Haarschnitt?<\/li>\n<li>Eine neue Frisur?<\/li>\n<li>Eine neue Haarfarbe?<\/li>\n<\/ul>\n<p>Vielleicht eine neue T\u00f6nung oder ein paar Farbreflexe &#8211; oder die neue Mode &#8222;Farbvielfalt&#8220;, erzielt mit der &#8222;American-Colors&#8220;-Technik?<\/p>\n<ul>\n<li>Eine neue Volumenwelle?<\/li>\n<li>Eine Stukturver\u00e4nderung, leichte Wellen oder zarte Locken &#8211; vielleicht wundersch\u00f6ne Spirallocken?<\/li>\n<li>Sie haben langes Haar? Sie m\u00f6chten Tipps und Anregungen wie langes Haar gestylt und gepflegt wird?<\/li>\n<li>Sie m\u00f6chten langes, sehr langes Haar?<\/li>\n<\/ul>\n<p>Mit einer Haarverl\u00e4ngerung erf\u00fcllen wir Ihnen fast jeden Haarl\u00e4ngenwunsch. Haarfarbe, ob glatt, gewellt oder als L\u00f6wenm\u00e4hne spielt dabei keine Rolle, hier ist jeder Wunsch erf\u00fcllbar.<\/p>\n<h2>Sie haben Haar- oder Kopfhautprobleme?<\/h2>\n<p>Bei diesen Problemen mit der Haarstruktur, glanzlosem Haar, Haltbarkeit der Frisur, bei schuppiger oder fettiger Kopfhaut, bei Haarausfall oder anderen Haar- und Kopfhautproblemen machen wir Ihnen gerne L\u00f6sungsvorschl\u00e4ge, die langfristig das Problem l\u00f6sen k\u00f6nnen.<\/p>\n<p>Eine Lasertherapie w\u00e4re hier nur ein Vorschlag.<\/p>\n<p>Vielleicht lassen sich diese Probleme auch durch ein entsprechendes Pflegeset (K\u00e9rastase, Redken, System-Professional-Wella) in Heimbehandlung oder spezieller Kuranwendung durch uns im Salon l\u00f6sen. Mit unserem Multi-Markenkonzept bieten wir f\u00fcr jedes Haar- und Kopfhautproblem entsprechend ausgerichtete Pflegeprodukte an.<\/p>\n<p>Bei all diesen Fragen helfen wir sehr gern mit Rat und Tat. Folgen Sie doch einfach den Links. Vielleicht finden Sie schon hier einige Tipps und Anregungen, die wir bei Ihrem pers\u00f6nlichen Besuch in unserem Salon gerne n\u00e4her mit Ihnen besprechen.<\/p>\n<p>Rufen Sie an oder <a href=\"https:\/\/www.friseur-hopmann.de\/kontakt\">schreiben Sie uns<\/a> und lassen Sie sich einen Beratungstermin geben!<\/p>\n<p>Grundlage einer guten Leistung ist eine umfassende Beratung \u2212 Wir beraten Sie gern!<\/p>\n\t\t<\/div>\n\t\t\t\t\t<\/div>\n\n\t\n\n\t<div id=\"col-25436717\" class=\"col medium-4 small-12 large-4\"  >\n\t\t\t\t<div class=\"col-inner\"  >\n\t\t\t\n\t\t\t\n\t<div class=\"img has-hover x md-x lg-x y md-y lg-y\" id=\"image_643164502\">\n\t\t\t\t\t\t\t\t<div class=\"img-inner dark\" >\n\t\t\t<img loading=\"lazy\" decoding=\"async\" width=\"288\" height=\"160\" src=\"https:\/\/www.friseur-hopmann.de\/wp-content\/uploads\/2017\/07\/beratung1.jpg\" class=\"attachment-large size-large\" alt=\"\" \/>\t\t\t\t\t\t\n\t\t\t\t\t<\/div>\n\t\t\t\t\t\t\t\t\n<style>\n#image_643164502 {\n  width: 100%;\n}\n<\/style>\n\t<\/div>\n\t\n\t\t<\/div>\n\t\t\t\t\t<\/div>\n\n\t\n<\/div>\n","protected":false},"excerpt":{"rendered":"","protected":false},"author":1,"featured_media":0,"parent":0,"menu_order":0,"comment_status":"closed","ping_status":"closed","template":"","meta":{"_exactmetrics_skip_tracking":false,"_exactmetrics_sitenote_active":false,"_exactmetrics_sitenote_note":"","_exactmetrics_sitenote_category":0,"_monsterinsights_skip_tracking":false,"_monsterinsights_sitenote_active":false,"_monsterinsights_sitenote_note":"","_monsterinsights_sitenote_category":0,"footnotes":""},"class_list":["post-7997","page","type-page","status-publish","hentry"],"yoast_head":"<!-- This site is optimized with the Yoast SEO plugin v24.6 - https:\/\/yoast.com\/wordpress\/plugins\/seo\/ -->\n<title>Beratung - Friseur Hopmann Hairstyling<\/title>\n<meta name=\"robots\" content=\"index, follow, max-snippet:-1, max-image-preview:large, max-video-preview:-1\" \/>\n<link rel=\"canonical\" href=\"https:\/\/www.friseur-hopmann.de\/?page_id=7997\" \/>\n<meta property=\"og:locale\" content=\"de_DE\" \/>\n<meta property=\"og:type\" content=\"article\" \/>\n<meta property=\"og:title\" content=\"Beratung - Friseur Hopmann Hairstyling\" \/>\n<meta property=\"og:url\" content=\"https:\/\/www.friseur-hopmann.de\/?page_id=7997\" \/>\n<meta property=\"og:site_name\" content=\"Friseur Hopmann Hairstyling\" \/>\n<meta property=\"article:modified_time\" content=\"2017-07-02T20:46:25+00:00\" \/>\n<meta name=\"twitter:card\" content=\"summary_large_image\" \/>\n<meta name=\"twitter:label1\" content=\"Gesch\u00e4tzte Lesezeit\" \/>\n\t<meta name=\"twitter:data1\" content=\"2\u00a0Minuten\" \/>\n<script type=\"application\/ld+json\" class=\"yoast-schema-graph\">{\"@context\":\"https:\/\/schema.org\",\"@graph\":[{\"@type\":\"WebPage\",\"@id\":\"https:\/\/www.friseur-hopmann.de\/?page_id=7997\",\"url\":\"https:\/\/www.friseur-hopmann.de\/?page_id=7997\",\"name\":\"Beratung - Friseur Hopmann Hairstyling\",\"isPartOf\":{\"@id\":\"https:\/\/www.friseur-hopmann.de\/#website\"},\"datePublished\":\"2017-07-02T20:44:31+00:00\",\"dateModified\":\"2017-07-02T20:46:25+00:00\",\"breadcrumb\":{\"@id\":\"https:\/\/www.friseur-hopmann.de\/?page_id=7997#breadcrumb\"},\"inLanguage\":\"de\",\"potentialAction\":[{\"@type\":\"ReadAction\",\"target\":[\"https:\/\/www.friseur-hopmann.de\/?page_id=7997\"]}]},{\"@type\":\"BreadcrumbList\",\"@id\":\"https:\/\/www.friseur-hopmann.de\/?page_id=7997#breadcrumb\",\"itemListElement\":[{\"@type\":\"ListItem\",\"position\":1,\"name\":\"Startseite\",\"item\":\"https:\/\/www.friseur-hopmann.de\/\"},{\"@type\":\"ListItem\",\"position\":2,\"name\":\"Beratung\"}]},{\"@type\":\"WebSite\",\"@id\":\"https:\/\/www.friseur-hopmann.de\/#website\",\"url\":\"https:\/\/www.friseur-hopmann.de\/\",\"name\":\"Friseur Hopmann Hairstyling\",\"description\":\"Ihr Friseur in Nordhorn\",\"potentialAction\":[{\"@type\":\"SearchAction\",\"target\":{\"@type\":\"EntryPoint\",\"urlTemplate\":\"https:\/\/www.friseur-hopmann.de\/?s={search_term_string}\"},\"query-input\":{\"@type\":\"PropertyValueSpecification\",\"valueRequired\":true,\"valueName\":\"search_term_string\"}}],\"inLanguage\":\"de\"}]}<\/script>\n<!-- \/ Yoast SEO plugin. -->","yoast_head_json":{"title":"Beratung - Friseur Hopmann Hairstyling","robots":{"index":"index","follow":"follow","max-snippet":"max-snippet:-1","max-image-preview":"max-image-preview:large","max-video-preview":"max-video-preview:-1"},"canonical":"https:\/\/www.friseur-hopmann.de\/?page_id=7997","og_locale":"de_DE","og_type":"article","og_title":"Beratung - Friseur Hopmann Hairstyling","og_url":"https:\/\/www.friseur-hopmann.de\/?page_id=7997","og_site_name":"Friseur Hopmann Hairstyling","article_modified_time":"2017-07-02T20:46:25+00:00","twitter_card":"summary_large_image","twitter_misc":{"Gesch\u00e4tzte Lesezeit":"2\u00a0Minuten"},"schema":{"@context":"https:\/\/schema.org","@graph":[{"@type":"WebPage","@id":"https:\/\/www.friseur-hopmann.de\/?page_id=7997","url":"https:\/\/www.friseur-hopmann.de\/?page_id=7997","name":"Beratung - Friseur Hopmann Hairstyling","isPartOf":{"@id":"https:\/\/www.friseur-hopmann.de\/#website"},"datePublished":"2017-07-02T20:44:31+00:00","dateModified":"2017-07-02T20:46:25+00:00","breadcrumb":{"@id":"https:\/\/www.friseur-hopmann.de\/?page_id=7997#breadcrumb"},"inLanguage":"de","potentialAction":[{"@type":"ReadAction","target":["https:\/\/www.friseur-hopmann.de\/?page_id=7997"]}]},{"@type":"BreadcrumbList","@id":"https:\/\/www.friseur-hopmann.de\/?page_id=7997#breadcrumb","itemListElement":[{"@type":"ListItem","position":1,"name":"Startseite","item":"https:\/\/www.friseur-hopmann.de\/"},{"@type":"ListItem","position":2,"name":"Beratung"}]},{"@type":"WebSite","@id":"https:\/\/www.friseur-hopmann.de\/#website","url":"https:\/\/www.friseur-hopmann.de\/","name":"Friseur Hopmann Hairstyling","description":"Ihr Friseur in Nordhorn","potentialAction":[{"@type":"SearchAction","target":{"@type":"EntryPoint","urlTemplate":"https:\/\/www.friseur-hopmann.de\/?s={search_term_string}"},"query-input":{"@type":"PropertyValueSpecification","valueRequired":true,"valueName":"search_term_string"}}],"inLanguage":"de"}]}},"_links":{"self":[{"href":"https:\/\/www.friseur-hopmann.de\/index.php?rest_route=\/wp\/v2\/pages\/7997","targetHints":{"allow":["GET"]}}],"collection":[{"href":"https:\/\/www.friseur-hopmann.de\/index.php?rest_route=\/wp\/v2\/pages"}],"about":[{"href":"https:\/\/www.friseur-hopmann.de\/index.php?rest_route=\/wp\/v2\/types\/page"}],"author":[{"embeddable":true,"href":"https:\/\/www.friseur-hopmann.de\/index.php?rest_route=\/wp\/v2\/users\/1"}],"replies":[{"embeddable":true,"href":"https:\/\/www.friseur-hopmann.de\/index.php?rest_route=%2Fwp%2Fv2%2Fcomments&post=7997"}],"version-history":[{"count":2,"href":"https:\/\/www.friseur-hopmann.de\/index.php?rest_route=\/wp\/v2\/pages\/7997\/revisions"}],"predecessor-version":[{"id":8001,"href":"https:\/\/www.friseur-hopmann.de\/index.php?rest_route=\/wp\/v2\/pages\/7997\/revisions\/8001"}],"wp:attachment":[{"href":"https:\/\/www.friseur-hopmann.de\/index.php?rest_route=%2Fwp%2Fv2%2Fmedia&parent=7997"}],"curies":[{"name":"wp","href":"https:\/\/api.w.org\/{rel}","templated":true}]}}